-- https://www.phpmyadmin.net/
--

START TRANSACTION;



--
-- Database: `laravel_aus`
--

DELIMITER $$
--
-- Procedures
--
CREATE DEFINER=`mahabubenterpris`@`localhost` PROCEDURE `CalculateDailyClosingBalance` ()   BEGIN
    -- Initialize the balance variable
    SET @balance := 0;

    -- Drop any existing temporary tables to avoid conflicts
    DROP TEMPORARY TABLE IF EXISTS date_range, cash_in, cash_out, cash_spent, daily_balance;

    -- Create the date_range temporary table
    CREATE TEMPORARY TABLE date_range AS
    SELECT DATE_ADD('2024-07-01', INTERVAL seq DAY) AS report_date
    FROM (
        SELECT @row := @row + 1 AS seq
        FROM (SELECT 0 UNION ALL SELECT 1 UNION ALL SELECT 2 UNION ALL SELECT 3) A,
             (SELECT 0 UNION ALL SELECT 1 UNION ALL SELECT 2 UNION ALL SELECT 3) B,
             (SELECT 0 UNION ALL SELECT 1 UNION ALL SELECT 2 UNION ALL SELECT 3) C,
             (SELECT 0 UNION ALL SELECT 1 UNION ALL SELECT 2 UNION ALL SELECT 3) D,
             (SELECT @row := -1) r
    ) seq_gen
    WHERE DATE_ADD('2024-07-01', INTERVAL seq DAY) <= CURDATE();

    -- Create the cash_in temporary table
    CREATE TEMPORARY TABLE cash_in AS
    SELECT payment_date AS trans_date, SUM(paid) AS cash_in
    FROM receive_payments
    WHERE payment_method_id = 1
    GROUP BY payment_date;

    -- Create the cash_out temporary table
    CREATE TEMPORARY TABLE cash_out AS
    SELECT payment_date AS trans_date, SUM(paid) AS cash_out
    FROM payments
    WHERE payment_method_id = 1
    GROUP BY payment_date;

    -- Create the cash_spent temporary table
    CREATE TEMPORARY TABLE cash_spent AS
    SELECT entry_date AS trans_date, SUM(total) AS cash_spent
    FROM expenses
    GROUP BY entry_date;

    -- Create the daily_balance temporary table
    CREATE TEMPORARY TABLE daily_balance AS
    SELECT
        dr.report_date,
        COALESCE(ci.cash_in, 0) AS cash_in,
        COALESCE(co.cash_out, 0) AS cash_out,
        COALESCE(cs.cash_spent, 0) AS cash_spent
    FROM date_range dr
    LEFT JOIN cash_in ci ON dr.report_date = ci.trans_date
    LEFT JOIN cash_out co ON dr.report_date = co.trans_date
    LEFT JOIN cash_spent cs ON dr.report_date = cs.trans_date;

    -- Final select to calculate the cumulative balance
    SELECT
        report_date,
        cash_in,
        cash_out,
        cash_spent,
        @balance := @balance + cash_in - cash_out - cash_spent AS closing_balance
    FROM daily_balance
    ORDER BY report_date;

    -- Drop temporary tables to clean up
    DROP TEMPORARY TABLE IF EXISTS date_range, cash_in, cash_out, cash_spent, daily_balance;

END$$

DELIMITER ;

-- --------------------------------------------------------

--
-- Table structure for table `accounts`
--

CREATE TABLE `accounts` (
  `id` bigint(20) UNSIGNED NOT NULL,
  `type` varchar(10) NOT NULL,
  `account_no` text DEFAULT NULL,
  `bank_or_mobile_wallet_id` varchar(191) DEFAULT NULL,
  `created_at` timestamp NULL DEFAULT NULL,
  `updated_at` timestamp NULL DEFAULT NULL
) ENGINE=InnoDB DEFAULT CHARSET=utf8mb4 COLLATE=utf8mb4_unicode_ci;

--
-- Dumping data for table `accounts`
--

INSERT INTO `accounts` (`id`, `type`, `account_no`, `bank_or_mobile_wallet_id`, `created_at`, `updated_at`) VALUES
(5, 'bank', 'c123', '3', '2024-06-22 12:00:43', '2024-06-22 12:00:43'),
(6, 'bank', '1235', '3', '2024-06-22 12:01:23', '2024-06-22 12:01:23'),
(7, 'mobile', '01737552055', '7', '2024-06-22 15:34:01', '2024-06-22 15:34:01'),
(8, 'mobile', '01913831138', '7', '2024-06-22 15:34:22', '2024-06-22 15:34:22'),
(9, 'mobile', '01715831135', '8', '2024-06-22 15:34:46', '2024-06-22 15:34:46'),
(12, 'bank', 'd123', '2', '2024-07-05 10:49:23', '2024-07-05 10:49:23'),
(13, 'bank', 'd235', '2', '2024-07-05 10:49:37', '2024-07-05 10:49:37'),
(14, 'mobile', '01737552055', '16', '2024-07-05 10:49:59', '2024-07-05 10:49:59'),
(15, 'mobile', '01915325', '17', '2024-07-05 10:50:10', '2024-07-05 10:50:10');

-- --------------------------------------------------------

--
-- Table structure for table `activity_logs`
--

CREATE TABLE `activity_logs` (
  `id` bigint(20) UNSIGNED NOT NULL,
  `user_id` int(11) DEFAULT NULL,
  `product_id` int(11) DEFAULT NULL,
  `stock_id` int(11) DEFAULT NULL,
  `part_name` varchar(255) DEFAULT NULL,
  `part_no` varchar(255) DEFAULT NULL,
  `quantity` int(11) DEFAULT NULL,
  `action` varchar(100) DEFAULT NULL,
  `created_at` timestamp NULL DEFAULT NULL,
  `updated_at` timestamp NULL DEFAULT NULL,
  `deleted_at` timestamp NULL DEFAULT NULL
) ENGINE=InnoDB DEFAULT CHARSET=utf8mb4 COLLATE=utf8mb4_unicode_ci;

--
-- Dumping data for table `activity_logs`
--

INSERT INTO `activity_logs` (`id`, `user_id`, `product_id`, `stock_id`, `part_name`, `part_no`, `quantity`, `action`, `created_at`, `updated_at`, `deleted_at`) VALUES
(1, 1, 1, NULL, NULL, NULL, NULL, 'Create new production unit ', '2025-01-12 07:43:14', '2025-01-12 07:43:14', NULL),
(2, 1, 89, NULL, NULL, NULL, NULL, 'Delete user', '2025-01-12 07:45:29', '2025-01-12 07:45:29', NULL),
(3, 1, 76, NULL, NULL, NULL, NULL, 'Delete user', '2025-01-12 07:45:43', '2025-01-12 07:45:43', NULL),
(4, 1, 3, NULL, NULL, NULL, NULL, 'Delete stock', '2025-01-14 08:16:53', '2025-01-14 08:16:53', NULL),
(5, 1, 3, NULL, NULL, NULL, NULL, 'Delete stock', '2025-01-14 08:17:10', '2025-01-14 08:17:10', NULL),
(6, 1, 5, NULL, NULL, NULL, NULL, 'Delete stock', '2025-01-14 08:17:26', '2025-01-14 08:17:26', NULL),
(7, 1, 6, NULL, NULL, NULL, NULL, 'Delete stock', '2025-01-14 08:17:31', '2025-01-14 08:17:31', NULL),
(8, 1, 7, NULL, NULL, NULL, NULL, 'Delete stock', '2025-01-14 08:17:36', '2025-01-14 08:17:36', NULL),
(9, 1, 8, NULL, NULL, NULL, NULL, 'Delete stock', '2025-01-14 08:17:41', '2025-01-14 08:17:41', NULL),
(10, 1, 9, NULL, NULL, NULL, NULL, 'Delete stock', '2025-01-14 08:17:46', '2025-01-14 08:17:46', NULL),
(11, 1, 14, NULL, NULL, NULL, NULL, 'Delete stock', '2025-01-14 08:18:00', '2025-01-14 08:18:00', NULL),
(12, 1, 13, NULL, NULL, NULL, NULL, 'Delete stock', '2025-01-14 08:18:04', '2025-01-14 08:18:04', NULL),
(13, 1, 11, NULL, NULL, NULL, NULL, 'Delete stock', '2025-01-14 08:18:10', '2025-01-14 08:18:10', NULL),
(14, 1, 1, NULL, NULL, NULL, NULL, 'Bulk Delete stock', '2025-01-14 08:19:05', '2025-01-14 08:19:05', NULL),
(15, 1, 1, NULL, NULL, NULL, NULL, 'Create new product ', '2025-01-14 11:30:04', '2025-01-14 11:30:04', NULL),
(16, 1, 2, NULL, NULL, NULL, NULL, 'Create new product ', '2025-01-14 11:40:49', '2025-01-14 11:40:49', NULL),
(17, 1, 3, NULL, NULL, NULL, NULL, 'Create new product ', '2025-01-14 11:44:13', '2025-01-14 11:44:13', NULL),
(18, 1, 4, NULL, NULL, NULL, NULL, 'Create new product ', '2025-01-14 11:44:45', '2025-01-14 11:44:45', NULL),
(19, 1, 5, NULL, NULL, NULL, NULL, 'Create new product ', '2025-01-14 11:46:09', '2025-01-14 11:46:09', NULL),
(20, 1, 6, NULL, NULL, NULL, NULL, 'Create new product ', '2025-01-14 11:47:41', '2025-01-14 11:47:41', NULL),
(21, 1, 7, NULL, NULL, NULL, NULL, 'Create new product ', '2025-01-14 11:55:34', '2025-01-14 11:55:34', NULL),
(22, 1, 8, NULL, NULL, NULL, NULL, 'Create new product ', '2025-01-14 11:56:13', '2025-01-14 11:56:13', NULL),
(23, 1, 9, NULL, NULL, NULL, NULL, 'Create new product ', '2025-01-14 12:05:03', '2025-01-14 12:05:03', NULL),
(24, 1, 10, NULL, NULL, NULL, NULL, 'Create new product ', '2025-01-14 12:06:43', '2025-01-14 12:06:43', NULL),
(25, 1, 11, NULL, NULL, NULL, NULL, 'Create new product ', '2025-01-14 12:07:42', '2025-01-14 12:07:42', NULL),
(26, 1, 1, NULL, NULL, NULL, NULL, 'Create new raw material ', '2025-01-14 12:20:32', '2025-01-14 12:20:32', NULL),
(27, 1, 2, NULL, NULL, NULL, NULL, 'Create new raw material ', '2025-01-14 12:23:25', '2025-01-14 12:23:25', NULL),
(28, 1, 3, NULL, NULL, NULL, NULL, 'Create new raw material ', '2025-01-14 12:24:01', '2025-01-14 12:24:01', NULL),
(29, 1, 4, NULL, NULL, NULL, NULL, 'Create new raw material ', '2025-01-14 12:24:21', '2025-01-14 12:24:21', NULL),
(30, 1, 5, NULL, NULL, NULL, NULL, 'Create new raw material ', '2025-01-14 12:24:52', '2025-01-14 12:24:52', NULL),
(31, 1, 6, NULL, NULL, NULL, NULL, 'Create new raw material ', '2025-01-14 12:25:12', '2025-01-14 12:25:12', NULL),
(32, 1, 7, NULL, NULL, NULL, NULL, 'Create new raw material ', '2025-01-14 12:25:27', '2025-01-14 12:25:27', NULL),
(33, 1, 8, NULL, NULL, NULL, NULL, 'Create new raw material ', '2025-01-14 12:25:43', '2025-01-14 12:25:43', NULL),
(34, 1, 9, NULL, NULL, NULL, NULL, 'Create new raw material ', '2025-01-14 12:25:56', '2025-01-14 12:25:56', NULL),
(35, 1, 10, NULL, NULL, NULL, NULL, 'Create new raw material ', '2025-01-14 12:26:11', '2025-01-14 12:26:11', NULL),
(36, 1, 1, NULL, NULL, NULL, NULL, 'Delete stock', '2025-01-14 12:36:15', '2025-01-14 12:36:15', NULL),
(37, 1, 1, NULL, NULL, NULL, NULL, 'Delete order', '2025-01-14 12:38:16', '2025-01-14 12:38:16', NULL),
(38, 1, 2, NULL, NULL, NULL, NULL, 'Create new stock ', '2025-01-14 12:45:03', '2025-01-14 12:45:03', NULL),
(39, 1, 16, NULL, NULL, NULL, NULL, 'Create new stock ', '2025-01-26 10:36:19', '2025-01-26 10:36:19', NULL),
(40, 1, 17, NULL, NULL, NULL, NULL, 'Create new stock ', '2025-01-26 10:36:19', '2025-01-26 10:36:19', NULL),
(41, 1, 18, NULL, NULL, NULL, NULL, 'Create new stock ', '2025-01-26 10:37:20', '2025-01-26 10:37:20', NULL);

-- --------------------------------------------------------

--
-- Table structure for table `banks_or_mobiles`
--

CREATE TABLE `banks_or_mobiles` (
  `id` bigint(20) UNSIGNED NOT NULL,
  `shop_id` int(11) NOT NULL,
  `name` text DEFAULT NULL,
  `type` varchar(191) DEFAULT NULL,
  `created_at` timestamp NULL DEFAULT NULL,
  `updated_at` timestamp NULL DEFAULT NULL
) ENGINE=InnoDB DEFAULT CHARSET=utf8mb4 COLLATE=utf8mb4_unicode_ci;

--
-- Dumping data for table `banks_or_mobiles`
--

INSERT INTO `banks_or_mobiles` (`id`, `shop_id`, `name`, `type`, `created_at`, `updated_at`) VALUES
(2, 0, 'Dutch Bangla Bank Ltd.', 'bank', '0000-00-00 00:00:00', '2023-04-01 03:07:06'),
(3, 0, 'City Bank Ltd.', 'bank', '0000-00-00 00:00:00', '2023-04-01 03:07:06'),
(4, 0, 'Sonali Bank Ltd.', 'bank', '2023-04-01 03:07:06', '2023-04-01 03:07:06'),
(5, 0, 'Krishi Bank', 'bank', '2023-04-01 03:07:06', '2023-04-01 03:07:06'),
(6, 0, 'Janata  bank', 'bank', '2023-04-01 03:07:06', '2023-04-01 03:07:06'),
(7, 0, 'bKash', 'mobile', '2023-04-03 04:36:06', '2023-04-03 04:36:06'),
(8, 0, 'Nagad', 'mobile', '2023-04-03 04:36:06', '2023-04-03 04:36:06'),
(18, 0, 'Prime Bank', 'bank', '2024-10-01 09:58:15', '2024-10-01 09:58:15'),
(19, 0, 'Islami Bank Bangladesh Ltd.', 'bank', NULL, NULL),
(20, 0, 'Al Arafah Islami Bank', 'bank', NULL, NULL);

-- --------------------------------------------------------

--
-- Table structure for table `categories`
--

CREATE TABLE `categories` (
  `id` int(11) NOT NULL,
  `shop_id` int(11) NOT NULL,
  `parent_category_id` int(11) DEFAULT NULL,
  `image` varchar(200) DEFAULT NULL,
  `cat_name` varchar(100) DEFAULT NULL,
  `seller_id` int(11) DEFAULT NULL,
  `created_at` timestamp NOT NULL DEFAULT current_timestamp(),
  `position` int(11) DEFAULT NULL,
  `updated_at` timestamp NULL DEFAULT NULL
) ENGINE=InnoDB DEFAULT CHARSET=utf8mb4 COLLATE=utf8mb4_unicode_ci;

--
-- Dumping data for table `categories`
--

INSERT INTO `categories` (`id`, `shop_id`, `parent_category_id`, `image`, `cat_name`, `seller_id`, `created_at`, `position`, `updated_at`) VALUES
(1, 4, 0, NULL, 'Rod', 79, '2024-09-27 03:19:42', 1, '2024-09-27 03:20:00'),
(2, 4, 0, NULL, 'Cement', 79, '2024-09-27 03:19:50', 2, '2024-09-27 03:19:50'),
(3, 4, 1, NULL, 'GPH', 79, '2024-09-27 03:20:48', 3, '2024-10-12 09:52:28'),
(4, 4, 1, NULL, 'ASRM', 79, '2024-09-27 03:21:00', 4, '2024-09-27 03:21:00'),
(5, 4, 1, NULL, 'Non grade', 79, '2024-09-27 03:21:19', 5, '2024-09-27 03:21:19'),
(6, 4, 2, NULL, 'Bengal', 79, '2024-09-27 03:21:36', 6, '2024-09-27 03:21:36'),
(7, 4, 2, NULL, 'Holcim', 79, '2024-09-27 03:21:49', 7, '2024-09-27 03:21:49'),
(9, 4, 1, NULL, 'dfdf', 79, '2024-10-12 11:04:18', 8, '2024-10-12 11:04:18');

-- --------------------------------------------------------

--
-- Table structure for table `coupons`
--

CREATE TABLE `coupons` (
  `id` int(11) NOT NULL,
  `shop_id` int(11) NOT NULL,
  `coupon_date` date NOT NULL,
  `order_management_id` int(11) DEFAULT NULL,
  `payment_id` int(11) DEFAULT NULL,
  `total_coupon` int(11) NOT NULL,
  `service_no` varchar(50) NOT NULL,
  `customer_id` int(11) DEFAULT NULL,
  `coupon_code` varchar(100) DEFAULT NULL,
  `status` varchar(20) NOT NULL,
  `seller_id` int(11) NOT NULL,
  `created_at` timestamp NULL DEFAULT NULL,
  `updated_at` timestamp NULL DEFAULT NULL
) ENGINE=InnoDB DEFAULT CHARSET=utf8 COLLATE=utf8_general_ci;

--
-- Dumping data for table `coupons`
--

INSERT INTO `coupons` (`id`, `shop_id`, `coupon_date`, `order_management_id`, `payment_id`, `total_coupon`, `service_no`, `customer_id`, `coupon_code`, `status`, `seller_id`, `created_at`, `updated_at`) VALUES
(62, 4, '0000-00-00', 6, NULL, 3, '1', 115, NULL, 'in', 79, '2024-09-11 20:09:53', '2024-09-11 20:09:53'),
(63, 4, '0000-00-00', 7, NULL, 7, '2', 115, NULL, 'in', 79, '2024-09-17 17:16:37', '2024-09-17 17:16:37'),
(64, 4, '0000-00-00', 8, NULL, 6, '1', 115, NULL, 'in', 79, '2024-09-18 17:14:46', '2024-09-18 17:14:46'),
(65, 4, '0000-00-00', 9, NULL, 7, '1', 115, NULL, 'in', 79, '2024-09-18 17:29:59', '2024-09-18 17:29:59'),
(66, 4, '0000-00-00', 10, NULL, 8, '2', 115, NULL, 'in', 79, '2024-09-18 17:56:21', '2024-09-18 17:56:21'),
(67, 4, '0000-00-00', 11, NULL, 6, '5', 115, NULL, 'in', 79, '2024-09-18 18:18:26', '2024-09-18 18:18:26'),
(68, 4, '0000-00-00', 12, NULL, 7, '2', 115, NULL, 'in', 79, '2024-09-18 18:35:03', '2024-09-18 18:35:03'),
(69, 4, '0000-00-00', 13, NULL, 1, '5', 115, NULL, 'in', 79, '2024-09-18 18:51:51', '2024-09-18 18:51:51'),
(70, 4, '0000-00-00', 14, NULL, 8, '1', 115, NULL, 'in', 79, '2024-09-18 19:05:09', '2024-09-18 19:05:09'),
(71, 4, '0000-00-00', 15, NULL, 6, '2', 115, NULL, 'in', 79, '2024-09-18 19:19:39', '2024-09-18 19:19:39'),
(72, 4, '0000-00-00', 16, NULL, 15, '4', 115, NULL, 'in', 79, '2024-09-18 19:31:25', '2024-09-18 19:31:25'),
(73, 4, '0000-00-00', 17, NULL, 6, '2', 115, NULL, 'in', 79, '2024-09-18 23:10:10', '2024-09-18 23:10:10'),
(74, 4, '0000-00-00', 18, NULL, 12, '2', 115, NULL, 'in', 79, '2024-09-18 23:47:50', '2024-09-18 23:47:50'),
(75, 4, '0000-00-00', 19, NULL, 4, '1', 115, NULL, 'in', 79, '2024-09-18 23:51:32', '2024-09-18 23:51:32'),
(76, 4, '0000-00-00', 20, NULL, 10, '1', 115, NULL, 'in', 79, '2024-09-18 23:58:49', '2024-09-18 23:58:49');

-- --------------------------------------------------------

--
-- Table structure for table `customers`
--

CREATE TABLE `customers` (
  `id` int(11) NOT NULL,
  `production_unit_id` int(11) NOT NULL,
  `shop_id` int(11) NOT NULL,
  `customer_name` varchar(120) DEFAULT NULL,
  `email` varchar(20) DEFAULT NULL,
  `phone` varchar(15) DEFAULT NULL,
  `address` text DEFAULT NULL,
  `status` int(11) DEFAULT NULL COMMENT 'activate=1,deactivate=0',
  `seller_id` int(11) NOT NULL,
  `created_at` timestamp NULL DEFAULT NULL,
  `updated_at` timestamp NULL DEFAULT NULL,
  `deleted_at` timestamp NULL DEFAULT NULL
) ENGINE=InnoDB DEFAULT CHARSET=utf8 COLLATE=utf8_general_ci;

--
-- Dumping data for table `customers`
--

INSERT INTO `customers` (`id`, `production_unit_id`, `shop_id`, `customer_name`, `email`, `phone`, `address`, `status`, `seller_id`, `created_at`, `updated_at`, `deleted_at`) VALUES
(1, 1, 0, 'Nasir Uddin', 'nil', '5855', 'Bhairab', 1, 1, '2025-01-14 11:31:51', '2025-01-14 11:31:51', NULL),
(2, 1, 0, 'Sumon', NULL, '01725-097', 'Bhairab', 1, 1, '2025-01-14 12:12:50', '2025-01-14 12:12:50', NULL),
(3, 1, 0, 'Mohammad Ali', NULL, '01915', 'Bhairab', 1, 1, '2025-01-14 12:13:50', '2025-01-14 12:13:50', NULL),
(4, 1, 0, 'Ripon', NULL, '01642', 'Bhairab', 1, 1, '2025-01-14 12:15:40', '2025-01-14 12:15:40', NULL),
(5, 1, 0, 'Sabbir Enterprise', NULL, '01863', 'Bhairab', 1, 1, '2025-01-14 12:17:00', '2025-01-14 12:17:00', NULL),
(6, 1, 0, 'Sabbir Enterprise', NULL, '01863', 'Bhairab', 1, 1, '2025-01-14 12:17:00', '2025-01-14 12:17:00', NULL);

-- --------------------------------------------------------

--
-- Table structure for table `custom_orders`
--

CREATE TABLE `custom_orders` (
  `id` bigint(20) UNSIGNED NOT NULL,
  `seller_id` bigint(20) UNSIGNED NOT NULL,
  `channel_id` int(11) DEFAULT NULL,
  `contact_name` varchar(50) DEFAULT NULL,
  `customer_name` varchar(50) DEFAULT NULL,
  `contact_phone` varchar(20) DEFAULT NULL,
  `shipping_name` varchar(50) DEFAULT NULL,
  `shipping_phone` varchar(20) DEFAULT NULL,
  `shipping_address` text DEFAULT NULL,
  `shipping_district` varchar(100) DEFAULT NULL,
  `shipping_sub_district` varchar(100) DEFAULT NULL,
  `shipping_province` varchar(50) DEFAULT NULL,
  `shipping_postcode` varchar(10) DEFAULT NULL,
  `shipping_methods` varchar(100) DEFAULT NULL,
  `payment_url` varchar(191) DEFAULT NULL,
  `payment_status` int(11) NOT NULL,
  `order_id` varchar(191) NOT NULL,
  `shop_id` int(11) DEFAULT 0,
  `order_status` varchar(191) NOT NULL,
  `payment_method` int(11) DEFAULT NULL,
  `encrepted_order_id` text DEFAULT NULL,
  `customer_id` int(11) DEFAULT NULL,
  `sub_total` double NOT NULL DEFAULT 0,
  `shipping_cost` double NOT NULL DEFAULT 0,
  `total_discount` double NOT NULL DEFAULT 0,
  `in_total` double NOT NULL DEFAULT 0,
  `deleted_at` timestamp NULL DEFAULT NULL,
  `created_at` timestamp NULL DEFAULT NULL,
  `updated_at` timestamp NULL DEFAULT NULL
) ENGINE=InnoDB DEFAULT CHARSET=utf8mb4 COLLATE=utf8mb4_unicode_ci;

-- --------------------------------------------------------

--
-- Table structure for table `custom_order_details`
--

CREATE TABLE `custom_order_details` (
  `id` bigint(20) UNSIGNED NOT NULL,
  `production_unit_id` int(11) NOT NULL,
  `custom_order_id` bigint(20) UNSIGNED NOT NULL,
  `shop_id` bigint(20) UNSIGNED NOT NULL,
  `product_name` varchar(100) NOT NULL,
  `product_description` text DEFAULT NULL,
  `product_price` double NOT NULL DEFAULT 0,
  `quantity` int(11) NOT NULL DEFAULT 0,
  `discount_price` double NOT NULL DEFAULT 0,
  `seller_id` bigint(20) UNSIGNED NOT NULL,
  `deleted_at` timestamp NULL DEFAULT NULL,
  `created_at` timestamp NULL DEFAULT NULL,
  `updated_at` timestamp NULL DEFAULT NULL
) ENGINE=InnoDB DEFAULT CHARSET=utf8mb4 COLLATE=utf8mb4_unicode_ci;

-- --------------------------------------------------------

--
-- Table structure for table `custom_order_product_images`
--

CREATE TABLE `custom_order_product_images` (
  `id` bigint(20) UNSIGNED NOT NULL,
  `custom_order_detail_id` bigint(20) UNSIGNED NOT NULL,
  `image` varchar(191) NOT NULL,
  `created_at` timestamp NULL DEFAULT NULL,
  `updated_at` timestamp NULL DEFAULT NULL
) ENGINE=InnoDB DEFAULT CHARSET=utf8mb4 COLLATE=utf8mb4_unicode_ci;

--
-- Dumping data for table `custom_order_product_images`
--

INSERT INTO `custom_order_product_images` (`id`, `custom_order_detail_id`, `image`, `created_at`, `updated_at`) VALUES
(1, 1, 'uploads/custom-order/product/25dc79b6-d163-4b21-9dae-9026e7b0ee5d.png', '2021-06-19 11:44:52', '2021-06-19 11:44:52'),
(2, 1, 'uploads/custom-order/product-image/dcef4860-5e1e-4c15-b844-4a5358b498ed.png', '2021-06-19 11:44:52', '2021-06-19 11:44:52'),
(3, 2, 'uploads/custom-order/products/70806061-1ca3-439c-8bea-2f8432007656.png', '2021-06-23 00:08:10', '2021-06-23 00:08:10');

-- --------------------------------------------------------

--
-- Table structure for table `daily_production_costs`
--

CREATE TABLE `daily_production_costs` (
  `id` int(11) NOT NULL,
  `production_date` date NOT NULL,
  `production_unit_id` int(11) NOT NULL,
  `type` varchar(100) NOT NULL COMMENT 'product,RM',
  `rm_total_price` decimal(11,2) NOT NULL,
  `extra_charges_total` varchar(11) NOT NULL,
  `in_total` varchar(11) NOT NULL,
  `product_id` int(11) NOT NULL,
  `finsied_rm_id` int(11) NOT NULL,
  `production_qty` int(11) NOT NULL,
  `per_carton_cost` decimal(11,2) NOT NULL,
  `created_at` date NOT NULL,
  `updated_at` date NOT NULL,
  `deleted_at` timestamp NULL DEFAULT NULL
) ENGINE=InnoDB DEFAULT CHARSET=utf8mb4 COLLATE=utf8mb4_general_ci;

--
-- Dumping data for table `daily_production_costs`
--

INSERT INTO `daily_production_costs` (`id`, `production_date`, `production_unit_id`, `type`, `rm_total_price`, `extra_charges_total`, `in_total`, `product_id`, `finsied_rm_id`, `production_qty`, `per_carton_cost`, `created_at`, `updated_at`, `deleted_at`) VALUES
(10, '2025-01-02', 3, 'RM', 0.00, '0', '0', 0, 4, 1320, 0.00, '2025-01-06', '2025-01-06', NULL);

-- --------------------------------------------------------

--
-- Table structure for table `delivery_challans`
--

CREATE TABLE `delivery_challans` (
  `id` int(11) NOT NULL,
  `production_unit_id` int(11) NOT NULL,
  `order_management_id` int(11) NOT NULL,
  `delivery_date` date NOT NULL,
  `seller_id` int(11) NOT NULL,
  `customer_id` int(11) NOT NULL,
  `shop_id` int(11) DEFAULT NULL,
  `vehicle_no` varchar(100) DEFAULT NULL,
  `chassis_no` varchar(50) NOT NULL,
  `driver_name` varchar(100) NOT NULL,
  `driver_mobile_no` varchar(50) NOT NULL,
  `driving_lic_no` varchar(50) NOT NULL,
  `destination` varchar(150) NOT NULL,
  `user_id` int(11) DEFAULT NULL COMMENT 'for dropshippers',
  `created_by` int(11) DEFAULT NULL,
  `created_at` timestamp NULL DEFAULT NULL,
  `updated_at` timestamp NULL DEFAULT NULL
) ENGINE=InnoDB DEFAULT CHARSET=utf8mb4 COLLATE=utf8mb4_general_ci;

--
-- Dumping data for table `delivery_challans`
--

INSERT INTO `delivery_challans` (`id`, `production_unit_id`, `order_management_id`, `delivery_date`, `seller_id`, `customer_id`, `shop_id`, `vehicle_no`, `chassis_no`, `driver_name`, `driver_mobile_no`, `driving_lic_no`, `destination`, `user_id`, `created_by`, `created_at`, `updated_at`) VALUES
(1, 1, 3, '2025-01-01', 0, 1, NULL, '', '', '', '', '', '', NULL, NULL, '2025-01-23 06:01:43', '2025-01-23 06:01:43'),
(2, 1, 3, '2025-01-01', 0, 1, NULL, '', '', '', '', '', '', NULL, NULL, '2025-01-23 06:06:04', '2025-01-23 06:06:04'),
(3, 1, 3, '2025-01-01', 0, 1, NULL, '', '', '', '', '', '', NULL, NULL, '2025-01-23 06:06:33', '2025-01-23 06:06:33'),
(4, 1, 3, '2025-01-23', 0, 1, NULL, '', '', '', '', '', '', NULL, NULL, '2025-01-23 06:07:50', '2025-01-23 06:07:50'),
(5, 1, 3, '2025-01-23', 0, 1, NULL, '', '', '', '', '', '', NULL, NULL, '2025-01-23 06:08:22', '2025-01-23 06:08:22'),
(6, 1, 3, '2025-01-23', 0, 1, NULL, 'v443', '3434', '', '343', '334', '34343434', NULL, NULL, '2025-01-23 06:16:00', '2025-01-23 06:16:00'),
(7, 1, 3, '2025-01-23', 0, 1, NULL, 'v443', '3434', '', '343', '334', '34343434', NULL, NULL, '2025-01-23 06:17:00', '2025-01-23 06:17:00'),
(8, 1, 3, '2025-01-20', 0, 1, NULL, 'vvv', 'dsfdsf', '', 'dsfds', 'dsfdsf', 'dsfdsfdsf', NULL, NULL, '2025-01-23 06:17:17', '2025-01-23 06:17:17'),
(9, 1, 3, '2025-01-19', 0, 1, NULL, 'dfdsf', 'dfdsf', 'dfdsdf', 'dfdsfd', 'dfdsfd', 'dsfdsfdf', NULL, NULL, '2025-01-23 06:18:00', '2025-01-23 06:18:00'),
(10, 1, 3, '2025-01-19', 0, 1, NULL, 'dfdsf', 'dfdsf', 'dfdsf', 'dfdsfd', 'dfdsfd', 'dsfdsfdf', NULL, NULL, '2025-01-23 06:19:30', '2025-01-23 06:19:30'),
(11, 1, 3, '2025-01-23', 0, 1, NULL, 'aa', 'aa', 'Shafiqul ', '01714563214', '566654785', 'dfdf', NULL, NULL, '2025-01-23 06:22:14', '2025-01-23 06:22:14'),
(12, 1, 2, '2025-01-25', 0, 2, NULL, '1542', '568755', 'Rejaul Karim', '0124578565', '52140021', 'Donia, Jatrabari,Dhaka-12014', NULL, NULL, '2025-01-23 07:40:31', '2025-01-23 07:40:31'),
(13, 1, 3, '2025-01-23', 0, 1, NULL, '5622', '2641', 'Shafiqul', '012456984', '14541', 'Jatrabari,Dhaka-1200', NULL, NULL, '2025-01-23 08:16:37', '2025-01-23 08:16:37'),
(14, 1, 8, '2025-01-26', 0, 4, NULL, '4545', '5656565', 'Razib', '01234567', 'dfdf', '', NULL, NULL, '2025-01-26 10:13:18', '2025-01-26 10:13:18');

-- --------------------------------------------------------

--
-- Table structure for table `delivery_challan_details`
--

CREATE TABLE `delivery_challan_details` (
  `id` int(11) NOT NULL,
  `delivery_challan_id` int(11) NOT NULL,
  `order_management_id` int(11) DEFAULT NULL,
  `product_id` int(11) DEFAULT NULL,
  `shop_id` int(11) DEFAULT NULL,
  `quantity` varchar(11) DEFAULT NULL,
  `seller_id` int(11) DEFAULT NULL,
  `created_at` timestamp NULL DEFAULT NULL,
  `updated_at` timestamp NULL DEFAULT NULL
) ENGINE=InnoDB DEFAULT CHARSET=utf8mb4 COLLATE=utf8mb4_general_ci;

--
-- Dumping data for table `delivery_challan_details`
--

INSERT INTO `delivery_challan_details` (`id`, `delivery_challan_id`, `order_management_id`, `product_id`, `shop_id`, `quantity`, `seller_id`, `created_at`, `updated_at`) VALUES
(6, 0, 2, 8, NULL, '11', 1, '2025-01-20 15:10:22', '2025-01-20 15:10:22'),
(7, 0, 3, 7, NULL, '1', 1, '2025-01-21 17:00:33', '2025-01-21 17:00:33'),
(8, 0, 3, 8, NULL, '1', 1, '2025-01-21 17:00:33', '2025-01-21 17:00:33'),
(9, 0, 3, 10, NULL, '1', 1, '2025-01-21 17:00:33', '2025-01-21 17:00:33'),
(10, 0, 3, 2, NULL, '10', 1, '2025-01-21 17:00:33', '2025-01-21 17:00:33'),
(11, 0, 3, 1, NULL, '20', 1, '2025-01-21 17:00:33', '2025-01-21 17:00:33'),
(12, 10, 3, 7, NULL, '1', 1, '2025-01-23 06:19:30', '2025-01-23 06:19:30'),
(13, 10, 3, 8, NULL, '1', 1, '2025-01-23 06:19:30', '2025-01-23 06:19:30'),
(14, 10, 3, 10, NULL, '1', 1, '2025-01-23 06:19:30', '2025-01-23 06:19:30'),
(15, 10, 3, 2, NULL, '10', 1, '2025-01-23 06:19:30', '2025-01-23 06:19:30'),
(16, 10, 3, 1, NULL, '20', 1, '2025-01-23 06:19:30', '2025-01-23 06:19:30'),
(17, 11, 3, 7, NULL, '1', 1, '2025-01-23 06:22:14', '2025-01-23 06:22:14'),
(18, 11, 3, 8, NULL, '1', 1, '2025-01-23 06:22:14', '2025-01-23 06:22:14'),
(19, 11, 3, 10, NULL, '1', 1, '2025-01-23 06:22:14', '2025-01-23 06:22:14'),
(20, 11, 3, 2, NULL, '10', 1, '2025-01-23 06:22:14', '2025-01-23 06:22:14'),
(21, 11, 3, 1, NULL, '20', 1, '2025-01-23 06:22:14', '2025-01-23 06:22:14'),
(22, 12, 2, 8, NULL, '5', 1, '2025-01-23 07:40:31', '2025-01-23 07:40:31'),
(23, 13, 3, 2, NULL, '2', 1, '2025-01-23 08:16:37', '2025-01-23 08:16:37'),
(24, 13, 3, 1, NULL, '5', 1, '2025-01-23 08:16:37', '2025-01-23 08:16:37'),
(25, 14, 8, 3, NULL, '1', 1, '2025-01-26 10:13:18', '2025-01-26 10:13:18');

-- --------------------------------------------------------

--
-- Table structure for table `districts`
--

CREATE TABLE `districts` (
  `id` int(10) UNSIGNED NOT NULL,
  `division` varchar(255) NOT NULL,
  `district` varchar(255) NOT NULL,
  `thana` varchar(255) NOT NULL,
  `postoffice` varchar(255) NOT NULL,
  `postcode` varchar(255) NOT NULL,
  `created_at` timestamp NOT NULL DEFAULT '0000-00-00 00:00:00',
  `updated_at` timestamp NOT NULL DEFAULT '0000-00-00 00:00:00'
) ENGINE=InnoDB DEFAULT CHARSET=utf8 COLLATE=utf8_unicode_ci;

-- --------------------------------------------------------

--
-- Table structure for table `employees`
--

CREATE TABLE `employees` (
  `id` int(11) NOT NULL,
  `production_unit_id` int(11) NOT NULL,
  `shop_id` int(11) NOT NULL,
  `employee_name` varchar(120) DEFAULT NULL,
  `email` varchar(20) DEFAULT NULL,
  `phone` varchar(15) DEFAULT NULL,
  `address` text DEFAULT NULL,
  `status` int(11) DEFAULT NULL COMMENT 'activate=1,deactivate=0',
  `seller_id` int(11) NOT NULL,
  `created_at` timestamp NULL DEFAULT NULL,
  `updated_at` timestamp NULL DEFAULT NULL,
  `deleted_at` timestamp NULL DEFAULT NULL
) ENGINE=InnoDB DEFAULT CHARSET=utf8 COLLATE=utf8_general_ci;

-- --------------------------------------------------------

--
-- Table structure for table `exchange_rate`
--

CREATE TABLE `exchange_rate` (
  `id` bigint(20) NOT NULL,
  `name` varchar(100) DEFAULT NULL,
  `rate` decimal(11,2) DEFAULT NULL,
  `seller_id` int(11) DEFAULT NULL,
  `created_at` timestamp NULL DEFAULT NULL,
  `updated_at` timestamp NULL DEFAULT NULL
) ENGINE=InnoDB DEFAULT CHARSET=utf8mb4 COLLATE=utf8mb4_general_ci;

--
-- Dumping data for table `exchange_rate`
--

INSERT INTO `exchange_rate` (`id`, `name`, `rate`, `seller_id`, `created_at`, `updated_at`) VALUES
(1, 'Tk', 1.00, 15, '2021-06-20 10:07:06', '2021-09-09 11:53:21');

-- --------------------------------------------------------

--
-- Table structure for table `expenses`
--

CREATE TABLE `expenses` (
  `id` bigint(20) NOT NULL,
  `production_unit_id` int(11) NOT NULL,
  `shop_id` int(11) NOT NULL,
  `entry_date` date NOT NULL,
  `total` decimal(11,2) DEFAULT NULL,
  `seller_id` int(11) DEFAULT NULL,
  `created_at` timestamp NULL DEFAULT NULL,
  `updated_at` timestamp NULL DEFAULT NULL
) ENGINE=InnoDB DEFAULT CHARSET=utf8mb4 COLLATE=utf8mb4_general_ci;

-- --------------------------------------------------------

--
-- Table structure for table `expense_details`
--

CREATE TABLE `expense_details` (
  `id` bigint(20) NOT NULL,
  `expense_id` int(11) NOT NULL,
  `name` varchar(100) DEFAULT NULL,
  `amount` decimal(11,2) DEFAULT NULL,
  `seller_id` int(11) DEFAULT NULL,
  `created_at` timestamp NULL DEFAULT NULL,
  `updated_at` timestamp NULL DEFAULT NULL
) ENGINE=InnoDB DEFAULT CHARSET=utf8mb4 COLLATE=utf8mb4_general_ci;

-- --------------------------------------------------------

--
-- Table structure for table `failed_jobs`
--

CREATE TABLE `failed_jobs` (
  `id` bigint(20) UNSIGNED NOT NULL,
  `uuid` varchar(191) CHARACTER SET utf8 COLLATE utf8_unicode_ci NOT NULL,
  `connection` text CHARACTER SET utf8 COLLATE utf8_unicode_ci NOT NULL,
  `queue` text CHARACTER SET utf8 COLLATE utf8_unicode_ci NOT NULL,
  `payload` longtext CHARACTER SET utf8 COLLATE utf8_unicode_ci NOT NULL,
  `exception` longtext CHARACTER SET utf8 COLLATE utf8_unicode_ci NOT NULL,
  `failed_at` timestamp NOT NULL DEFAULT current_timestamp()
) ENGINE=InnoDB DEFAULT CHARSET=utf8 COLLATE=utf8_general_ci;

-- --------------------------------------------------------

--
-- Table structure for table `features`
--

CREATE TABLE `features` (
  `id` int(11) NOT NULL,
  `name` varchar(100) DEFAULT NULL,
  `status` varchar(11) NOT NULL,
  `shop_id` int(11) DEFAULT NULL,
  `created_at` timestamp NOT NULL DEFAULT current_timestamp(),
  `updated_at` timestamp NULL DEFAULT NULL
) ENGINE=InnoDB DEFAULT CHARSET=utf8mb4 COLLATE=utf8mb4_unicode_ci;

-- --------------------------------------------------------

--
-- Table structure for table `initial_transactions`
--

CREATE TABLE `initial_transactions` (
  `id` int(11) NOT NULL,
  `transaction_type` enum('receivable','payable') NOT NULL,
  `shop_id` int(11) NOT NULL,
  `payment_date` datetime NOT NULL,
  `type` varchar(20) NOT NULL,
  `sister_concern_id` int(11) NOT NULL,
  `customer_id` int(11) NOT NULL,
  `supplier_id` int(11) NOT NULL,
  `staff_id` int(11) NOT NULL,
  `lender_id` int(11) NOT NULL,
  `employee_id` int(11) NOT NULL,
  `partner_id` int(11) NOT NULL,
  `amount` varchar(100) DEFAULT NULL,
  `bank_or_mobile_wallet_id` int(11) NOT NULL,
  `account_no_id` int(11) NOT NULL,
  `payment_status` varchar(11) DEFAULT NULL,
  `bank_account` varchar(250) DEFAULT NULL,
  `notes` varchar(250) DEFAULT NULL,
  `created_at` timestamp NULL DEFAULT NULL,
  `updated_at` timestamp NULL DEFAULT NULL,
  `user_id` int(11) NOT NULL
) ENGINE=InnoDB DEFAULT CHARSET=utf8 COLLATE=utf8_general_ci;

--
-- Dumping data for table `initial_transactions`
--

INSERT INTO `initial_transactions` (`id`, `transaction_type`, `shop_id`, `payment_date`, `type`, `sister_concern_id`, `customer_id`, `supplier_id`, `staff_id`, `lender_id`, `employee_id`, `partner_id`, `amount`, `bank_or_mobile_wallet_id`, `account_no_id`, `payment_status`, `bank_account`, `notes`, `created_at`, `updated_at`, `user_id`) VALUES
(1, 'receivable', 0, '0000-00-00 00:00:00', '', 0, 1, 0, 0, 0, 0, 0, '00', 0, 0, NULL, NULL, NULL, '2025-01-14 11:31:51', '2025-01-14 11:31:51', 0),
(2, 'receivable', 0, '0000-00-00 00:00:00', '', 0, 2, 0, 0, 0, 0, 0, '0.00', 0, 0, NULL, NULL, NULL, '2025-01-14 12:12:50', '2025-01-14 12:12:50', 0),
(3, 'receivable', 0, '0000-00-00 00:00:00', '', 0, 3, 0, 0, 0, 0, 0, '0.00', 0, 0, NULL, NULL, NULL, '2025-01-14 12:13:50', '2025-01-14 12:13:50', 0),
(4, 'receivable', 0, '0000-00-00 00:00:00', '', 0, 4, 0, 0, 0, 0, 0, '0.00', 0, 0, NULL, NULL, NULL, '2025-01-14 12:15:40', '2025-01-14 12:15:40', 0),
(5, 'receivable', 0, '0000-00-00 00:00:00', '', 0, 5, 0, 0, 0, 0, 0, '0.00', 0, 0, NULL, NULL, NULL, '2025-01-14 12:17:00', '2025-01-14 12:17:00', 0),
(6, 'receivable', 0, '0000-00-00 00:00:00', '', 0, 6, 0, 0, 0, 0, 0, '0.00', 0, 0, NULL, NULL, NULL, '2025-01-14 12:17:00', '2025-01-14 12:17:00', 0),
(7, 'payable', 0, '0000-00-00 00:00:00', '', 0, 0, 1, 0, 0, 0, 0, '0', 0, 0, NULL, NULL, NULL, '2025-01-14 12:30:51', '2025-01-14 12:30:51', 0),
(8, 'payable', 0, '0000-00-00 00:00:00', '', 0, 0, 2, 0, 0, 0, 0, '0', 0, 0, NULL, NULL, NULL, '2025-01-14 12:32:38', '2025-01-14 12:32:38', 0),
(9, 'payable', 0, '0000-00-00 00:00:00', '', 0, 0, 3, 0, 0, 0, 0, '0', 0, 0, NULL, NULL, NULL, '2025-01-14 12:34:07', '2025-01-14 12:34:07', 0);

-- --------------------------------------------------------

--
-- Table structure for table `investments`
--

CREATE TABLE `investments` (
  `id` int(11) NOT NULL,
  `shop_id` int(11) NOT NULL,
  `partner_id` varchar(120) DEFAULT NULL,
  `amount` decimal(11,2) DEFAULT NULL,
  `created_at` timestamp NULL DEFAULT NULL,
  `updated_at` timestamp NULL DEFAULT NULL,
  `deleted_at` timestamp NULL DEFAULT NULL
) ENGINE=InnoDB DEFAULT CHARSET=utf8 COLLATE=utf8_general_ci;

-- --------------------------------------------------------

--
-- Table structure for table `lenders`
--

CREATE TABLE `lenders` (
  `id` int(11) NOT NULL,
  `production_unit_id` int(11) NOT NULL,
  `shop_id` int(11) NOT NULL,
  `lender_name` varchar(120) DEFAULT NULL,
  `email` varchar(20) DEFAULT NULL,
  `phone` varchar(15) DEFAULT NULL,
  `address` text DEFAULT NULL,
  `status` int(11) DEFAULT NULL COMMENT 'activate=1,deactivate=0',
  `seller_id` int(11) NOT NULL,
  `created_at` timestamp NULL DEFAULT NULL,
  `updated_at` timestamp NULL DEFAULT NULL,
  `deleted_at` timestamp NULL DEFAULT NULL
) ENGINE=InnoDB DEFAULT CHARSET=utf8 COLLATE=utf8_general_ci;

-- --------------------------------------------------------

--
-- Table structure for table `migrations`
--

CREATE TABLE `migrations` (
  `id` int(10) UNSIGNED NOT NULL,
  `migration` varchar(191) NOT NULL,
  `batch` int(11) NOT NULL
) ENGINE=InnoDB DEFAULT CHARSET=utf8mb4 COLLATE=utf8mb4_unicode_ci;

--
-- Dumping data for table `migrations`
--

INSERT INTO `migrations` (`id`, `migration`, `batch`) VALUES
(1, '2014_10_12_000000_create_users_table', 1),
(2, '2014_10_12_100000_create_password_resets_table', 1),
(3, '2019_08_19_000000_create_failed_jobs_table', 1),
(4, '2021_03_13_162314_add_is_active_to_users_table', 2),
(5, '2021_03_14_220055_add_phone_to_users_table', 3),
(6, '2021_03_15_142014_add_phone_to_orders_table', 4),
(7, '2016_06_01_000001_create_oauth_auth_codes_table', 5),
(8, '2016_06_01_000002_create_oauth_access_tokens_table', 5),
(9, '2016_06_01_000003_create_oauth_refresh_tokens_table', 5),
(10, '2016_06_01_000004_create_oauth_clients_table', 5),
(11, '2016_06_01_000005_create_oauth_personal_access_clients_table', 5),
(12, '2021_08_13_183541_create_shopee_settings_table', 6),
(13, '2021_08_13_172131_create_shopees_table', 7),
(15, '2021_08_13_101416_create_tax_rate_settings_table', 9),
(16, '2021_08_13_101441_add_tax_info_to_order_managements', 10),
(17, '2021_08_16_104945_add_tax_enable_to_order_managements', 11),
(18, '2021_08_14_201631_create_shopee_products_table', 12),
(19, '2021_08_17_184705_add_company_x_field_to_order_managements', 13),
(20, '2021_08_17_220740_add_seller_id_to_tax_rate_settings', 14),
(21, '2021_08_19_082910_add_company_logo_to_tax_rate_settings', 15),
(22, '2021_08_23_201604_add_tax_invoice_note_to_order_managements', 16),
(23, '2021_08_23_085220_add_tax_name_to_tax_rate_settings', 17),
(24, '2021_08_23_203940_create_shopee_order_purchases_table', 18),
(25, '2021_08_23_205548_create_shopee_order_purchase_details', 19),
(26, '2021_08_24_213057_add_channel_id_in_woo_order_purchase_table', 20),
(28, '2021_08_24_180533_alter_order_id_in_shopee_order_purchases_table', 21),
(29, '2021_08_25_111800_create_translations_table', 22),
(30, '2021_08_25_112556_add_pref_lang_to_users_table', 23),
(34, '2021_09_01_211204_add_is_linked_to_lazada_products_table', 27),
(35, '2021_09_02_163123_add_display_field_to_channels_table', 28),
(36, '2021_08_29_172131_create_lazada_table', 29),
(37, '2021_08_30_183541_create_lazada_settings_table', 30),
(38, '2021_08_30_201631_create_lazada_products_table', 31),
(39, '2021_09_02_211030_alter_order_date_in_shopee_order_purchases_table', 32),
(40, '2021_09_03_204706_create_shopee_branches_table', 33),
(41, '2021_08_23_033549_add_fields_to_lazada_products_table', 34),
(42, '2021_09_06_134957_create_shopee_order_param_inits_table', 35),
(43, '2021_09_10_224459_add_columns_in_shopee_order_purchases_table', 36),
(44, '2021_09_12_184956_add_user_pass_in_shops_table', 37),
(45, '2021_09_12_184856_add_assigned_shops_in_users_table', 38),
(46, '2021_09_14_232116_add_columns_to_shopee_order_purchases_table', 39),
(47, '2021_09_15_232116_add_columns_type_to_shops_table', 40),
(48, '2021_09_15_220827_change_default_shipment_status_in_shipments_table', 41),
(49, '2021_09_18_150030_add_shipped_on_date_to_shopee_order_purchases', 42),
(50, '2021_09_21_232116_add_downloaded_at_shopee_order_purchases_table', 43),
(51, '2021_09_17_232643_create_shopee_airway_bill_pdfs_table', 44),
(52, '2021_09_23_012106_add_pecentage_to_shopee_airway_bill_pdfs_table', 45),
(53, '2021_09_24_223940_add_mark_as_shipped_at_column_in_shopee_order_purchases_table', 46),
(55, '2021_09_26_045406_create_do_do_chats_table', 47),
(57, '2021_09_28_131004_add_pickup_confirmed_at_to_shopee_order_purchases_table', 48),
(58, '2021_09_29_005453_add_pickup_shipped_on_column_to_shopee_order_purchases_table', 49),
(59, '2021_10_01_105412_add_shopee_shipping_method_to_shopee_order_purchases_table', 50),
(60, '2021_10_09_114633_create_lazada_order_purchases_table', 51),
(61, '2021_10_11_144556_create_lazada_order_purchase_items_table', 52),
(62, '2021_10_15_001150_add_website_id_in_lazada_order_purchase_items_table', 53),
(63, '2021_10_15_001211_add_derived_status_in_lazada_order_purchases_table', 54),
(64, '2021_10_15_002554_create_lazada_shipment_providers_table', 55),
(65, '2021_10_20_194709_rename_and_add_column_on_product_costs_table', 56),
(66, '2021_10_20_194709_rename_and_add_column_on_products_table', 57),
(67, '2021_10_21_190709_add_lowest_sell_price_to_products_table', 58),
(68, '2021_10_21_190710_add_lowest_sell_price_to_products_table', 59),
(69, '2021_10_22_124052_add_two_fields_on_products_table', 60),
(70, '2021_10_21_145222_create_lazada_bill_pdfs_table', 61),
(71, '2021_10_30_112448_add_columns_to_lazada_order_purchases_table', 62),
(72, '2021_11_02_141634_add_shop_id_to_shipment_table', 63),
(73, '2021_11_10_004958_create_shopee_product_categories_table', 64),
(74, '2021_11_20_174909_add_variation_id_on_shipment_products_table', 65),
(75, '2021_11_20_174908_add_variation_id_on_shipment_products_table', 66);

-- --------------------------------------------------------

--
-- Table structure for table `models`
--

CREATE TABLE `models` (
  `id` int(11) NOT NULL,
  `name` varchar(100) DEFAULT NULL,
  `shop_id` int(11) DEFAULT NULL,
  `created_at` timestamp NOT NULL DEFAULT current_timestamp(),
  `updated_at` timestamp NULL DEFAULT NULL
) ENGINE=InnoDB DEFAULT CHARSET=utf8mb4 COLLATE=utf8mb4_unicode_ci;

-- --------------------------------------------------------

--
-- Table structure for table `modules`
--

CREATE TABLE `modules` (
  `id` int(10) UNSIGNED NOT NULL,
  `name` varchar(255) NOT NULL,
  `active_status` tinyint(4) NOT NULL DEFAULT 1,
  `order` int(11) NOT NULL,
  `created_at` timestamp NULL DEFAULT NULL,
  `updated_at` timestamp NULL DEFAULT NULL,
  `created_by` int(10) UNSIGNED DEFAULT 1,
  `updated_by` int(10) UNSIGNED DEFAULT 1
) ENGINE=InnoDB DEFAULT CHARSET=utf8mb4 COLLATE=utf8mb4_general_ci;

-- --------------------------------------------------------

--
-- Table structure for table `module_links`
--

CREATE TABLE `module_links` (
  `id` int(10) UNSIGNED NOT NULL,
  `module_id` int(10) UNSIGNED DEFAULT NULL,
  `name` varchar(255) DEFAULT NULL,
  `route` varchar(255) CHARACTER SET utf8mb4 COLLATE utf8mb4_unicode_ci DEFAULT NULL,
  `active_status` tinyint(4) NOT NULL DEFAULT 1,
  `created_by` int(10) UNSIGNED DEFAULT 1,
  `updated_by` int(10) UNSIGNED DEFAULT 1,
  `created_at` timestamp NULL DEFAULT NULL,
  `updated_at` timestamp NULL DEFAULT NULL
) ENGINE=InnoDB DEFAULT CHARSET=utf8mb4 COLLATE=utf8mb4_general_ci;

-- --------------------------------------------------------

--
-- Table structure for table `oauth_access_tokens`
--

CREATE TABLE `oauth_access_tokens` (
  `id` varchar(100) NOT NULL,
  `user_id` bigint(20) UNSIGNED DEFAULT NULL,
  `client_id` char(36) NOT NULL,
  `name` varchar(255) DEFAULT NULL,
  `scopes` text DEFAULT NULL,
  `revoked` tinyint(1) NOT NULL,
  `created_at` timestamp NULL DEFAULT NULL,
  `updated_at` timestamp NULL DEFAULT NULL,
  `expires_at` datetime DEFAULT NULL
) ENGINE=InnoDB DEFAULT CHARSET=utf8mb4 COLLATE=utf8mb4_unicode_ci;

--
-- Dumping data for table `oauth_access_tokens`
--

INSERT INTO `oauth_access_tokens` (`id`, `user_id`, `client_id`, `name`, `scopes`, `revoked`, `created_at`, `updated_at`, `expires_at`) VALUES
('5920235aa1b2a92d0b34d32b7891b8facbcfdc2d4c3125a7f3e5f51590cea23795229d43698a4669', 15, '93e57474-e8af-4cf1-b3f3-a0c411ef8f57', '1234567', '[]', 0, '2021-07-12 17:45:24', '2021-07-12 17:45:24', '2022-01-13 00:45:24'),
('dc9a82f8a437d77dbe582f113c647fe462615cafb4d503317022b981025e0ae0adfc8a99bc36ad0f', 15, '9399c7d2-27c3-4ea2-b5a3-7c3c79f40a60', 'moin@gmail.com', '[]', 0, '2021-06-05 02:55:48', '2021-06-05 02:55:48', '2021-12-05 09:55:48');

-- --------------------------------------------------------

--
-- Table structure for table `oauth_auth_codes`
--

CREATE TABLE `oauth_auth_codes` (
  `id` varchar(100) NOT NULL,
  `user_id` bigint(20) UNSIGNED NOT NULL,
  `client_id` char(36) NOT NULL,
  `scopes` text DEFAULT NULL,
  `revoked` tinyint(1) NOT NULL,
  `expires_at` datetime DEFAULT NULL
) ENGINE=InnoDB DEFAULT CHARSET=utf8mb4 COLLATE=utf8mb4_unicode_ci;

-- --------------------------------------------------------

--
-- Table structure for table `oauth_clients`
--

CREATE TABLE `oauth_clients` (
  `id` char(36) NOT NULL,
  `user_id` bigint(20) UNSIGNED DEFAULT NULL,
  `name` varchar(255) NOT NULL,
  `secret` varchar(100) DEFAULT NULL,
  `provider` varchar(255) DEFAULT NULL,
  `redirect` text NOT NULL,
  `personal_access_client` tinyint(1) NOT NULL,
  `password_client` tinyint(1) NOT NULL,
  `revoked` tinyint(1) NOT NULL,
  `created_at` timestamp NULL DEFAULT NULL,
  `updated_at` timestamp NULL DEFAULT NULL
) ENGINE=InnoDB DEFAULT CHARSET=utf8mb4 COLLATE=utf8mb4_unicode_ci;

--
-- Dumping data for table `oauth_clients`
--

INSERT INTO `oauth_clients` (`id`, `user_id`, `name`, `secret`, `provider`, `redirect`, `personal_access_client`, `password_client`, `revoked`, `created_at`, `updated_at`) VALUES
('9399c7d2-27c3-4ea2-b5a3-7c3c79f40a60', NULL, 'Dodotracking Personal Access Client', 'VfY9amti6WZmiNB5hMRE0z4pI2tc52qiyGlLlHu9', NULL, 'http://localhost', 1, 0, 0, '2021-06-05 02:55:17', '2021-06-05 02:55:17'),
('9399c7d2-32b3-436f-b90b-11b6c1a79d13', NULL, 'Dodotracking Password Grant Client', 'DM3MLtf0qKNQB7H5iefQ3EBn5oR7DKqglA9FR421', 'users', 'http://localhost', 0, 1, 0, '2021-06-05 02:55:17', '2021-06-05 02:55:17'),
('93e57474-e8af-4cf1-b3f3-a0c411ef8f57', NULL, 'Dodotracking Personal Access Client', 'uLVZiIiOY12GEekHQmcC7nSTSA9AdoYYHpU09HsB', NULL, 'http://localhost', 1, 0, 0, '2021-07-12 17:45:06', '2021-07-12 17:45:06'),
('93e57474-efb3-4111-a730-abbfa3297eea', NULL, 'Dodotracking Password Grant Client', 'ObR2mZ5kq9MqocyhSInACP6FQiRxOo8sUbOOvCl5', 'users', 'http://localhost', 0, 1, 0, '2021-07-12 17:45:06', '2021-07-12 17:45:06');

-- --------------------------------------------------------

--
-- Table structure for table `oauth_personal_access_clients`
--

CREATE TABLE `oauth_personal_access_clients` (
  `id` bigint(20) UNSIGNED NOT NULL,
  `client_id` char(36) NOT NULL,
  `created_at` timestamp NULL DEFAULT NULL,
  `updated_at` timestamp NULL DEFAULT NULL
) ENGINE=InnoDB DEFAULT CHARSET=utf8mb4 COLLATE=utf8mb4_unicode_ci;

--
-- Dumping data for table `oauth_personal_access_clients`
--

INSERT INTO `oauth_personal_access_clients` (`id`, `client_id`, `created_at`, `updated_at`) VALUES
(1, '9399c7d2-27c3-4ea2-b5a3-7c3c79f40a60', '2021-06-05 02:55:17', '2021-06-05 02:55:17'),
(2, '93e57474-e8af-4cf1-b3f3-a0c411ef8f57', '2021-07-12 17:45:06', '2021-07-12 17:45:06');

-- --------------------------------------------------------

--
-- Table structure for table `oauth_refresh_tokens`
--

CREATE TABLE `oauth_refresh_tokens` (
  `id` varchar(100) NOT NULL,
  `access_token_id` varchar(100) NOT NULL,
  `revoked` tinyint(1) NOT NULL,
  `expires_at` datetime DEFAULT NULL
) ENGINE=InnoDB DEFAULT CHARSET=utf8mb4 COLLATE=utf8mb4_unicode_ci;

-- --------------------------------------------------------

--
-- Table structure for table `orders`
--

CREATE TABLE `orders` (
  `id` int(10) UNSIGNED NOT NULL,
  `shipper_id` int(10) UNSIGNED NOT NULL,
  `shop_id` varchar(10) NOT NULL,
  `tracking_id` varchar(255) NOT NULL,
  `buyer` varchar(255) NOT NULL,
  `input_method` enum('manual','import') NOT NULL,
  `date` date NOT NULL,
  `time` time NOT NULL,
  `updated_at` timestamp NOT NULL DEFAULT current_timestamp() ON UPDATE current_timestamp(),
  `phone` varchar(191) NOT NULL
) ENGINE=InnoDB DEFAULT CHARSET=utf8mb4 COLLATE=utf8mb4_general_ci;

-- --------------------------------------------------------

--
-- Table structure for table `order_managements`
--

CREATE TABLE `order_managements` (
  `id` int(11) NOT NULL,
  `production_unit_id` int(11) NOT NULL,
  `order_date` date NOT NULL,
  `seller_id` int(11) NOT NULL,
  `have_coupon` int(11) NOT NULL,
  `have_services` int(11) DEFAULT NULL,
  `customer_id` int(11) DEFAULT NULL,
  `customer_details` text DEFAULT NULL,
  `shop_id` int(11) DEFAULT NULL,
  `payment_url` varchar(255) DEFAULT NULL,
  `payment_status` int(11) NOT NULL,
  `place_order_time` datetime DEFAULT NULL,
  `sign` varchar(350) DEFAULT NULL,
  `payment_date` datetime DEFAULT NULL,
  `order_id` varchar(255) NOT NULL,
  `is_confirmed` int(11) NOT NULL DEFAULT 0,
  `order_status` int(11) NOT NULL DEFAULT 0,
  `payment_method` int(11) DEFAULT NULL,
  `encrepted_order_id` text DEFAULT NULL,
  `product_price_total` varchar(11) DEFAULT NULL,
  `service_price_total` varchar(11) NOT NULL,
  `total_discount` varchar(11) DEFAULT NULL,
  `in_total` varchar(50) NOT NULL,
  `owner_type` varchar(20) NOT NULL,
  `payment_type` varchar(11) NOT NULL,
  `user_id` int(11) DEFAULT NULL COMMENT 'for dropshippers',
  `created_by` int(11) DEFAULT NULL,
  `created_at` timestamp NULL DEFAULT NULL,
  `updated_at` timestamp NULL DEFAULT NULL
) ENGINE=InnoDB DEFAULT CHARSET=utf8mb4 COLLATE=utf8mb4_general_ci;

--
-- Dumping data for table `order_managements`
--

INSERT INTO `order_managements` (`id`, `production_unit_id`, `order_date`, `seller_id`, `have_coupon`, `have_services`, `customer_id`, `customer_details`, `shop_id`, `payment_url`, `payment_status`, `place_order_time`, `sign`, `payment_date`, `order_id`, `is_confirmed`, `order_status`, `payment_method`, `encrepted_order_id`, `product_price_total`, `service_price_total`, `total_discount`, `in_total`, `owner_type`, `payment_type`, `user_id`, `created_by`, `created_at`, `updated_at`) VALUES
(2, 1, '2025-01-15', 1, 0, 0, 2, '\"\"', NULL, NULL, 0, NULL, NULL, NULL, '13rbJSGVXTTTm7Fg', 0, 2, NULL, 'eyJpdiI6IkZ5QldEVUpFV21ETHZmVGFtTTVQS3c9PSIsInZhbHVlIjoieUk0MjEwTEg4Z1BXQ2hrSXFRRTBJMGlhR1o2aXNjZ3dEejFkR055NEpZdz0iLCJtYWMiOiJhYjU3NDBhZDA3ZThhOGFkMGU2YmZhZDUyMWZiMmNkMjUxMjgwM2Y4OWE3YTA4ODUwOGUzY2RmMWM0NjJjNjc4IiwidGFnIjoiIn0=', '7700', '0', '0.00', '7700', 'private', 'fixed', 1, 1, '2025-01-15 11:30:52', '2025-01-15 11:30:52'),
(3, 1, '2025-01-16', 1, 0, 0, 1, '\"\"', NULL, NULL, 0, NULL, NULL, NULL, 'hGLsHcJQmUWWn9jw', 0, 2, NULL, 'eyJpdiI6ImFmeG1DYUxyZ29ZcytaSGtlWXZ4eGc9PSIsInZhbHVlIjoiWk1WbDVjTGhLU3VZMk9mMlB6SGQydG0xUXNTZFp6NVRWK1lYTzV3bG82ST0iLCJtYWMiOiI5NjgyYTU4NjNhNmVhM2Q0OTA1ZjA4MmNhOGI5ZTM5YWExNzE1MDA1MzhlNmIyNDY2Y2M4ZDE1ZThkZjFjYjU0IiwidGFnIjoiIn0=', '25200', '0', NULL, '25200', 'private', 'fixed', 1, 1, '2025-01-16 11:43:06', '2025-01-17 17:13:41'),
(4, 1, '2025-01-20', 1, 0, 1, 2, '\"\"', NULL, NULL, 0, NULL, NULL, NULL, 'VVbvDQS0ErarcRqj', 0, 2, NULL, 'eyJpdiI6IkNFWnFmZjZzVGh6UDVhdWMvd0NZNlE9PSIsInZhbHVlIjoiYmMvNkRCdHlyZEFlUi9TeTlFR045aXZZbFVhWkorRVVYS3c1OUdkOHZVUT0iLCJtYWMiOiI4Y2Q3NjkzM2JiMDg3YmNjNjE1MDQwMTE0ZWMxZjc4YjZiZmFmZDY0ZTNhNDI0MDI3MWNjYWM5NTQ5ZjkwZTZjIiwidGFnIjoiIn0=', '3500', '500', '0.00', '4000', 'private', 'fixed', 1, 1, '2025-01-20 10:42:17', '2025-01-20 10:42:17'),
(5, 1, '2025-01-20', 1, 0, 1, 5, '\"\"', NULL, NULL, 0, NULL, NULL, NULL, 'QIYSLmZs1jrD8sy0', 0, 2, NULL, 'eyJpdiI6IjNKd1c3MFhHV204dk1YdlQwZDY1MFE9PSIsInZhbHVlIjoiL0hMQUpBemg5aGFMdi93YjltUTRjQytzcVdtS1BPTkR5K3FKb3NNYXU0cz0iLCJtYWMiOiI1NjkyMjVjOWI3NjUwODhiZjdmMWNmMGI5ZWMxYzE0OWRhZTg1MzNkYTFmY2Q5Mjk0NDg5NjEwODA1ZmM1NGQ2IiwidGFnIjoiIn0=', '37000', '500', '0.00', '37500', 'private', 'fixed', 1, 1, '2025-01-20 14:36:47', '2025-01-20 14:36:48'),
(6, 1, '2025-01-23', 1, 0, 0, 4, '\"\"', NULL, NULL, 0, NULL, NULL, NULL, 't7W32l5gcCnoXruG', 0, 2, NULL, 'eyJpdiI6Im9XekI4cmxPbjdXUEwvOExqMnV0Mmc9PSIsInZhbHVlIjoieGhQWVFnRS9qMHlYdC9sN25yQ2psR0ZwcW0zd3pzQzRxdU1Mdng0cWhBST0iLCJtYWMiOiI5M2MzYjhlYmZjODRmMTRiN2VlYmFhZjQ4YTNkZjk0NzJlZTlmMzZlZTcwMmVkZGY1MGQ0ZmRmMDJjMTkxYzEzIiwidGFnIjoiIn0=', '700', '0', '0.00', '700', 'private', 'fixed', 1, 1, '2025-01-23 11:19:24', '2025-01-23 11:19:24'),
(7, 1, '2025-01-26', 1, 0, 0, 3, '\"\"', NULL, NULL, 0, NULL, NULL, NULL, 'c49RAlFtT9vQ0u3u', 0, 2, NULL, 'eyJpdiI6ImFodnZwaEVvRE50MmNCZTR1MzFPYUE9PSIsInZhbHVlIjoiRURKb2U0Q0ZoSHZIaW9SWTZ2MnFtR3JvWmtacHl0Yi9VM09wNGJ1bmhLVT0iLCJtYWMiOiI2NmRkNzlkM2FhNzVhZDIyZDcyNzVlODE3ZDhiOWE0NzhjYzkzMDNhNDg4ZGJmZTRhOTdmZWYzMWIwMDMwZDMyIiwidGFnIjoiIn0=', '700', '0', '0.00', '700', 'private', 'fixed', 1, 1, '2025-01-26 09:51:34', '2025-01-26 09:51:34'),
(8, 1, '2025-01-26', 1, 0, 0, 4, '\"\"', NULL, NULL, 0, NULL, NULL, NULL, 'FlYNMtDG27qL9qGh', 0, 2, NULL, 'eyJpdiI6IjdUYW0vQjBJTGlQZi9HSldkVGxoT3c9PSIsInZhbHVlIjoiSTFyZ1dPbjBTTk5xcjVXUFRydGEwUFNaUXpXWUttRVhNZW1CdFd4UVRJbz0iLCJtYWMiOiJlNjJmY2VlYzRhNzE2ZTc2ZjllNGU0YjUwY2NhOWZhY2UxNjczOGZjOGJjOGQxYTViMmRlOGU1YjcxMzEwODQ0IiwidGFnIjoiIn0=', '900', '0', '0.00', '900', 'private', 'fixed', 1, 1, '2025-01-26 10:10:21', '2025-01-26 10:10:21'),
(9, 1, '2025-01-26', 1, 0, 0, 4, '\"\"', NULL, NULL, 0, NULL, NULL, NULL, 'FlYNMtDG27qL9qGh', 0, 2, NULL, 'eyJpdiI6ImdRTnExSUY1bnQ2ZVU4bXBSVVRaZVE9PSIsInZhbHVlIjoiMVlTRjdFVjlhSDNPYzRTQi9iK2w0ampHNkpzRy9VVjB4THdMQktYZU5Mcz0iLCJtYWMiOiJkNGMwMTcyNDcxYzI0NzNmNjE2YTVlZjI5MGZhYjRkZmQ5ODI5OTY2NzI5ZTg5YjQ5ZjY2NWJkOGFmMjZiYjg1IiwidGFnIjoiIn0=', '900', '0', '0.00', '900', 'private', 'fixed', 1, 1, '2025-01-26 10:10:55', '2025-01-26 10:10:55'),
(10, 1, '2025-01-26', 1, 0, 0, 5, '\"\"', NULL, NULL, 0, NULL, NULL, NULL, 'sF9U0LOt4rLMHRUL', 0, 2, NULL, 'eyJpdiI6IlRCZWtRZUpObWY3S0RSTk5GNXRKZXc9PSIsInZhbHVlIjoid1RVM2Vyb2ZlUGZxeXJObHFVMzdSSnBlVVNNdlB1b2w3Vjd2Nm9wd0hpaz0iLCJtYWMiOiI0YzNhODc1NmNiMmQ3Njk3ZTE4MDg0YWI2YmU2ZDEzYjQ0MDFlYzE0YTAyNzMxMWZiNzQ5NTg3ZjAwNDU4Y2Q5IiwidGFnIjoiIn0=', '900', '0', '0.00', '900', 'private', 'fixed', 1, 1, '2025-01-26 10:11:09', '2025-01-26 10:11:09');

-- --------------------------------------------------------

--
-- Table structure for table `order_management_details`
--

CREATE TABLE `order_management_details` (
  `id` int(11) NOT NULL,
  `order_management_id` int(11) DEFAULT NULL,
  `product_id` int(11) DEFAULT NULL,
  `product_code` varchar(100) NOT NULL,
  `shop_id` int(11) DEFAULT NULL,
  `quantity` varchar(11) DEFAULT NULL,
  `cost_price` decimal(11,2) DEFAULT NULL,
  `price` decimal(11,2) NOT NULL DEFAULT 0.00,
  `product_discount` varchar(11) DEFAULT NULL,
  `seller_id` int(11) DEFAULT NULL,
  `created_at` timestamp NULL DEFAULT NULL,
  `updated_at` timestamp NULL DEFAULT NULL
) ENGINE=InnoDB DEFAULT CHARSET=utf8mb4 COLLATE=utf8mb4_general_ci;

--
-- Dumping data for table `order_management_details`
--

INSERT INTO `order_management_details` (`id`, `order_management_id`, `product_id`, `product_code`, `shop_id`, `quantity`, `cost_price`, `price`, `product_discount`, `seller_id`, `created_at`, `updated_at`) VALUES
(2, 2, 8, '', NULL, '11', 0.00, 700.00, '0', 1, '2025-01-15 11:30:52', '2025-01-15 11:30:52'),
(4, 3, 2, '', NULL, '10', 0.00, 840.00, '0', 1, '2025-01-17 17:13:41', '2025-01-17 17:13:41'),
(5, 3, 1, '', NULL, '20', 0.00, 840.00, '0', 1, '2025-01-17 17:13:41', '2025-01-17 17:13:41'),
(6, 4, 1, '', NULL, '5', 0.00, 700.00, '0', 1, '2025-01-20 10:42:17', '2025-01-20 10:42:17'),
(7, 5, 3, '', NULL, '20', 0.00, 900.00, '0', 1, '2025-01-20 14:36:47', '2025-01-20 14:36:47'),
(8, 5, 2, '', NULL, '20', 0.00, 700.00, '0', 1, '2025-01-20 14:36:47', '2025-01-20 14:36:47'),
(9, 5, 1, '', NULL, '1', 0.00, 5000.00, '0', 1, '2025-01-20 14:36:47', '2025-01-20 14:36:47'),
(10, 6, 1, '', NULL, '1', 0.00, 700.00, '0', 1, '2025-01-23 11:19:24', '2025-01-23 11:19:24'),
(11, 7, 1, '', NULL, '1', 0.00, 700.00, '0', 1, '2025-01-26 09:51:34', '2025-01-26 09:51:34'),
(12, 8, 3, '', NULL, '1', 0.00, 900.00, '0', 1, '2025-01-26 10:10:21', '2025-01-26 10:10:21'),
(13, 9, 3, '', NULL, '1', 0.00, 900.00, '0', 1, '2025-01-26 10:10:55', '2025-01-26 10:10:55'),
(14, 10, 3, '', NULL, '1', 0.00, 900.00, '0', 1, '2025-01-26 10:11:09', '2025-01-26 10:11:09');

-- --------------------------------------------------------

--
-- Table structure for table `packages`
--

CREATE TABLE `packages` (
  `id` int(11) NOT NULL,
  `package_name` varchar(255) NOT NULL,
  `price` varchar(255) NOT NULL,
  `details` text DEFAULT NULL,
  `max_limit` varchar(100) DEFAULT NULL,
  `package_type` int(11) NOT NULL COMMENT '1 = daily , 2 = monthly',
  `created_at` date DEFAULT NULL,
  `updated_at` date DEFAULT NULL
) ENGINE=InnoDB DEFAULT CHARSET=utf8mb4 COLLATE=utf8mb4_general_ci;

--
-- Dumping data for table `packages`
--

INSERT INTO `packages` (`id`, `package_name`, `price`, `details`, `max_limit`, `package_type`, `created_at`, `updated_at`) VALUES
(2, 'Package 2', '1000', 'asdadasdasd', '12', 1, '2021-03-24', '2021-03-24'),
(3, 'package 3', '600', 'asdasd', '11', 1, '2021-03-24', '2021-03-24');

-- --------------------------------------------------------

--
-- Table structure for table `partners`
--

CREATE TABLE `partners` (
  `id` int(11) NOT NULL,
  `shop_id` int(11) NOT NULL,
  `name` varchar(120) DEFAULT NULL,
  `email` varchar(50) DEFAULT NULL,
  `phone` varchar(120) DEFAULT NULL,
  `address` text DEFAULT NULL,
  `created_at` timestamp NULL DEFAULT NULL,
  `updated_at` timestamp NULL DEFAULT NULL,
  `deleted_at` timestamp NULL DEFAULT NULL
) ENGINE=InnoDB DEFAULT CHARSET=utf8 COLLATE=utf8_general_ci;

-- --------------------------------------------------------

--
-- Table structure for table `password_resets`
--

CREATE TABLE `password_resets` (
  `email` varchar(191) NOT NULL,
  `token` varchar(191) NOT NULL,
  `created_at` timestamp NULL DEFAULT NULL
) ENGINE=InnoDB DEFAULT CHARSET=utf8mb4 COLLATE=utf8mb4_unicode_ci;

-- --------------------------------------------------------

--
-- Table structure for table `payments`
--

CREATE TABLE `payments` (
  `id` int(11) NOT NULL,
  `production_unit_id` int(11) NOT NULL,
  `shop_id` int(11) NOT NULL,
  `payment_date` date NOT NULL,
  `payment_time` varchar(100) DEFAULT NULL,
  `payment_for` varchar(50) DEFAULT NULL,
  `purchase_id` int(11) NOT NULL,
  `type` varchar(20) NOT NULL,
  `supplier_id` int(11) NOT NULL,
  `lender_id` int(11) NOT NULL,
  `employee_id` int(11) NOT NULL,
  `partner_id` int(11) NOT NULL,
  `amount` varchar(100) DEFAULT NULL,
  `paid` decimal(11,3) DEFAULT NULL,
  `payment_method_id` int(11) NOT NULL,
  `bank_or_mobile_wallet_id` int(11) DEFAULT NULL,
  `account_no_id` int(11) DEFAULT NULL,
  `payment_status` varchar(11) DEFAULT NULL,
  `bank_account` varchar(250) DEFAULT NULL,
  `notes` varchar(250) DEFAULT NULL,
  `created_at` timestamp NULL DEFAULT NULL,
  `updated_at` timestamp NULL DEFAULT NULL,
  `user_id` int(11) NOT NULL
) ENGINE=InnoDB DEFAULT CHARSET=utf8 COLLATE=utf8_general_ci;

-- --------------------------------------------------------

--
-- Table structure for table `payments_manual`
--

CREATE TABLE `payments_manual` (
  `id` int(11) NOT NULL,
  `amount` varchar(100) DEFAULT NULL,
  `order_id` int(11) DEFAULT NULL,
  `user_id` int(11) DEFAULT NULL,
  `payment_date` datetime DEFAULT NULL,
  `payment_time` varchar(100) DEFAULT NULL,
  `payment_method_id` varchar(11) DEFAULT NULL,
  `bank_or_mobile_wallet_id` int(11) NOT NULL,
  `cheque_or_mobile_no` varchar(50) NOT NULL,
  `created_at` timestamp NULL DEFAULT NULL,
  `updated_at` timestamp NULL DEFAULT NULL,
  `is_confirmed` int(11) NOT NULL DEFAULT 0,
  `is_refund` int(11) NOT NULL
) ENGINE=InnoDB DEFAULT CHARSET=utf8 COLLATE=utf8_general_ci;

-- --------------------------------------------------------

--
-- Table structure for table `payment_methods`
--

CREATE TABLE `payment_methods` (
  `id` int(11) NOT NULL,
  `name` varchar(100) DEFAULT NULL,
  `status` int(11) DEFAULT NULL,
  `created_at` timestamp NULL DEFAULT NULL,
  `updated_at` timestamp NULL DEFAULT NULL
) ENGINE=InnoDB DEFAULT CHARSET=utf8 COLLATE=utf8_general_ci;

--
-- Dumping data for table `payment_methods`
--

INSERT INTO `payment_methods` (`id`, `name`, `status`, `created_at`, `updated_at`) VALUES
(1, 'Cash', NULL, NULL, NULL),
(2, 'Banking', NULL, NULL, NULL),
(3, 'Mobile Banking', NULL, NULL, NULL);

-- --------------------------------------------------------

--
-- Table structure for table `permissions`
--

CREATE TABLE `permissions` (
  `id` int(10) UNSIGNED NOT NULL,
  `name` varchar(191) NOT NULL,
  `user_type` int(11) NOT NULL COMMENT '0=staff, 1=dropshipper',
  `product_id` int(11) DEFAULT NULL,
  `slug` varchar(191) NOT NULL,
  `created_by` int(11) DEFAULT NULL,
  `updated_by` int(11) DEFAULT NULL,
  `created_at` timestamp NULL DEFAULT NULL,
  `updated_at` timestamp NULL DEFAULT NULL
) ENGINE=InnoDB DEFAULT CHARSET=utf8mb4 COLLATE=utf8mb4_unicode_ci;

--
-- Dumping data for table `permissions`
--

INSERT INTO `permissions` (`id`, `name`, `user_type`, `product_id`, `slug`, `created_by`, `updated_by`, `created_at`, `updated_at`) VALUES
(2, 'Can access menu: Manage Users - Permissions', 0, NULL, '', NULL, NULL, '2021-06-12 00:55:45', '2021-06-16 01:56:09'),
(3, 'Can access menu: Manage Users - Role Management', 0, NULL, '', NULL, NULL, '2021-06-12 00:55:53', '2021-06-12 00:55:53'),
(4, 'Can access menu: Manage Users - Users', 0, NULL, '', NULL, NULL, '2021-06-12 00:56:00', '2021-06-12 00:56:00'),
(5, 'Can access menu: Order Management', 0, NULL, '', NULL, NULL, '2021-06-12 00:56:07', '2021-06-12 00:56:07'),
(6, 'Can access menu: Product', 0, NULL, '', NULL, NULL, '2021-06-12 00:56:16', '2021-06-12 00:56:16'),
(7, 'Can access menu: Purchase Order - Cost Analysis', 0, NULL, '', NULL, NULL, '2021-06-12 00:56:35', '2021-06-29 00:31:20'),
(8, 'Can access menu: Purchase Order - Purchase Order', 0, NULL, '', NULL, NULL, '2021-06-12 00:56:44', '2021-06-12 00:56:44'),
(9, 'Can access menu: Report - Stock', 0, NULL, '', NULL, NULL, '2021-06-12 00:56:51', '2021-06-12 00:56:51'),
(10, 'Can access menu: Report - Stock Movements', 0, NULL, '', NULL, NULL, '2021-06-12 00:56:58', '2021-06-12 00:56:58'),
(11, 'Can access menu: Stock Adjust - Adjustment', 0, NULL, '', NULL, NULL, '2021-06-12 00:57:06', '2021-06-12 00:57:06'),
(12, 'Can access menu: Stock Adjust - Defect Stock', 0, NULL, '', NULL, NULL, '2021-06-12 00:57:12', '2021-06-12 00:57:12'),
(13, 'Can access menu: Stock Adjust - History', 0, NULL, '', NULL, NULL, '2021-06-12 00:57:18', '2021-06-12 00:57:18'),
(14, 'Can access menu: All Shipment', 0, NULL, '', NULL, NULL, '2021-06-15 18:08:26', '2021-06-16 23:23:34'),
(15, 'Can access menu: Manage Shipper', 0, NULL, '', NULL, NULL, '2021-06-15 23:56:53', '2021-06-15 23:56:53'),
(16, 'Can access menu: Report - Activity Log', 0, NULL, '', NULL, NULL, '2021-06-15 23:58:44', '2021-06-15 23:58:44'),
(17, 'Can access menu: CRM - Customers', 0, NULL, '', NULL, NULL, '2021-06-21 00:47:37', '2021-06-21 00:47:37'),
(18, 'Can access menu: Purchase Order - Order Analysis', 0, NULL, '', NULL, NULL, '2021-06-29 00:31:30', '2021-06-29 00:31:30'),
(19, 'Can access menu: Purchase Order - Product Cost', 0, NULL, '', NULL, NULL, '2021-06-30 14:31:03', '2021-06-30 14:31:03'),
(20, 'Can access menu: Purchase Order - Settings', 0, NULL, '', NULL, NULL, '2021-07-15 03:45:43', '2021-07-15 03:45:43'),
(21, 'Can access menu: Dropshippers - Manage Dropshippers', 0, NULL, '', NULL, NULL, '2021-07-15 06:18:22', '2021-07-15 06:18:22'),
(22, 'Can access menu: Dropshippers - Role Management', 0, NULL, '', NULL, NULL, '2021-07-15 06:18:30', '2021-07-15 06:18:30');

-- --------------------------------------------------------

--
-- Table structure for table `production_charges`
--

CREATE TABLE `production_charges` (
  `id` int(11) NOT NULL,
  `production_unit_id` int(11) NOT NULL,
  `daily_production_id` int(11) DEFAULT NULL,
  `name` varchar(200) DEFAULT NULL,
  `price` decimal(11,2) NOT NULL DEFAULT 0.00,
  `seller_id` int(11) DEFAULT NULL,
  `created_at` timestamp NULL DEFAULT NULL,
  `updated_at` timestamp NULL DEFAULT NULL
) ENGINE=InnoDB DEFAULT CHARSET=utf8mb4 COLLATE=utf8mb4_general_ci;

-- --------------------------------------------------------

--
-- Table structure for table `production_units`
--

CREATE TABLE `production_units` (
  `id` int(11) NOT NULL,
  `name` varchar(250) DEFAULT NULL,
  `location` varchar(200) DEFAULT NULL,
  `seller_id` int(11) DEFAULT NULL,
  `status` int(11) NOT NULL COMMENT '0 = de-activate, 1 = activate',
  `created_at` date DEFAULT NULL,
  `updated_at` date DEFAULT NULL,
  `deleted_at` timestamp NULL DEFAULT NULL
) ENGINE=InnoDB DEFAULT CHARSET=utf8mb4 COLLATE=utf8mb4_general_ci;

--
-- Dumping data for table `production_units`
--

INSERT INTO `production_units` (`id`, `name`, `location`, `seller_id`, `status`, `created_at`, `updated_at`, `deleted_at`) VALUES
(1, 'Siddirganj', 'Narayanganj', NULL, 1, '2025-01-12', '2025-01-12', NULL);

-- --------------------------------------------------------

--
-- Table structure for table `products`
--

CREATE TABLE `products` (
  `id` int(11) NOT NULL,
  `product_name` varchar(255) CHARACTER SET utf8 COLLATE utf8_general_ci DEFAULT NULL,
  `specifications` varchar(500) DEFAULT NULL,
  `pack` varchar(200) DEFAULT NULL,
  `currency` varchar(50) DEFAULT NULL,
  `cost_pc` int(11) DEFAULT NULL,
  `lowest_value` decimal(11,2) NOT NULL,
  `shop_id` int(11) DEFAULT NULL,
  `category_id` int(11) DEFAULT NULL,
  `supplier_id` int(11) DEFAULT NULL,
  `image` varchar(255) DEFAULT NULL,
  `product_code` varchar(255) CHARACTER SET utf8 COLLATE utf8_general_ci DEFAULT NULL,
  `product_tag_id` int(11) DEFAULT NULL,
  `seller_id` int(11) NOT NULL,
  `warehouse_id` int(11) DEFAULT NULL,
  `out_of_stock_reorder` varchar(10) NOT NULL,
  `low_stock_reorder` varchar(10) DEFAULT NULL,
  `from_where` int(11) NOT NULL COMMENT '1 = add product, 2 = genereate qr code',
  `price` varchar(255) DEFAULT NULL,
  `ship_cost` decimal(11,2) DEFAULT NULL,
  `weight` varchar(255) DEFAULT NULL,
  `cost_price` decimal(11,2) DEFAULT NULL,
  `dropship_price` int(11) DEFAULT NULL,
  `packs_per_carton` varchar(10) DEFAULT NULL,
  `pieces_per_pack` varchar(10) DEFAULT NULL,
  `cost_currency` varchar(100) DEFAULT NULL,
  `alert_stock` varchar(100) DEFAULT NULL,
  `product_status` int(11) NOT NULL,
  `created_at` date DEFAULT NULL,
  `updated_at` date DEFAULT NULL,
  `deleted_at` timestamp NULL DEFAULT NULL,
  `lowest_is_type` int(11) NOT NULL,
  `lowest_sell_price` decimal(10,2) NOT NULL,
  `profit` decimal(10,2) NOT NULL,
  `mark_up` decimal(10,2) NOT NULL
) ENGINE=InnoDB DEFAULT CHARSET=utf8mb4 COLLATE=utf8mb4_general_ci;

--
-- Dumping data for table `products`
--

INSERT INTO `products` (`id`, `product_name`, `specifications`, `pack`, `currency`, `cost_pc`, `lowest_value`, `shop_id`, `category_id`, `supplier_id`, `image`, `product_code`, `product_tag_id`, `seller_id`, `warehouse_id`, `out_of_stock_reorder`, `low_stock_reorder`, `from_where`, `price`, `ship_cost`, `weight`, `cost_price`, `dropship_price`, `packs_per_carton`, `pieces_per_pack`, `cost_currency`, `alert_stock`, `product_status`, `created_at`, `updated_at`, `deleted_at`, `lowest_is_type`, `lowest_sell_price`, `profit`, `mark_up`) VALUES
(1, 'DVR', NULL, NULL, NULL, NULL, 0.00, NULL, NULL, NULL, NULL, '01', NULL, 1, NULL, '', NULL, 0, '700', NULL, NULL, NULL, NULL, '1', NULL, NULL, '100', 0, '2025-01-14', '2025-01-14', NULL, 0, 0.00, 0.00, 0.00),
(2, 'NVR', NULL, NULL, NULL, NULL, 0.00, NULL, NULL, NULL, NULL, '02', NULL, 1, NULL, '', NULL, 0, '700', NULL, NULL, NULL, NULL, '1', NULL, NULL, '100', 0, '2025-01-14', '2025-01-14', NULL, 0, 0.00, 0.00, 0.00),
(3, 'CAMERA', NULL, NULL, NULL, NULL, 0.00, NULL, NULL, NULL, NULL, '03', NULL, 1, NULL, '', NULL, 0, '900', NULL, NULL, NULL, NULL, '1', NULL, NULL, NULL, 0, '2025-01-14', '2025-01-14', NULL, 0, 0.00, 0.00, 0.00);

-- --------------------------------------------------------

--
-- Table structure for table `product_has_tags`
--

CREATE TABLE `product_has_tags` (
  `id` int(11) NOT NULL,
  `product_id` int(11) DEFAULT NULL,
  `product_tag_id` int(11) DEFAULT NULL,
  `created_at` timestamp NULL DEFAULT NULL,
  `updated_at` timestamp NULL DEFAULT NULL
) ENGINE=InnoDB DEFAULT CHARSET=utf8mb4 COLLATE=utf8mb4_general_ci;

-- --------------------------------------------------------

--
-- Table structure for table `product_main_stocks`
--

CREATE TABLE `product_main_stocks` (
  `id` int(11) NOT NULL,
  `shop_id` int(11) NOT NULL,
  `product_id` int(11) NOT NULL,
  `quantity` int(11) DEFAULT NULL,
  `created_at` date DEFAULT NULL,
  `updated_at` date DEFAULT NULL
) ENGINE=InnoDB DEFAULT CHARSET=utf8mb4 COLLATE=utf8mb4_general_ci;

-- --------------------------------------------------------

--
-- Table structure for table `product_prices`
--

CREATE TABLE `product_prices` (
  `id` int(11) NOT NULL,
  `shop_id` int(11) NOT NULL,
  `cost_price` varchar(255) NOT NULL,
  `quantity` int(11) NOT NULL,
  `product_id` int(11) DEFAULT NULL,
  `created_at` date DEFAULT NULL,
  `updated_at` date DEFAULT NULL
) ENGINE=InnoDB DEFAULT CHARSET=utf8mb4 COLLATE=utf8mb4_general_ci;

-- --------------------------------------------------------

--
-- Table structure for table `product_reorders`
--

CREATE TABLE `product_reorders` (
  `id` int(11) NOT NULL,
  `product_id` int(11) NOT NULL,
  `status` varchar(100) NOT NULL,
  `type` varchar(100) NOT NULL,
  `quantity` varchar(10) NOT NULL,
  `created_at` date NOT NULL,
  `updated_at` date NOT NULL
) ENGINE=InnoDB DEFAULT CHARSET=utf8mb4 COLLATE=utf8mb4_general_ci;

-- --------------------------------------------------------

--
-- Table structure for table `product_tags`
--

CREATE TABLE `product_tags` (
  `id` bigint(20) UNSIGNED NOT NULL,
  `name` varchar(191) DEFAULT NULL,
  `seller_id` int(11) NOT NULL,
  `created_at` timestamp NULL DEFAULT NULL,
  `updated_at` timestamp NULL DEFAULT NULL,
  `deleted_at` timestamp NULL DEFAULT NULL
) ENGINE=InnoDB DEFAULT CHARSET=utf8mb4 COLLATE=utf8mb4_unicode_ci;

--
-- Dumping data for table `product_tags`
--

INSERT INTO `product_tags` (`id`, `name`, `seller_id`, `created_at`, `updated_at`, `deleted_at`) VALUES
(1, 'New Product', 15, '2021-07-03 01:08:40', '2021-07-14 08:43:13', NULL),
(2, 'End Production Line', 15, '2021-07-03 01:08:46', '2021-07-03 01:08:46', NULL),
(3, 'Need Media Image', 15, '2021-07-06 00:05:05', '2021-07-06 00:05:05', NULL);

-- --------------------------------------------------------

--
-- Table structure for table `purchases`
--

CREATE TABLE `purchases` (
  `id` int(11) NOT NULL,
  `production_unit_id` int(11) NOT NULL,
  `order_date` date NOT NULL,
  `seller_id` int(11) NOT NULL,
  `have_services` int(11) DEFAULT NULL,
  `supplier_id` int(11) DEFAULT NULL,
  `shop_id` int(11) DEFAULT NULL,
  `payment_url` varchar(255) DEFAULT NULL,
  `payment_status` int(11) NOT NULL,
  `place_order_time` datetime DEFAULT NULL,
  `sign` varchar(350) DEFAULT NULL,
  `payment_date` datetime DEFAULT NULL,
  `order_id` varchar(255) NOT NULL,
  `is_confirmed` int(11) NOT NULL DEFAULT 0,
  `purchase_status` int(11) NOT NULL DEFAULT 1,
  `payment_method` int(11) DEFAULT NULL,
  `encrepted_purchase_id` text DEFAULT NULL,
  `raw_material_price_total` varchar(11) DEFAULT NULL,
  `extra_charge_total` varchar(11) NOT NULL,
  `total_discount` varchar(11) DEFAULT NULL,
  `in_total` varchar(50) NOT NULL,
  `owner_type` varchar(20) NOT NULL,
  `payment_type` varchar(11) NOT NULL,
  `user_id` int(11) DEFAULT NULL COMMENT 'for dropshippers',
  `created_by` int(11) DEFAULT NULL,
  `created_at` timestamp NULL DEFAULT NULL,
  `updated_at` timestamp NULL DEFAULT NULL
) ENGINE=InnoDB DEFAULT CHARSET=utf8mb4 COLLATE=utf8mb4_general_ci;

--
-- Dumping data for table `purchases`
--

INSERT INTO `purchases` (`id`, `production_unit_id`, `order_date`, `seller_id`, `have_services`, `supplier_id`, `shop_id`, `payment_url`, `payment_status`, `place_order_time`, `sign`, `payment_date`, `order_id`, `is_confirmed`, `purchase_status`, `payment_method`, `encrepted_purchase_id`, `raw_material_price_total`, `extra_charge_total`, `total_discount`, `in_total`, `owner_type`, `payment_type`, `user_id`, `created_by`, `created_at`, `updated_at`) VALUES
(1, 1, '2025-01-26', 1, 0, 1, NULL, NULL, 0, NULL, NULL, NULL, '', 0, 1, NULL, NULL, '0', '0', '0.00', '0', '', '', 1, 1, '2025-01-26 10:28:32', '2025-01-26 10:28:32');

-- --------------------------------------------------------

--
-- Table structure for table `purchase_details`
--

CREATE TABLE `purchase_details` (
  `id` int(11) NOT NULL,
  `production_unit_id` int(11) NOT NULL,
  `purchase_id` int(11) DEFAULT NULL,
  `raw_material_id` int(11) DEFAULT NULL,
  `shop_id` int(11) DEFAULT NULL,
  `quantity` varchar(11) DEFAULT NULL,
  `price` decimal(11,2) NOT NULL DEFAULT 0.00,
  `discount` varchar(11) DEFAULT NULL,
  `seller_id` int(11) DEFAULT NULL,
  `created_at` timestamp NULL DEFAULT NULL,
  `updated_at` timestamp NULL DEFAULT NULL
) ENGINE=InnoDB DEFAULT CHARSET=utf8mb4 COLLATE=utf8mb4_general_ci;

--
-- Dumping data for table `purchase_details`
--

INSERT INTO `purchase_details` (`id`, `production_unit_id`, `purchase_id`, `raw_material_id`, `shop_id`, `quantity`, `price`, `discount`, `seller_id`, `created_at`, `updated_at`) VALUES
(1, 0, 1, 5, NULL, '34', 0.00, NULL, 1, '2025-01-26 10:28:32', '2025-01-26 10:28:32');

-- --------------------------------------------------------

--
-- Table structure for table `purchase_extra_charges`
--

CREATE TABLE `purchase_extra_charges` (
  `id` int(11) NOT NULL,
  `production_unit_id` int(11) NOT NULL,
  `purchase_id` int(11) DEFAULT NULL,
  `name` varchar(200) DEFAULT NULL,
  `shop_id` int(11) DEFAULT NULL,
  `price` decimal(11,2) NOT NULL DEFAULT 0.00,
  `seller_id` int(11) DEFAULT NULL,
  `created_at` timestamp NULL DEFAULT NULL,
  `updated_at` timestamp NULL DEFAULT NULL
) ENGINE=InnoDB DEFAULT CHARSET=utf8mb4 COLLATE=utf8mb4_general_ci;

-- --------------------------------------------------------

--
-- Table structure for table `raw_materials`
--

CREATE TABLE `raw_materials` (
  `id` bigint(20) UNSIGNED NOT NULL,
  `name` text NOT NULL,
  `unit` varchar(191) DEFAULT NULL,
  `status` int(11) DEFAULT NULL,
  `seller_id` int(11) DEFAULT NULL,
  `created_at` timestamp NULL DEFAULT NULL,
  `updated_at` timestamp NULL DEFAULT NULL
) ENGINE=InnoDB DEFAULT CHARSET=utf8mb4 COLLATE=utf8mb4_unicode_ci;

--
-- Dumping data for table `raw_materials`
--

INSERT INTO `raw_materials` (`id`, `name`, `unit`, `status`, `seller_id`, `created_at`, `updated_at`) VALUES
(1, 'Wood Powder', 'pcs', 1, NULL, '2025-01-14 12:20:32', '2025-01-14 12:22:02'),
(2, 'CSP', 'Kg', 1, NULL, '2025-01-14 12:23:25', '2025-01-14 12:23:25'),
(3, 'TSHP', 'Kg', 1, NULL, '2025-01-14 12:24:01', '2025-01-14 12:24:01'),
(4, 'Joss Powder', 'Kg', 1, NULL, '2025-01-14 12:24:21', '2025-01-14 12:24:21'),
(5, 'Chemical', 'Kg', 1, NULL, '2025-01-14 12:24:52', '2025-01-14 12:24:52'),
(6, 'Color Violet', 'Kg', 1, NULL, '2025-01-14 12:25:12', '2025-01-14 12:25:12'),
(7, 'Color Red', 'Kg', 1, NULL, '2025-01-14 12:25:27', '2025-01-14 12:25:27'),
(8, 'Color Green', 'Kg', 1, NULL, '2025-01-14 12:25:43', '2025-01-14 12:25:43'),
(9, 'Color Black', 'Kg', 1, NULL, '2025-01-14 12:25:56', '2025-01-14 12:25:56'),
(10, 'Color Yellow', 'Kg', 1, NULL, '2025-01-14 12:26:11', '2025-01-14 12:26:11');

-- --------------------------------------------------------

--
-- Table structure for table `receive_payments`
--

CREATE TABLE `receive_payments` (
  `id` int(11) NOT NULL,
  `production_unit_id` int(11) NOT NULL,
  `shop_id` int(11) NOT NULL,
  `receive_for` varchar(50) DEFAULT NULL,
  `amount` varchar(100) DEFAULT NULL,
  `paid` double(11,2) NOT NULL,
  `order_id` int(11) DEFAULT NULL,
  `service_id` int(11) NOT NULL,
  `type` varchar(20) NOT NULL,
  `customer_id` int(11) NOT NULL,
  `lender_id` int(11) NOT NULL,
  `user_id` int(11) DEFAULT NULL,
  `payment_date` date DEFAULT NULL,
  `payment_time` varchar(100) DEFAULT NULL,
  `payment_method_id` varchar(11) DEFAULT NULL,
  `bank_or_mobile_wallet_id` int(11) DEFAULT NULL,
  `account_no_id` int(11) DEFAULT NULL,
  `notes` varchar(100) DEFAULT NULL,
  `created_at` timestamp NULL DEFAULT NULL,
  `updated_at` timestamp NULL DEFAULT NULL,
  `is_confirmed` int(11) NOT NULL DEFAULT 0,
  `is_refund` int(11) NOT NULL
) ENGINE=InnoDB DEFAULT CHARSET=utf8 COLLATE=utf8_general_ci;

--
-- Dumping data for table `receive_payments`
--

INSERT INTO `receive_payments` (`id`, `production_unit_id`, `shop_id`, `receive_for`, `amount`, `paid`, `order_id`, `service_id`, `type`, `customer_id`, `lender_id`, `user_id`, `payment_date`, `payment_time`, `payment_method_id`, `bank_or_mobile_wallet_id`, `account_no_id`, `notes`, `created_at`, `updated_at`, `is_confirmed`, `is_refund`) VALUES
(1, 1, 0, NULL, '10000', 10000.00, 3, 0, 'customer', 1, 0, NULL, '2025-01-16', '05:13', '2', 2, 12, 'From Sale', '2025-01-16 11:43:06', '2025-01-16 11:43:06', 1, 0),
(2, 1, 0, NULL, '5000', 5000.00, 4, 0, 'customer', 2, 0, NULL, '2025-01-20', '04:42', '1', NULL, 0, 'From Sale', '2025-01-20 10:42:17', '2025-01-20 10:42:17', 1, 0),
(3, 1, 0, '', '500', 500.00, 0, 0, 'customer', 3, 0, 1, '2025-01-26', NULL, '1', 0, 0, NULL, '2025-01-26 10:28:09', '2025-01-26 10:28:09', 0, 0);

-- --------------------------------------------------------

--
-- Table structure for table `rm_stock_logs`
--

CREATE TABLE `rm_stock_logs` (
  `id` int(11) NOT NULL,
  `stock_date` date NOT NULL,
  `production_unit_id` int(11) NOT NULL,
  `daily_production_id` int(11) DEFAULT NULL,
  `purchase_id` int(11) NOT NULL,
  `raw_material_id` int(11) NOT NULL,
  `price` decimal(11,2) NOT NULL,
  `quantity` varchar(11) NOT NULL,
  `defect_quantity` int(11) DEFAULT NULL,
  `staff_id` int(11) DEFAULT NULL,
  `seller_id` int(11) DEFAULT NULL,
  `stock_status` int(11) NOT NULL COMMENT '1 = check in, 0 = check out, 2 = defect',
  `is_defect` int(11) NOT NULL DEFAULT 0,
  `defect_note` text DEFAULT NULL,
  `defect_result` varchar(300) DEFAULT NULL,
  `defect_status` varchar(50) DEFAULT NULL,
  `created_at` date DEFAULT NULL,
  `updated_at` date DEFAULT NULL,
  `deleted_at` timestamp NULL DEFAULT NULL
) ENGINE=InnoDB DEFAULT CHARSET=utf8mb4 COLLATE=utf8mb4_general_ci;

--
-- Dumping data for table `rm_stock_logs`
--

INSERT INTO `rm_stock_logs` (`id`, `stock_date`, `production_unit_id`, `daily_production_id`, `purchase_id`, `raw_material_id`, `price`, `quantity`, `defect_quantity`, `staff_id`, `seller_id`, `stock_status`, `is_defect`, `defect_note`, `defect_result`, `defect_status`, `created_at`, `updated_at`, `deleted_at`) VALUES
(1, '0000-00-00', 1, NULL, 1, 5, 0.00, '34', NULL, NULL, 1, 1, 0, NULL, NULL, NULL, '2025-01-26', '2025-01-26', NULL);

-- --------------------------------------------------------

--
-- Table structure for table `roles`
--

CREATE TABLE `roles` (
  `id` int(10) UNSIGNED NOT NULL,
  `name` varchar(191) NOT NULL,
  `user_type` int(11) NOT NULL COMMENT '0=staff, 1=dropshipper',
  `slug` varchar(191) NOT NULL,
  `description` text DEFAULT NULL,
  `active_status` tinyint(4) NOT NULL DEFAULT 1,
  `created_at` timestamp NULL DEFAULT NULL,
  `updated_at` timestamp NULL DEFAULT NULL
) ENGINE=InnoDB DEFAULT CHARSET=utf8mb4 COLLATE=utf8mb4_unicode_ci;

--
-- Dumping data for table `roles`
--

INSERT INTO `roles` (`id`, `name`, `user_type`, `slug`, `description`, `active_status`, `created_at`, `updated_at`) VALUES
(1, 'superadmin', 0, '', 'Super Admin', 1, '2021-06-12 03:42:43', '2024-06-14 18:41:49'),
(2, 'admin', 0, '', 'Admin', 1, '2021-06-27 08:53:56', '2024-06-19 15:55:02'),
(5, 'staff', 0, '', 'Staff', 1, '2024-06-19 15:56:51', '2024-06-19 15:56:51'),
(6, 'owner', 0, '', 'Owner', 1, NULL, NULL);

-- --------------------------------------------------------

--
-- Table structure for table `roles_permissions`
--

CREATE TABLE `roles_permissions` (
  `role_id` int(10) UNSIGNED NOT NULL,
  `permission` text NOT NULL,
  `permission_id` int(10) UNSIGNED NOT NULL,
  `created_by` int(11) DEFAULT NULL,
  `updated_by` int(11) DEFAULT NULL,
  `created_at` timestamp NULL DEFAULT NULL,
  `updated_at` timestamp NULL DEFAULT NULL
) ENGINE=InnoDB DEFAULT CHARSET=utf8mb4 COLLATE=utf8mb4_unicode_ci;

--
-- Dumping data for table `roles_permissions`
--

INSERT INTO `roles_permissions` (`role_id`, `permission`, `permission_id`, `created_by`, `updated_by`, `created_at`, `updated_at`) VALUES
(2, '[\"add_product\",\"edit_product\",\"delete_product\",\"add_remove_stock_product\",\"create_sale\",\"edit_sale\",\"delete_sale\",\"create_purchase\",\"edit_purchase\",\"delete_purchase\",\"add_customer\",\"edit_customer\",\"delete_customer\",\"add_supplier\",\"edit_supplier\",\"delete_supplier\",\"add_employee\",\"edit_employee\",\"delete_employee\",\"add_lender\",\"edit_lender\",\"delete_lender\"]', 0, 59, NULL, '2024-08-06 11:47:15', '2024-08-06 11:47:15'),
(5, '[\"add_product\",\"edit_product\",\"delete_product\",\"add_remove_stock_product\",\"create_sale\",\"edit_sale\",\"create_purchase\",\"delete_purchase\",\"add_customer\",\"edit_customer\",\"add_supplier\",\"add_employee\",\"edit_employee\",\"add_lender\",\"edit_lender\"]', 0, 79, NULL, '2024-08-26 02:04:05', '2024-08-26 02:04:05');

-- --------------------------------------------------------

--
-- Table structure for table `services`
--

CREATE TABLE `services` (
  `id` int(11) NOT NULL,
  `seller_id` int(11) NOT NULL,
  `channel` varchar(50) DEFAULT NULL,
  `channel_id` int(11) DEFAULT NULL COMMENT '1 = facebook,2 = line,3 = phone',
  `customer_type` varchar(50) NOT NULL,
  `customer_name` varchar(150) DEFAULT NULL,
  `contact_phone` varchar(15) DEFAULT NULL,
  `shop_id` int(11) DEFAULT NULL,
  `payment_url` varchar(255) DEFAULT NULL,
  `payment_status` int(11) NOT NULL,
  `place_order_time` datetime DEFAULT NULL,
  `sign` varchar(350) DEFAULT NULL,
  `payment_channel_from_ksher` varchar(100) DEFAULT NULL,
  `payment_date` datetime DEFAULT NULL,
  `service_id` varchar(255) NOT NULL,
  `is_confirmed` int(11) NOT NULL DEFAULT 0,
  `order_status` int(11) NOT NULL DEFAULT 0,
  `payment_method` int(11) DEFAULT NULL,
  `encrepted_service_id` text DEFAULT NULL,
  `sub_total` int(11) DEFAULT NULL,
  `tax_rate` decimal(11,2) NOT NULL DEFAULT 0.00,
  `shipping_cost` varchar(50) DEFAULT NULL,
  `total_discount` int(11) DEFAULT NULL,
  `total_product_weight` int(11) DEFAULT NULL,
  `in_total` varchar(50) NOT NULL,
  `customer_id` varchar(20) DEFAULT NULL,
  `payment_type` varchar(11) NOT NULL,
  `user_id` int(11) DEFAULT NULL COMMENT 'for dropshippers',
  `created_by` int(11) DEFAULT NULL,
  `created_at` timestamp NULL DEFAULT NULL,
  `updated_at` timestamp NULL DEFAULT NULL
) ENGINE=InnoDB DEFAULT CHARSET=utf8mb4 COLLATE=utf8mb4_general_ci;

-- --------------------------------------------------------

--
-- Table structure for table `service_details`
--

CREATE TABLE `service_details` (
  `id` int(11) NOT NULL,
  `order_management_id` int(11) DEFAULT NULL,
  `service_name` varchar(200) DEFAULT NULL,
  `shop_id` int(11) DEFAULT NULL,
  `price` decimal(11,2) NOT NULL DEFAULT 0.00,
  `ram_id` int(11) NOT NULL,
  `employee_id` int(11) NOT NULL,
  `seller_id` int(11) DEFAULT NULL,
  `created_at` timestamp NULL DEFAULT NULL,
  `updated_at` timestamp NULL DEFAULT NULL
) ENGINE=InnoDB DEFAULT CHARSET=utf8mb4 COLLATE=utf8mb4_general_ci;

--
-- Dumping data for table `service_details`
--

INSERT INTO `service_details` (`id`, `order_management_id`, `service_name`, `shop_id`, `price`, `ram_id`, `employee_id`, `seller_id`, `created_at`, `updated_at`) VALUES
(1, 4, 'Services', NULL, 500.00, 0, 0, 1, '2025-01-20 10:42:17', '2025-01-20 10:42:17'),
(2, 5, 'Services', NULL, 500.00, 0, 0, 1, '2025-01-20 14:36:47', '2025-01-20 14:36:47');

-- --------------------------------------------------------

--
-- Table structure for table `shipments`
--

CREATE TABLE `shipments` (
  `id` int(11) NOT NULL,
  `shipment_status` int(11) DEFAULT 10,
  `shipment_date` date DEFAULT NULL,
  `print_status` int(11) NOT NULL DEFAULT 0,
  `print_date_time` datetime DEFAULT NULL,
  `print_by` int(11) DEFAULT NULL,
  `pack_status` varchar(100) NOT NULL DEFAULT '0',
  `packed_date_time` datetime DEFAULT NULL,
  `packed_by` int(11) NOT NULL,
  `order_id` int(11) NOT NULL,
  `seller_id` int(11) NOT NULL,
  `created_at` timestamp NULL DEFAULT NULL,
  `updated_at` timestamp NULL DEFAULT NULL,
  `is_custom` int(11) DEFAULT NULL,
  `is_woo` int(11) DEFAULT NULL,
  `mark_as_shipped_status` int(10) UNSIGNED NOT NULL,
  `mark_as_shipped_date_time` date DEFAULT NULL,
  `mark_as_shipped_by` int(11) DEFAULT NULL,
  `shipment_for` int(11) DEFAULT NULL,
  `shop_id` int(11) NOT NULL
) ENGINE=InnoDB DEFAULT CHARSET=utf8 COLLATE=utf8_general_ci;

--
-- Dumping data for table `shipments`
--

INSERT INTO `shipments` (`id`, `shipment_status`, `shipment_date`, `print_status`, `print_date_time`, `print_by`, `pack_status`, `packed_date_time`, `packed_by`, `order_id`, `seller_id`, `created_at`, `updated_at`, `is_custom`, `is_woo`, `mark_as_shipped_status`, `mark_as_shipped_date_time`, `mark_as_shipped_by`, `shipment_for`, `shop_id`) VALUES
(198, 11, '2021-11-21', 0, NULL, NULL, '0', NULL, 0, 10854, 15, '2021-11-21 05:35:43', NULL, 0, NULL, 0, NULL, NULL, 5, 5),
(199, 10, '2024-06-11', 0, NULL, NULL, '0', NULL, 0, 9687, 15, '2024-06-11 12:04:50', '2024-06-11 12:04:50', NULL, NULL, 0, NULL, NULL, NULL, 0),
(200, 10, '2024-06-11', 0, NULL, NULL, '0', NULL, 0, 9705, 15, '2024-06-11 12:04:50', '2024-06-11 12:04:50', NULL, NULL, 0, NULL, NULL, NULL, 0);

-- --------------------------------------------------------

--
-- Table structure for table `shipment_products`
--

CREATE TABLE `shipment_products` (
  `id` int(11) NOT NULL,
  `shipment_id` int(11) DEFAULT NULL,
  `product_id` int(11) DEFAULT NULL,
  `variation_id` int(11) NOT NULL,
  `ordered_qty` int(11) NOT NULL,
  `quantity` int(11) DEFAULT NULL,
  `order_id` int(11) NOT NULL,
  `created_at` timestamp NULL DEFAULT NULL,
  `updated_at` timestamp NULL DEFAULT NULL
) ENGINE=InnoDB DEFAULT CHARSET=utf8 COLLATE=utf8_general_ci;

-- --------------------------------------------------------

--
-- Table structure for table `shippers`
--

CREATE TABLE `shippers` (
  `id` int(10) UNSIGNED NOT NULL,
  `name` varchar(255) NOT NULL,
  `seller_id` int(11) DEFAULT NULL
) ENGINE=InnoDB DEFAULT CHARSET=utf8mb4 COLLATE=utf8mb4_general_ci;

--
-- Dumping data for table `shippers`
--

INSERT INTO `shippers` (`id`, `name`, `seller_id`) VALUES
(1, 'EMS (2-5 Days)', 15),
(2, 'Jingjo Packaging', NULL),
(3, 'Kerry Express', NULL),
(5, 'Kerry Express (2-7 Days)', 15),
(6, 'test', 79);

-- --------------------------------------------------------

--
-- Table structure for table `shipping_costs`
--

CREATE TABLE `shipping_costs` (
  `id` int(11) NOT NULL,
  `shipper_id` int(11) DEFAULT NULL,
  `name` varchar(100) DEFAULT NULL,
  `weight_from` int(11) DEFAULT NULL,
  `weight_to` int(11) DEFAULT NULL,
  `price` varchar(255) DEFAULT NULL,
  `seller_id` int(11) DEFAULT NULL,
  `created_at` date DEFAULT NULL,
  `updated_at` date DEFAULT NULL
) ENGINE=InnoDB DEFAULT CHARSET=utf8mb4 COLLATE=utf8mb4_general_ci;

--
-- Dumping data for table `shipping_costs`
--

INSERT INTO `shipping_costs` (`id`, `shipper_id`, `name`, `weight_from`, `weight_to`, `price`, `seller_id`, `created_at`, `updated_at`) VALUES
(59, 0, 'test (Custom)', 0, 0, '222', NULL, '2024-06-06', '2024-06-06'),
(60, 6, 'test1', 100, 500, '600', 79, '2024-06-24', '2024-06-24');

-- --------------------------------------------------------

--
-- Table structure for table `ship_types`
--

CREATE TABLE `ship_types` (
  `id` int(11) NOT NULL,
  `name` varchar(250) DEFAULT NULL,
  `created_at` date NOT NULL,
  `updated_at` date NOT NULL
) ENGINE=InnoDB DEFAULT CHARSET=utf8mb4 COLLATE=utf8mb4_general_ci;

--
-- Dumping data for table `ship_types`
--

INSERT INTO `ship_types` (`id`, `name`, `created_at`, `updated_at`) VALUES
(4, 'EK', '2021-07-03', '2021-07-03'),
(5, 'SEA', '2021-07-03', '2021-07-03'),
(6, 'Ship From Thailand', '2021-07-10', '2021-07-10');

-- --------------------------------------------------------

--
-- Table structure for table `shops`
--

CREATE TABLE `shops` (
  `id` int(11) NOT NULL,
  `name` varchar(255) NOT NULL,
  `shop_type` longtext CHARACTER SET utf8mb4 COLLATE utf8mb4_bin DEFAULT NULL,
  `phone_showroom` varchar(50) DEFAULT NULL,
  `phone_service` varchar(100) DEFAULT NULL,
  `email` varchar(50) NOT NULL,
  `district` varchar(100) DEFAULT NULL,
  `sub_district` varchar(100) DEFAULT NULL,
  `province` varchar(100) DEFAULT NULL,
  `postcode` varchar(100) DEFAULT NULL,
  `address` varchar(300) DEFAULT NULL,
  `seller_id` int(11) NOT NULL,
  `logo` varchar(200) DEFAULT NULL,
  `username` varchar(191) DEFAULT NULL,
  `password` varchar(191) DEFAULT NULL,
  `created_at` date DEFAULT NULL,
  `updated_at` date DEFAULT NULL,
  `updated_by` int(11) DEFAULT NULL
) ENGINE=InnoDB DEFAULT CHARSET=utf8mb4 COLLATE=utf8mb4_general_ci;

-- --------------------------------------------------------

--
-- Table structure for table `sister_concerns`
--

CREATE TABLE `sister_concerns` (
  `id` int(11) NOT NULL,
  `shop_id` int(11) NOT NULL,
  `name` varchar(120) DEFAULT NULL,
  `initial_due_amount` varchar(11) DEFAULT NULL,
  `contact_phone` varchar(15) DEFAULT NULL,
  `seller_id` int(11) DEFAULT NULL,
  `created_at` timestamp NULL DEFAULT NULL,
  `updated_at` timestamp NULL DEFAULT NULL,
  `deleted_at` timestamp NULL DEFAULT NULL
) ENGINE=InnoDB DEFAULT CHARSET=utf8 COLLATE=utf8_general_ci;

-- --------------------------------------------------------

--
-- Table structure for table `sizes`
--

CREATE TABLE `sizes` (
  `id` int(11) NOT NULL,
  `shop_id` int(11) NOT NULL,
  `name` varchar(100) DEFAULT NULL,
  `seller_id` int(11) DEFAULT NULL,
  `created_at` timestamp NOT NULL DEFAULT current_timestamp(),
  `updated_at` timestamp NULL DEFAULT NULL
) ENGINE=InnoDB DEFAULT CHARSET=utf8mb4 COLLATE=utf8mb4_unicode_ci;

-- --------------------------------------------------------

--
-- Table structure for table `stock_ins`
--

CREATE TABLE `stock_ins` (
  `id` int(11) NOT NULL,
  `shop_id` int(11) NOT NULL,
  `product_id` int(11) DEFAULT NULL,
  `cost_price` decimal(11,2) DEFAULT 0.00,
  `quantity` int(11) DEFAULT NULL,
  `seller_id` int(11) DEFAULT NULL,
  `created_at` timestamp NULL DEFAULT NULL,
  `updated_at` timestamp NULL DEFAULT NULL
) ENGINE=InnoDB DEFAULT CHARSET=utf8 COLLATE=utf8_general_ci;

-- --------------------------------------------------------

--
-- Table structure for table `stock_logs`
--

CREATE TABLE `stock_logs` (
  `id` int(11) NOT NULL,
  `date` date NOT NULL,
  `production_unit_id` int(11) DEFAULT NULL,
  `daily_production_id` int(11) NOT NULL,
  `order_id` int(11) NOT NULL,
  `product_id` int(11) NOT NULL,
  `product_code` varchar(100) NOT NULL,
  `cost_price` decimal(11,2) DEFAULT NULL,
  `price` decimal(11,2) NOT NULL,
  `quantity` int(11) NOT NULL,
  `defect_quantity` int(11) DEFAULT NULL,
  `staff_id` int(11) DEFAULT NULL,
  `seller_id` int(11) DEFAULT NULL,
  `stock_status` int(11) NOT NULL COMMENT '1 = check in, 0 = check out, 2 = defect',
  `is_defect` int(11) NOT NULL DEFAULT 0,
  `defect_note` text DEFAULT NULL,
  `defect_result` varchar(300) DEFAULT NULL,
  `defect_status` varchar(50) DEFAULT NULL,
  `created_at` date DEFAULT NULL,
  `updated_at` date DEFAULT NULL,
  `deleted_at` timestamp NULL DEFAULT NULL
) ENGINE=InnoDB DEFAULT CHARSET=utf8mb4 COLLATE=utf8mb4_general_ci;

--
-- Dumping data for table `stock_logs`
--

INSERT INTO `stock_logs` (`id`, `date`, `production_unit_id`, `daily_production_id`, `order_id`, `product_id`, `product_code`, `cost_price`, `price`, `quantity`, `defect_quantity`, `staff_id`, `seller_id`, `stock_status`, `is_defect`, `defect_note`, `defect_result`, `defect_status`, `created_at`, `updated_at`, `deleted_at`) VALUES
(2, '0000-00-00', 1, 0, 0, 1, '', NULL, 0.00, 200, NULL, NULL, 1, 1, 0, '', NULL, NULL, '2025-01-14', '2025-01-14', NULL),
(3, '2025-01-15', 1, 0, 2, 8, '', 0.00, 700.00, 11, NULL, NULL, 1, 0, 0, NULL, NULL, NULL, '2025-01-15', '2025-01-15', NULL),
(5, '2025-01-16', 1, 0, 3, 2, '', 0.00, 840.00, 10, NULL, NULL, 1, 0, 0, NULL, NULL, NULL, '2025-01-17', '2025-01-17', NULL),
(6, '2025-01-16', 1, 0, 3, 1, '', 0.00, 840.00, 20, NULL, NULL, 1, 0, 0, NULL, NULL, NULL, '2025-01-17', '2025-01-17', NULL),
(7, '2025-01-20', 1, 0, 4, 1, '', 0.00, 700.00, 5, NULL, NULL, 1, 0, 0, NULL, NULL, NULL, '2025-01-20', '2025-01-20', NULL),
(8, '2025-01-20', 1, 0, 5, 3, '', 0.00, 900.00, 20, NULL, NULL, 1, 0, 0, NULL, NULL, NULL, '2025-01-20', '2025-01-20', NULL),
(9, '2025-01-20', 1, 0, 5, 2, '', 0.00, 700.00, 20, NULL, NULL, 1, 0, 0, NULL, NULL, NULL, '2025-01-20', '2025-01-20', NULL),
(10, '2025-01-20', 1, 0, 5, 1, '', 0.00, 5000.00, 1, NULL, NULL, 1, 0, 0, NULL, NULL, NULL, '2025-01-20', '2025-01-20', NULL),
(11, '2025-01-23', 1, 0, 6, 1, '', 0.00, 700.00, 1, NULL, NULL, 1, 0, 0, NULL, NULL, NULL, '2025-01-23', '2025-01-23', NULL),
(12, '2025-01-26', 1, 0, 7, 1, '', 0.00, 700.00, 1, NULL, NULL, 1, 0, 0, NULL, NULL, NULL, '2025-01-26', '2025-01-26', NULL),
(13, '2025-01-26', 1, 0, 8, 3, '', 0.00, 900.00, 1, NULL, NULL, 1, 0, 0, NULL, NULL, NULL, '2025-01-26', '2025-01-26', NULL),
(14, '2025-01-26', 1, 0, 9, 3, '', 0.00, 900.00, 1, NULL, NULL, 1, 0, 0, NULL, NULL, NULL, '2025-01-26', '2025-01-26', NULL),
(15, '2025-01-26', 1, 0, 10, 3, '', 0.00, 900.00, 1, NULL, NULL, 1, 0, 0, NULL, NULL, NULL, '2025-01-26', '2025-01-26', NULL),
(16, '0000-00-00', 1, 0, 0, 3, '', NULL, 0.00, 100, NULL, NULL, 1, 1, 0, '', NULL, NULL, '2025-01-26', '2025-01-26', NULL),
(17, '0000-00-00', 1, 0, 0, 1, '', NULL, 0.00, 50, NULL, NULL, 1, 1, 0, '', NULL, NULL, '2025-01-26', '2025-01-26', NULL),
(18, '0000-00-00', 1, 0, 0, 3, '', NULL, 0.00, 50, NULL, NULL, 1, 1, 0, '', NULL, NULL, '2025-01-26', '2025-01-26', NULL);

-- --------------------------------------------------------

--
-- Table structure for table `stock_product_deffect_images`
--

CREATE TABLE `stock_product_deffect_images` (
  `id` int(11) NOT NULL,
  `stock_id` int(11) NOT NULL,
  `product_id` int(11) NOT NULL,
  `image` varchar(200) DEFAULT NULL,
  `staff_id` int(11) DEFAULT NULL,
  `date` datetime NOT NULL,
  `created_at` date DEFAULT NULL,
  `updated_at` date DEFAULT NULL
) ENGINE=InnoDB DEFAULT CHARSET=utf8mb4 COLLATE=utf8mb4_general_ci;

-- --------------------------------------------------------

--
-- Table structure for table `suppliers`
--

CREATE TABLE `suppliers` (
  `id` int(11) NOT NULL,
  `production_unit_id` varchar(11) NOT NULL,
  `supplier_name` varchar(255) NOT NULL,
  `email` varchar(30) DEFAULT NULL,
  `phone` varchar(20) DEFAULT NULL,
  `address` text DEFAULT NULL,
  `status` text DEFAULT NULL COMMENT 'activate=1,deactivate=0',
  `seller_id` int(11) NOT NULL,
  `created_at` date NOT NULL,
  `updated_at` date NOT NULL
) ENGINE=InnoDB DEFAULT CHARSET=utf8mb4 COLLATE=utf8mb4_general_ci;

--
-- Dumping data for table `suppliers`
--

INSERT INTO `suppliers` (`id`, `production_unit_id`, `supplier_name`, `email`, `phone`, `address`, `status`, `seller_id`, `created_at`, `updated_at`) VALUES
(1, '1', 'Tip Top', NULL, '01975-76666', 'Dhaka', '1', 1, '2025-01-14', '2025-01-14'),
(2, '1', 'Saiful ', NULL, '43545454', 'Matuail', '1', 1, '2025-01-14', '2025-01-14'),
(3, '1', 'Razib', NULL, '01711-4545454', 'Mitford ,Dhaka', '1', 1, '2025-01-14', '2025-01-14');

-- --------------------------------------------------------

--
-- Table structure for table `supplier_contacts`
--

CREATE TABLE `supplier_contacts` (
  `id` int(11) NOT NULL,
  `supplier_id` int(11) NOT NULL,
  `contact_channel` varchar(255) DEFAULT NULL,
  `contact` varchar(100) DEFAULT NULL,
  `created_at` timestamp NULL DEFAULT NULL,
  `updated_at` timestamp NULL DEFAULT NULL
) ENGINE=InnoDB DEFAULT CHARSET=utf8mb4 COLLATE=utf8mb4_unicode_ci;

-- --------------------------------------------------------

--
-- Table structure for table `tax_rate_settings`
--

CREATE TABLE `tax_rate_settings` (
  `id` int(10) UNSIGNED NOT NULL,
  `seller_id` int(11) NOT NULL DEFAULT 0,
  `tax_name` varchar(20) DEFAULT 'VAT',
  `tax_rate` decimal(11,2) NOT NULL DEFAULT 0.00,
  `tax_number` varchar(20) DEFAULT NULL,
  `company_name` varchar(50) DEFAULT NULL,
  `company_logo` varchar(191) DEFAULT NULL,
  `company_phone` varchar(20) DEFAULT NULL,
  `company_contact_person` varchar(30) DEFAULT NULL,
  `company_address` text DEFAULT NULL,
  `company_province` varchar(50) DEFAULT NULL,
  `company_district` varchar(50) DEFAULT NULL,
  `company_sub_district` varchar(50) DEFAULT NULL,
  `company_postcode` varchar(5) DEFAULT NULL,
  `created_at` timestamp NULL DEFAULT NULL,
  `updated_at` timestamp NULL DEFAULT NULL
) ENGINE=InnoDB DEFAULT CHARSET=utf8mb4 COLLATE=utf8mb4_unicode_ci;

--
-- Dumping data for table `tax_rate_settings`
--

INSERT INTO `tax_rate_settings` (`id`, `seller_id`, `tax_name`, `tax_rate`, `tax_number`, `company_name`, `company_logo`, `company_phone`, `company_contact_person`, `company_address`, `company_province`, `company_district`, `company_sub_district`, `company_postcode`, `created_at`, `updated_at`) VALUES
(2, 79, 'VAT', 15.00, NULL, NULL, NULL, NULL, NULL, NULL, NULL, NULL, NULL, NULL, '2024-06-24 06:18:00', '2024-06-24 06:18:00');

-- --------------------------------------------------------

--
-- Table structure for table `tracking_logs`
--

CREATE TABLE `tracking_logs` (
  `id` int(11) NOT NULL,
  `seller_id` int(11) NOT NULL,
  `track_id` varchar(255) NOT NULL,
  `date` date NOT NULL,
  `created_at` date DEFAULT NULL,
  `updated_at` date DEFAULT NULL
) ENGINE=InnoDB DEFAULT CHARSET=utf8mb4 COLLATE=utf8mb4_general_ci;

-- --------------------------------------------------------

--
-- Table structure for table `translations`
--

CREATE TABLE `translations` (
  `id` int(10) UNSIGNED NOT NULL,
  `key` varchar(191) NOT NULL,
  `lang_en` varchar(191) DEFAULT NULL,
  `lang_bn` varchar(191) DEFAULT NULL,
  `created_at` timestamp NULL DEFAULT NULL,
  `updated_at` timestamp NULL DEFAULT NULL
) ENGINE=InnoDB DEFAULT CHARSET=utf8mb4 COLLATE=utf8mb4_unicode_ci;

--
-- Dumping data for table `translations`
--

INSERT INTO `translations` (`id`, `key`, `lang_en`, `lang_bn`, `created_at`, `updated_at`) VALUES
(185, 'auth.password', 'Password', NULL, '2021-09-03 07:59:44', NULL),
(186, 'Order List', 'Order List', NULL, '2021-09-03 07:59:44', NULL),
(187, 'Edit', 'Edit', NULL, '2021-09-03 07:59:44', NULL),
(188, 'Delete', 'Delete', NULL, '2021-09-03 07:59:44', NULL),
(189, 'Images', 'Images', NULL, '2021-09-03 07:59:44', NULL),
(190, 'Change Password', 'Change Password', NULL, '2021-09-03 07:59:44', NULL),
(191, 'Assign Permission', 'Assign Permission', NULL, '2021-09-03 07:59:44', NULL),
(192, 'lazada.shop.token.refresh', 'Refresh', NULL, '2021-09-03 07:59:44', NULL),
(193, 'lazada.shop.added', 'Added', NULL, '2021-09-03 07:59:44', NULL),
(194, 'lazada.shop.updated', 'Updated', NULL, '2021-09-03 07:59:44', NULL),
(195, 'lazada.shop.deleted', 'Deleted', NULL, '2021-09-03 07:59:44', NULL),
(196, 'lazada.product.updated', 'Updated', NULL, '2021-09-03 07:59:44', NULL),
(197, 'lazada.shop.down', 'Down', NULL, '2021-09-03 07:59:44', NULL),
(198, 'lazada.product.not_found', 'Not found', NULL, '2021-09-03 07:59:44', NULL),
(199, 'lazada.product.deleted', 'Deleted', NULL, '2021-09-03 07:59:44', NULL),
(200, 'global.data_not_found', 'Data not found', NULL, '2021-09-03 07:59:44', NULL),
(201, 'Add to Cart', 'Add to Cart', NULL, '2021-09-03 07:59:44', NULL),
(202, 'Data not found', 'Data not found', NULL, '2021-09-03 07:59:44', NULL),
(203, 'Edit Product Tag', 'Edit Product Tag', NULL, '2021-09-03 07:59:44', NULL),
(204, 'Detail', 'Detail', NULL, '2021-09-03 07:59:44', NULL),
(205, 'Stock Adjust', 'Stock Adjust', NULL, '2021-09-03 07:59:44', NULL),
(206, 'Inventory Sync', 'Inventory Sync', NULL, '2021-09-03 07:59:44', NULL),
(207, 'products_msg.product.added', 'Added', NULL, '2021-09-03 07:59:44', NULL),
(208, 'products_msg.quantity.checkIn', 'CheckIn', NULL, '2021-09-03 07:59:44', NULL),
(209, 'global.internal_server_error', 'Internal server error', NULL, '2021-09-03 07:59:44', NULL),
(210, 'products_msg.quantity.quantityAlert', 'QuantityAlert', NULL, '2021-09-03 07:59:44', NULL),
(211, 'products_msg.quantity.checkOut', 'CheckOut', NULL, '2021-09-03 07:59:44', NULL),
(212, 'products_msg.quantity.quantityError', 'QuantityError', NULL, '2021-09-03 07:59:44', NULL),
(213, 'products_msg.stock.delete', 'Delete', NULL, '2021-09-03 07:59:44', NULL),
(214, 'Inventory Link', 'Inventory Link', NULL, '2021-09-03 07:59:44', NULL),
(215, 'products_msg.product_link.linked', 'Linked', NULL, '2021-09-03 07:59:44', NULL),
(216, 'products_msg.product_link.no_new_link', 'No new link', NULL, '2021-09-03 07:59:44', NULL),
(217, 'shopee.shop.down', 'Down', NULL, '2021-09-03 07:59:44', NULL),
(218, 'products_msg.product_link.synced', 'Synced', NULL, '2021-09-03 07:59:44', NULL),
(219, 'products_msg.product_link.no_product', 'No product', NULL, '2021-09-03 07:59:44', NULL),
(220, 'products_msg.product_link.api_error', 'Api error', NULL, '2021-09-03 07:59:44', NULL),
(221, 'products_msg.product_link.link_processing', 'Link processing', NULL, '2021-09-03 07:59:44', NULL),
(222, 'products_msg.product_link.sync_processing', 'Sync processing', NULL, '2021-09-03 07:59:44', NULL),
(223, 'Data successfully deleted.', 'Data successfully deleted', '-', '2021-09-03 07:59:44', '2021-09-03 08:06:04'),
(224, 'Sorry, something went wrong', 'Sorry, something went wrong', NULL, '2021-09-03 07:59:44', NULL),
(225, 'products_msg.quantity.updated', 'Updated', NULL, '2021-09-03 07:59:44', NULL),
(226, 'products_msg.import.bulk_import', 'Bulk import', NULL, '2021-09-03 07:59:44', NULL),
(227, 'Add Cost', 'Add Cost', NULL, '2021-09-03 07:59:44', NULL),
(228, 'shopee.shop.added', 'Added', NULL, '2021-09-03 07:59:44', NULL),
(229, 'shopee.shop.updated', 'Updated', NULL, '2021-09-03 07:59:44', NULL),
(230, 'shopee.shop.deleted', 'Deleted', NULL, '2021-09-03 07:59:44', NULL),
(231, 'shopee.product.updated', 'Updated', NULL, '2021-09-03 07:59:44', NULL),
(232, 'shopee.product.not_found', 'Not found', NULL, '2021-09-03 07:59:44', NULL),
(233, 'shopee.product.deleted', 'Deleted', NULL, '2021-09-03 07:59:44', NULL),
(234, 'global.data_updated', 'Data updated', NULL, '2021-09-03 07:59:44', NULL),
(235, 'language_updated', 'Language updated', NULL, '2021-09-03 07:59:44', NULL),
(236, 'something_went_wrong', 'Something went wrong', NULL, '2021-09-03 07:59:44', NULL),
(237, 'data_not_found', 'Data not found', NULL, '2021-09-03 07:59:44', NULL),
(238, 'auth.failed', 'Failed', NULL, '2021-09-03 07:59:44', NULL),
(239, 'validation.required', 'Required', NULL, '2021-09-03 07:59:44', NULL),
(240, 'Type', 'Type', NULL, '2021-09-03 07:59:44', NULL),
(241, 'Product', 'Product', NULL, '2021-09-03 07:59:44', NULL),
(242, 'All of Product', 'All of Product', NULL, '2021-09-03 07:59:44', NULL),
(243, 'Adjust Stock Qty', 'Adjust Stock Qty', NULL, '2021-09-03 07:59:44', NULL),
(244, 'All of Adjust Stock Qty', 'All of Adjust Stock Qty', NULL, '2021-09-03 07:59:44', NULL),
(245, 'Add Stock', 'Add Stock', NULL, '2021-09-03 07:59:44', NULL),
(246, 'Remove Stock', 'Remove Stock', NULL, '2021-09-03 07:59:44', NULL),
(247, 'validation.invalid', 'Invalid', NULL, '2021-09-03 07:59:44', NULL),
(248, 'ID', 'ID', NULL, '2021-09-03 07:59:44', NULL),
(249, 'Date Time', 'Date Time', NULL, '2021-09-03 07:59:44', NULL),
(250, 'Quantity', 'Quantity', NULL, '2021-09-03 07:59:44', NULL),
(251, 'Supplier Name', 'Supplier Name', NULL, '2021-09-03 07:59:44', NULL),
(252, 'Order Date', 'Order Date', NULL, '2021-09-03 07:59:44', NULL),
(253, 'Ship Date', 'Ship Date', NULL, '2021-09-03 07:59:44', NULL),
(254, 'Estimated Arrival Date From', 'Estimated Arrival Date From', NULL, '2021-09-03 07:59:44', NULL),
(255, 'Estimated Arrival Date To', 'Estimated Arrival Date To', NULL, '2021-09-03 07:59:44', NULL),
(256, 'Supply From', 'Supply From', NULL, '2021-09-03 07:59:44', NULL),
(257, 'Factory Tracking', 'Factory Tracking', NULL, '2021-09-03 07:59:44', NULL),
(258, 'Cargo Reference', 'Cargo Reference', NULL, '2021-09-03 07:59:44', NULL),
(259, 'Number of Cartons', 'Number of Cartons', NULL, '2021-09-03 07:59:44', NULL),
(260, 'Domestic Logistics', 'Domestic Logistics', NULL, '2021-09-03 07:59:44', NULL),
(261, 'Product Category', 'Product Category', NULL, '2021-09-03 07:59:44', NULL),
(262, 'Image', 'Image', NULL, '2021-09-03 07:59:44', NULL),
(263, 'Product Name', 'Product Name', NULL, '2021-09-03 07:59:44', NULL),
(264, 'Product Code', 'Product Code', NULL, '2021-09-03 07:59:44', NULL),
(265, 'Specifications', 'Specifications', NULL, '2021-09-03 07:59:44', NULL),
(266, 'Price', 'Price', NULL, '2021-09-03 07:59:44', NULL),
(267, 'Dropship Price', 'Dropship Price', NULL, '2021-09-03 07:59:44', NULL),
(268, 'Weight', 'Weight', NULL, '2021-09-03 07:59:44', NULL),
(269, 'Pieces / Pack', 'Pieces / Pack', NULL, '2021-09-03 07:59:44', NULL),
(270, 'Shop Name', 'Shop Name', NULL, '2021-09-03 07:59:44', NULL),
(271, 'Shop Price', 'Shop Price', NULL, '2021-09-03 07:59:44', NULL),
(272, 'Cost / Pc', 'Cost / Pc', NULL, '2021-09-03 07:59:44', NULL),
(273, 'Currency', 'Currency', NULL, '2021-09-03 07:59:44', NULL),
(274, 'Alert Stock', 'Alert Stock', NULL, '2021-09-03 07:59:44', NULL),
(275, 'Product ID', 'Product ID', NULL, '2021-09-03 07:59:44', NULL),
(276, 'Ship Cost', 'Ship Cost', NULL, '2021-09-03 07:59:44', NULL),
(277, 'validation.custom.product.available_stock_to_remove', 'Available stock to remove', NULL, '2021-09-03 07:59:44', NULL),
(278, 'translate.validation.custom.product.available_stock_to_remove_mass', 'Available stock to remove mass', NULL, '2021-09-03 07:59:44', NULL),
(279, 'Manage Shipper', 'Manage Shipper', NULL, '2021-09-03 07:59:44', NULL),
(280, 'Name', 'Name', NULL, '2021-09-03 07:59:44', NULL),
(281, 'Total Packages', 'Total Packages', NULL, '2021-09-03 07:59:44', NULL),
(282, 'Action', 'Action', NULL, '2021-09-03 07:59:44', NULL),
(283, 'Add Shipper', 'Add Shipper', NULL, '2021-09-03 07:59:44', NULL),
(284, 'Update Shipper', 'Update Shipper', NULL, '2021-09-03 07:59:44', NULL),
(285, 'Oops! Ada yang salah.', 'Sorry, something went wrong', '-', '2021-09-03 07:59:44', '2021-09-03 08:06:32'),
(286, 'This is a secure area of the application. Please confirm your password before continuing.', 'This is a secure area of the application. Please confirm your password before continuing', '-', '2021-09-03 07:59:44', '2021-09-03 08:07:15'),
(287, 'Password', 'Password', NULL, '2021-09-03 07:59:44', NULL),
(288, 'Confirm', 'Confirm', NULL, '2021-09-03 07:59:44', NULL),
(289, 'Forgot your password? No problem. Just let us know your email address and we will email you a password reset link that will allow you to choose a new one.', 'Forgot your password? No problem. Just let us know your email address and we will email you a password reset link that will allow you to choose a new one', '-', '2021-09-03 07:59:44', '2021-09-03 08:07:37'),
(290, 'Email', 'Email', NULL, '2021-09-03 07:59:44', NULL),
(291, 'Email Password Reset Link', 'Email Password Reset Link', NULL, '2021-09-03 07:59:44', NULL),
(292, 'Register', 'Register', NULL, '2021-09-03 07:59:44', NULL),
(293, 'Company Details', 'Company Details', NULL, '2021-09-03 07:59:44', NULL),
(294, 'Contact Details', 'Contact Details', NULL, '2021-09-03 07:59:44', NULL),
(295, 'Contact Name', 'Contact Name', NULL, '2021-09-03 07:59:44', NULL),
(296, 'Mobile Number', 'Mobile Number', NULL, '2021-09-03 07:59:44', NULL),
(297, 'Line ID', 'Line ID', NULL, '2021-09-03 07:59:44', NULL),
(298, 'Auth Details', 'Auth Details', NULL, '2021-09-03 07:59:44', NULL),
(299, 'I accept the', 'I accept the', NULL, '2021-09-03 07:59:44', NULL),
(300, 'terms and conditions', 'Terms and conditions', NULL, '2021-09-03 07:59:44', NULL),
(301, 'Sign In', 'Sign In', NULL, '2021-09-03 07:59:44', NULL),
(302, 'Confirm Password', 'Confirm Password', NULL, '2021-09-03 07:59:44', NULL),
(303, 'Reset Password', 'Reset Password', NULL, '2021-09-03 07:59:44', NULL),
(304, 'Remember me', 'Remember me', NULL, '2021-09-03 07:59:44', NULL),
(305, 'Forgot password', 'Forgot password', NULL, '2021-09-03 07:59:44', NULL),
(306, 'Signin', 'Signin', NULL, '2021-09-03 07:59:44', NULL),
(307, 'A new verification link has been sent to the email address you provided during registration.', 'A new verification link has been sent to the email address you provided during registration.', '-', '2021-09-03 07:59:44', '2021-09-03 08:07:45'),
(308, 'Resend Verification Email', 'Resend Verification Email', NULL, '2021-09-03 07:59:44', NULL),
(309, 'Log out', 'Log out', NULL, '2021-09-03 07:59:44', NULL),
(310, 'Whoops! Something went wrong.', 'Whoops! Something went wrong', '-', '2021-09-03 07:59:44', '2021-09-03 08:07:30'),
(311, 'Order Purchase', 'Order Purchase', NULL, '2021-09-03 07:59:44', NULL),
(312, 'Order ID', 'Order ID', NULL, '2021-09-03 07:59:44', NULL),
(313, 'Products Quantity', 'Products Quantity', NULL, '2021-09-03 07:59:44', NULL),
(314, 'Total Price', 'Total Price', NULL, '2021-09-03 07:59:44', NULL),
(315, 'Order Status', 'Order Status', NULL, '2021-09-03 07:59:44', NULL),
(316, 'Add Customer', 'Add Customer', NULL, '2021-09-03 07:59:44', NULL),
(317, 'Cancel', 'Cancel', NULL, '2021-09-03 07:59:44', NULL),
(318, 'Submit', 'Submit', NULL, '2021-09-03 07:59:44', NULL),
(319, 'Update Customer', 'Update Customer', NULL, '2021-09-03 07:59:44', NULL),
(320, 'Select Product Category', 'Select Product Category', NULL, '2021-09-03 07:59:44', NULL),
(321, 'Select Sub Category', 'Select Sub Category', NULL, '2021-09-03 07:59:44', NULL),
(322, 'Search', 'Search', NULL, '2021-09-03 07:59:44', NULL),
(323, 'Reset', 'Reset', NULL, '2021-09-03 07:59:44', NULL),
(324, 'Sort by', 'Sort by', NULL, '2021-09-03 07:59:44', NULL),
(325, 'All', 'All', NULL, '2021-09-03 07:59:44', NULL),
(326, 'Selected', 'Selected', NULL, '2021-09-03 07:59:44', NULL),
(327, 'Unselected', 'Unselected', NULL, '2021-09-03 07:59:44', NULL),
(328, 'Add Dropshipper', 'Add Dropshipper', NULL, '2021-09-03 07:59:44', NULL),
(329, 'Update Dropshipper', 'Update Dropshipper', NULL, '2021-09-03 07:59:44', NULL),
(330, 'Add Role', 'Add Role', NULL, '2021-09-03 07:59:44', NULL),
(331, 'Update Role', 'Update Role', NULL, '2021-09-03 07:59:44', NULL),
(332, 'Update', 'Update', NULL, '2021-09-03 07:59:44', NULL),
(333, 'Update Status', 'Update Status', NULL, '2021-09-03 07:59:44', NULL),
(334, 'Product Details', 'Product Details', NULL, '2021-09-03 07:59:44', NULL),
(335, 'Close', 'Close', NULL, '2021-09-03 07:59:44', NULL),
(336, 'Select Status', 'Select Status', NULL, '2021-09-03 07:59:44', NULL),
(337, 'Open', 'Open', NULL, '2021-09-03 07:59:44', NULL),
(338, 'Problem', 'Problem', NULL, '2021-09-03 07:59:44', NULL),
(339, 'Result', 'Result', NULL, '2021-09-03 07:59:44', NULL),
(340, 'Select Shop', 'Select Shop', NULL, '2021-09-03 07:59:44', NULL),
(341, 'Select Customer', 'Select Customer', NULL, '2021-09-03 07:59:44', NULL),
(342, 'Select Role', 'Select Role', NULL, '2021-09-03 07:59:44', NULL),
(343, 'Select Product Tag', 'Select Product Tag', NULL, '2021-09-03 07:59:44', NULL),
(344, 'Select Category', 'Select Category', NULL, '2021-09-03 07:59:44', NULL),
(345, 'Preview Image', 'Preview Image', NULL, '2021-09-03 07:59:44', NULL),
(346, 'Add', 'Add', NULL, '2021-09-03 07:59:44', NULL),
(347, 'Remove', 'Remove', NULL, '2021-09-03 07:59:44', NULL),
(348, 'PO ID', 'PO ID', NULL, '2021-09-03 07:59:44', NULL),
(349, 'Incoming Qty', 'Incoming Qty', NULL, '2021-09-03 07:59:44', NULL),
(350, 'Estimated Arrival', 'Estimated Arrival', NULL, '2021-09-03 07:59:44', NULL),
(351, 'Date From', 'Date From', NULL, '2021-09-03 07:59:44', NULL),
(352, 'Date To', 'Date To', NULL, '2021-09-03 07:59:44', NULL),
(353, 'No data', 'No data', NULL, '2021-09-03 07:59:44', NULL),
(354, 'Ship Qty', 'Ship Qty', NULL, '2021-09-03 07:59:44', NULL),
(355, 'Contact Channel', 'Contact Channel', NULL, '2021-09-03 07:59:44', NULL),
(356, 'Contact', 'Contact', NULL, '2021-09-03 07:59:44', NULL),
(357, 'Address', 'Address', NULL, '2021-09-03 07:59:44', NULL),
(358, 'Note', 'Note', NULL, '2021-09-03 07:59:44', NULL),
(359, 'Products', 'Products', NULL, '2021-09-03 07:59:44', NULL),
(360, 'Orders', 'Orders', NULL, '2021-09-03 07:59:44', NULL),
(361, 'Low Stock', 'Low Stock', NULL, '2021-09-03 07:59:44', NULL),
(362, 'product', 'Product', NULL, '2021-09-03 07:59:44', NULL),
(363, 'product_name', 'Product name', NULL, '2021-09-03 07:59:44', NULL),
(364, 'product_code', 'Product code', NULL, '2021-09-03 07:59:44', NULL),
(365, 'price', 'Price', NULL, '2021-09-03 07:59:44', NULL),
(366, 'quantity', 'Quantity', NULL, '2021-09-03 07:59:44', NULL),
(367, 'cancel', 'Cancel', NULL, '2021-09-03 07:59:44', NULL),
(368, 'update_data', 'Update data', NULL, '2021-09-03 07:59:44', NULL),
(369, 'Dashboard', 'Dashboard', NULL, '2021-09-03 07:59:44', NULL),
(370, 'Manage Tracking', 'Manage Tracking', NULL, '2021-09-03 07:59:44', NULL),
(371, 'Manage Staff', 'Manage Staff', NULL, '2021-09-03 07:59:44', NULL),
(372, 'Genereate Qr Code', 'Genereate Qr Code', NULL, '2021-09-03 07:59:44', NULL),
(373, 'Adjustment', 'Adjustment', NULL, '2021-09-03 07:59:44', NULL),
(374, 'History', 'History', NULL, '2021-09-03 07:59:44', NULL),
(375, 'Defect Stock', 'Defect Stock', NULL, '2021-09-03 07:59:44', NULL),
(376, 'Purchase Order', 'Purchase Order', NULL, '2021-09-03 07:59:44', NULL),
(377, 'Cost Analysis', 'Cost Analysis', NULL, '2021-09-03 07:59:44', NULL),
(378, 'Report', 'Report', NULL, '2021-09-03 07:59:44', NULL),
(379, 'Stock Report', 'Stock Report', NULL, '2021-09-03 07:59:44', NULL),
(380, 'Stock Movements', 'Stock Movements', NULL, '2021-09-03 07:59:44', NULL),
(381, 'Manage Users', 'Manage Users', NULL, '2021-09-03 07:59:44', NULL),
(382, 'Users', 'Users', NULL, '2021-09-03 07:59:44', NULL),
(383, 'Permissions', 'Permissions', NULL, '2021-09-03 07:59:44', NULL),
(384, 'woocommerce', 'Woocommerce', NULL, '2021-09-03 07:59:44', NULL),
(385, 'Manage seller', 'Manage seller', NULL, '2021-09-03 07:59:44', NULL),
(386, 'Package', 'Package', NULL, '2021-09-03 07:59:44', NULL),
(387, 'User Logo', 'User Logo', NULL, '2021-09-03 07:59:44', NULL),
(388, 'generate Qr Code', 'Generate Qr Code', NULL, '2021-09-03 07:59:44', NULL),
(389, 'Check-In / Check-Out', 'Check-In / Check-Out', NULL, '2021-09-03 07:59:44', NULL),
(390, 'Generate Qr Code', 'Generate Qr Code', NULL, '2021-09-03 07:59:44', NULL),
(391, 'PO Shipments', 'PO Shipments', NULL, '2021-09-03 07:59:44', NULL),
(392, 'Product Cost', 'Product Cost', NULL, '2021-09-03 07:59:44', NULL),
(393, 'Order Analysis', 'Order Analysis', NULL, '2021-09-03 07:59:44', NULL),
(394, 'Settings', 'Settings', NULL, '2021-09-03 07:59:44', NULL),
(395, 'Stock', 'Stock', NULL, '2021-09-03 07:59:44', NULL),
(396, 'Activity Log', 'Activity Log', NULL, '2021-09-03 07:59:44', NULL),
(397, 'CRM', 'CRM', NULL, '2021-09-03 07:59:44', NULL),
(398, 'Customers', 'Customers', NULL, '2021-09-03 07:59:44', NULL),
(399, 'Woocomerce', 'Woocomerce', NULL, '2021-09-03 07:59:44', NULL),
(400, 'Manage Seller', 'Manage Seller', NULL, '2021-09-03 07:59:44', NULL),
(401, 'User Avatar', 'User Avatar', NULL, '2021-09-03 07:59:44', NULL),
(402, 'Your Profile', 'Your Profile', NULL, '2021-09-03 07:59:44', NULL),
(403, 'Your Package', 'Your Package', NULL, '2021-09-03 07:59:44', NULL),
(404, 'Manage Dropshipper', 'Manage Dropshipper', NULL, '2021-09-03 07:59:44', NULL),
(405, 'Lazada Products', 'Lazada Products', NULL, '2021-09-03 07:59:44', NULL),
(406, 'Lazada Settings', 'Lazada Settings', NULL, '2021-09-03 07:59:44', NULL),
(407, 'Authorize Shop', 'Authorize Shop', NULL, '2021-09-03 07:59:44', NULL),
(408, 'Forgot Password', 'Forgot Password', NULL, '2021-09-03 07:59:44', NULL),
(409, 'Error', 'Error', NULL, '2021-09-03 07:59:44', NULL),
(410, 'The Code has been sent to your mobile number.', 'The Code has been sent to your mobile number', '-', '2021-09-03 07:59:44', '2021-09-03 08:07:07'),
(411, 'Back to sign in', 'Back to sign in', NULL, '2021-09-03 07:59:44', NULL),
(412, 'Send Code', 'Send Code', NULL, '2021-09-03 07:59:44', NULL),
(413, 'Custom Orders', 'Custom Orders', NULL, '2021-09-03 07:59:44', NULL),
(414, 'WooCommerce', 'WooCommerce', NULL, '2021-09-03 07:59:44', NULL),
(415, 'Dodo Orders', 'Dodo Orders', NULL, '2021-09-03 07:59:44', NULL),
(416, 'Dropshipper Orders', 'Dropshipper Orders', NULL, '2021-09-03 07:59:44', NULL),
(417, '-', '-', NULL, '2021-09-03 07:59:44', NULL),
(418, 'Add Defect Stock', 'Add Defect Stock', NULL, '2021-09-03 07:59:44', NULL),
(419, 'QRcode Scan', 'QRcode Scan', NULL, '2021-09-03 07:59:44', NULL),
(420, 'Update Data', 'Update Data', NULL, '2021-09-03 07:59:44', NULL),
(421, 'Qrcode Scanner', 'Qrcode Scanner', NULL, '2021-09-03 07:59:44', NULL),
(422, 'Idle', 'Idle', NULL, '2021-09-03 07:59:44', NULL),
(423, 'Select Camera', 'Select Camera', NULL, '2021-09-03 07:59:44', NULL),
(424, 'Status', 'Status', NULL, '2021-09-03 07:59:44', NULL),
(425, 'Add Images', 'Add Images', NULL, '2021-09-03 07:59:44', NULL),
(426, 'Scanning', 'Scanning', NULL, '2021-09-03 07:59:44', NULL),
(427, 'Matched', 'Matched', NULL, '2021-09-03 07:59:44', NULL),
(428, 'Close -> Open', 'Close -> Open', NULL, '2021-09-03 07:59:44', NULL),
(429, 'Open -> Close', 'Open -> Close', NULL, '2021-09-03 07:59:44', NULL),
(430, 'Product Detail', 'Product Detail', NULL, '2021-09-03 07:59:44', NULL),
(431, 'Actions', 'Actions', NULL, '2021-09-03 07:59:44', NULL),
(432, 'Defect Product Images', 'Defect Product Images', NULL, '2021-09-03 07:59:44', NULL),
(433, 'Defect Product Result', 'Defect Product Result', NULL, '2021-09-03 07:59:44', NULL),
(434, 'Update Defect Product', 'Update Defect Product', NULL, '2021-09-03 07:59:44', NULL),
(435, 'In / Out', 'In / Out', NULL, '2021-09-03 07:59:44', NULL),
(436, 'Stock History', 'Stock History', NULL, '2021-09-03 07:59:44', NULL),
(437, 'Bulk Delete', 'Bulk Delete', NULL, '2021-09-03 07:59:44', NULL),
(438, 'User', 'User', NULL, '2021-09-03 07:59:44', NULL),
(439, 'Update Stock History', 'Update Stock History', NULL, '2021-09-03 07:59:44', NULL),
(440, 'Delete Stock', 'Delete Stock', NULL, '2021-09-03 07:59:44', NULL),
(441, 'Are you sure to delete this data?', 'Are you sure to delete this data?', NULL, '2021-09-03 07:59:44', NULL),
(442, 'No', 'No', NULL, '2021-09-03 07:59:44', NULL),
(443, 'Yes, Delete', 'Yes, Delete', NULL, '2021-09-03 07:59:44', NULL),
(444, 'Are you sure to delete the selected data?', 'Are you sure to delete the selected data?', NULL, '2021-09-03 07:59:44', NULL),
(445, 'No, Close', 'No, Close', NULL, '2021-09-03 07:59:44', NULL),
(446, 'Yes Delete', 'Yes Delete', NULL, '2021-09-03 07:59:44', NULL),
(447, 'Warning', 'Warning', NULL, '2021-09-03 07:59:44', NULL),
(448, 'Please select at least one row.', 'Please select at least one row', '-', '2021-09-03 07:59:44', '2021-09-03 08:07:22'),
(449, 'Ok, Understand', 'Ok, Understand', NULL, '2021-09-03 07:59:44', NULL),
(450, 'Deleting', 'Deleting', NULL, '2021-09-03 07:59:44', NULL),
(451, 'Stock Adjustment', 'Stock Adjustment', NULL, '2021-09-03 07:59:44', NULL),
(452, 'Product Stock Adjustment', 'Product Stock Adjustment', NULL, '2021-09-03 07:59:44', NULL),
(453, 'Qty', 'Qty', NULL, '2021-09-03 07:59:44', NULL),
(454, 'Adjust Stock', 'Adjust Stock', NULL, '2021-09-03 07:59:44', NULL),
(455, 'Updating', 'Updating', NULL, '2021-09-03 07:59:44', NULL),
(456, 'Create Custom Order', 'Create Custom Order', NULL, '2021-09-03 07:59:44', NULL),
(457, 'Order Info', 'Order Info', NULL, '2021-09-03 07:59:44', NULL),
(458, 'Shop', 'Shop', NULL, '2021-09-03 07:59:44', NULL),
(459, 'Channel Info', 'Channel Info', NULL, '2021-09-03 07:59:44', NULL),
(460, 'Channel Name', 'Channel Name', NULL, '2021-09-03 07:59:44', NULL),
(461, 'Channel ID', 'Channel ID', NULL, '2021-09-03 07:59:44', NULL),
(462, 'Customer Info', 'Customer Info', NULL, '2021-09-03 07:59:44', NULL),
(463, 'Search by phone number first', 'Search by phone number first', NULL, '2021-09-03 07:59:44', NULL),
(464, 'Search Phone Number', 'Search Phone Number', NULL, '2021-09-03 07:59:44', NULL),
(465, 'Customer Name', 'Customer Name', NULL, '2021-09-03 07:59:44', NULL),
(466, 'Phone Number', 'Phone Number', NULL, '2021-09-03 07:59:44', NULL),
(467, 'You can add many products', 'You can add many products', NULL, '2021-09-03 07:59:44', NULL),
(468, 'Add Product', 'Add Product', NULL, '2021-09-03 07:59:44', NULL),
(469, 'Shipping Methods', 'Shipping Methods', NULL, '2021-09-03 07:59:44', NULL),
(470, 'Cost', 'Cost', NULL, '2021-09-03 07:59:44', NULL),
(471, 'Cart Totals', 'Cart Totals', NULL, '2021-09-03 07:59:44', NULL),
(472, 'Create Order', 'Create Order', NULL, '2021-09-03 07:59:44', NULL),
(473, 'Remove Product', 'Remove Product', NULL, '2021-09-03 07:59:44', NULL),
(474, 'Description', 'Description', NULL, '2021-09-03 07:59:44', NULL),
(475, 'jpg/jpeg/png', 'Jpg/jpeg/png', NULL, '2021-09-03 07:59:44', NULL),
(476, '** Max filesize for each image is 5 MB', '** Max filesize for each image is 5 MB', NULL, '2021-09-03 07:59:44', NULL),
(477, 'Are you sure to cancel this order', 'Are you sure to cancel this order', NULL, '2021-09-03 07:59:44', NULL),
(478, 'Yes, Continue', 'Yes, Continue', NULL, '2021-09-03 07:59:44', NULL),
(479, 'Processing', 'Processing', NULL, '2021-09-03 07:59:44', NULL),
(480, 'Customer found', 'Customer found', NULL, '2021-09-03 07:59:44', NULL),
(481, 'Customer not found. Create new customer.', 'Customer not found. Create new customer.', '-', '2021-09-03 07:59:44', '2021-09-03 08:06:44'),
(482, 'Edit Custom Order ', 'Edit Custom Order ', NULL, '2021-09-03 07:59:44', NULL),
(483, 'Select Order Status', 'Select Order Status', NULL, '2021-09-03 07:59:44', NULL),
(484, 'Payment Status', 'Payment Status', NULL, '2021-09-03 07:59:44', NULL),
(485, 'Update Order', 'Update Order', NULL, '2021-09-03 07:59:44', NULL),
(486, 'New Order', 'New Order', NULL, '2021-09-03 07:59:44', NULL),
(487, 'Filter by Order Status', 'Filter by Order Status', NULL, '2021-09-03 07:59:44', NULL),
(488, 'Channel', 'Channel', NULL, '2021-09-03 07:59:44', NULL),
(489, 'Amount', 'Amount', NULL, '2021-09-03 07:59:44', NULL),
(490, 'Created At', 'Created At', NULL, '2021-09-03 07:59:44', NULL),
(491, 'Delete Order', 'Delete Order', NULL, '2021-09-03 07:59:44', NULL),
(492, 'Are you sure to delete this order', 'Are you sure to delete this order', NULL, '2021-09-03 07:59:44', NULL),
(493, 'Add Staff', 'Add Staff', NULL, '2021-09-03 07:59:44', NULL),
(494, 'Update Staff', 'Update Staff', NULL, '2021-09-03 07:59:44', NULL),
(495, 'Ordered Qty', 'Ordered Qty', NULL, '2021-09-03 07:59:44', NULL),
(496, 'Tax Details', 'Tax Details', NULL, '2021-09-03 07:59:44', NULL),
(497, 'Request Tax', 'Request Tax', NULL, '2021-09-03 07:59:44', NULL),
(498, 'Company Name', 'Company Name', NULL, '2021-09-03 07:59:44', NULL),
(499, 'Tax Number', 'Tax Number', NULL, '2021-09-03 07:59:44', NULL),
(500, 'Province', 'Province', NULL, '2021-09-03 07:59:44', NULL),
(501, 'District', 'District', NULL, '2021-09-03 07:59:44', NULL),
(502, 'Sub-District', 'Sub-District', NULL, '2021-09-03 07:59:44', NULL),
(503, 'Postal Code', 'Postal Code', NULL, '2021-09-03 07:59:44', NULL),
(504, 'Your Name', 'Your Name', NULL, '2021-09-03 07:59:44', NULL),
(505, 'Sub District', 'Sub District', NULL, '2021-09-03 07:59:44', NULL),
(506, 'Date', 'Date', NULL, '2021-09-03 07:59:44', NULL),
(507, 'Time', 'Time', NULL, '2021-09-03 07:59:44', NULL),
(508, 'Receipt', 'Receipt', NULL, '2021-09-03 07:59:44', NULL),
(509, 'Select Province', 'Select Province', NULL, '2021-09-03 07:59:44', NULL),
(510, 'Select District', 'Select District', NULL, '2021-09-03 07:59:44', NULL),
(511, 'Select Sub District', 'Select Sub District', NULL, '2021-09-03 07:59:44', NULL),
(512, 'Select Postal Code', 'Select Postal Code', NULL, '2021-09-03 07:59:44', NULL),
(513, 'Create New Order', 'Create New Order', NULL, '2021-09-03 07:59:44', NULL),
(514, 'Find By Grid', 'Find By Grid', NULL, '2021-09-03 07:59:44', NULL),
(515, 'No Product Added', 'No Product Added', NULL, '2021-09-03 07:59:44', NULL),
(516, 'No Shipping Methods Available', 'No Shipping Methods Available', NULL, '2021-09-03 07:59:44', NULL),
(517, 'Are you sure to remove this shipping method', 'Are you sure to remove this shipping method', NULL, '2021-09-03 07:59:44', NULL),
(518, 'Yes, Remove', 'Yes, Remove', NULL, '2021-09-03 07:59:44', NULL),
(519, 'Discount Price', 'Discount Price', NULL, '2021-09-03 07:59:44', NULL),
(520, 'Available Qty', 'Available Qty', NULL, '2021-09-03 07:59:44', NULL),
(521, 'Order Qty', 'Order Qty', NULL, '2021-09-03 07:59:44', NULL),
(522, 'Discount Cost', 'Discount Cost', NULL, '2021-09-03 07:59:44', NULL),
(523, 'Enable', 'Enable', NULL, '2021-09-03 07:59:44', NULL),
(524, 'Product Discount Price', 'Product Discount Price', NULL, '2021-09-03 07:59:44', NULL),
(525, 'Original Price', 'Original Price', NULL, '2021-09-03 07:59:44', NULL),
(526, 'Reset Discount', 'Reset Discount', NULL, '2021-09-03 07:59:44', NULL),
(527, 'Save Changes', 'Save Changes', NULL, '2021-09-03 07:59:44', NULL),
(528, 'Shipping Discount Cost', 'Shipping Discount Cost', NULL, '2021-09-03 07:59:44', NULL),
(529, 'Original Cost', 'Original Cost', NULL, '2021-09-03 07:59:44', NULL),
(530, 'Find Any Products', 'Find Any Products', NULL, '2021-09-03 07:59:44', NULL),
(531, 'Category', 'Category', NULL, '2021-09-03 07:59:44', NULL),
(532, 'All Categories', 'All Categories', NULL, '2021-09-03 07:59:44', NULL),
(533, 'Load More', 'Load More', NULL, '2021-09-03 07:59:44', NULL),
(534, 'New Shipping Method', 'New Shipping Method', NULL, '2021-09-03 07:59:44', NULL),
(535, 'Save', 'Save', NULL, '2021-09-03 07:59:44', NULL),
(536, 'Order Created', 'Order Created', NULL, '2021-09-03 07:59:44', NULL),
(537, 'Buyer Link', 'Buyer Link', NULL, '2021-09-03 07:59:44', NULL),
(538, 'All Orders', 'All Orders', NULL, '2021-09-03 07:59:44', NULL),
(539, 'Edit Order', 'Edit Order', NULL, '2021-09-03 07:59:44', NULL),
(540, 'Copy Buyer Link', 'Copy Buyer Link', NULL, '2021-09-03 07:59:44', NULL),
(541, 'Public/Buyer URL', 'Public/Buyer URL', NULL, '2021-09-03 07:59:44', NULL),
(542, 'Shipping Address', 'Shipping Address', NULL, '2021-09-03 07:59:44', NULL),
(543, 'Back to New Order', 'Back to New Order', NULL, '2021-09-03 07:59:44', NULL),
(544, 'Shipment Date', 'Shipment Date', NULL, '2021-09-03 07:59:44', NULL),
(545, 'Create Shipment', 'Create Shipment', NULL, '2021-09-03 07:59:44', NULL),
(546, 'Ready to Ship', 'Ready to Ship', NULL, '2021-09-03 07:59:44', NULL),
(547, 'Yes', 'Yes', NULL, '2021-09-03 07:59:44', NULL),
(548, 'Order Manage', 'Order Manage', NULL, '2021-09-03 07:59:44', NULL),
(549, 'Order Data', 'Order Data', NULL, '2021-09-03 07:59:44', NULL),
(550, 'Edit Shipment', 'Edit Shipment', NULL, '2021-09-03 07:59:44', NULL),
(551, 'Update Shipment', 'Update Shipment', NULL, '2021-09-03 07:59:44', NULL),
(552, 'Pack Order', 'Pack Order', NULL, '2021-09-03 07:59:44', NULL),
(553, 'Confirm Packing', 'Confirm Packing', NULL, '2021-09-03 07:59:44', NULL),
(554, 'Tracking', 'Tracking', NULL, '2021-09-03 07:59:44', NULL),
(555, 'Select Sales Channel', 'Select Sales Channel', NULL, '2021-09-03 07:59:44', NULL),
(556, 'Website', 'Website', NULL, '2021-09-03 07:59:44', NULL),
(557, 'Price/Pack', 'Price/Pack', NULL, '2021-09-03 07:59:44', NULL),
(558, 'Incoming', 'Incoming', NULL, '2021-09-03 07:59:44', NULL),
(559, 'Piece / Pack', 'Piece / Pack', NULL, '2021-09-03 07:59:44', NULL),
(560, 'Back', 'Back', NULL, '2021-09-03 07:59:44', NULL),
(561, 'A-Z', 'A-Z', NULL, '2021-09-03 07:59:44', NULL),
(562, 'Z-A', 'Z-A', NULL, '2021-09-03 07:59:44', NULL),
(563, 'Lowest Price', 'Lowest Price', NULL, '2021-09-03 07:59:44', NULL),
(564, 'Highest Price', 'Highest Price', NULL, '2021-09-03 07:59:44', NULL),
(565, 'Lowest Quantity', 'Lowest Quantity', NULL, '2021-09-03 07:59:44', NULL),
(566, 'Highest Quantity', 'Highest Quantity', NULL, '2021-09-03 07:59:44', NULL),
(567, 'Import Product', 'Import Product', NULL, '2021-09-03 07:59:44', NULL),
(568, 'Update Product', 'Update Product', NULL, '2021-09-03 07:59:44', NULL),
(569, 'Update Quantity', 'Update Quantity', NULL, '2021-09-03 07:59:44', NULL),
(570, 'Update Product Tag', 'Update Product Tag', NULL, '2021-09-03 07:59:44', NULL),
(571, 'Select Currency', 'Select Currency', NULL, '2021-09-03 07:59:44', NULL),
(572, 'Select Supplier', 'Select Supplier', NULL, '2021-09-03 07:59:44', NULL),
(573, 'Profile', 'Profile', NULL, '2021-09-03 07:59:44', NULL),
(574, 'apps_settings', 'Apps settings', NULL, '2021-09-03 07:59:44', NULL),
(575, 'language', 'Language', NULL, '2021-09-03 07:59:44', NULL),
(576, 'select_language', 'Select language', NULL, '2021-09-03 07:59:44', NULL),
(577, 'update_settings', 'Update settings', NULL, '2021-09-03 07:59:44', NULL),
(578, 'Product Info', 'Product Info', NULL, '2021-09-03 07:59:44', NULL),
(579, 'Pieces/Pack', 'Pieces/Pack', NULL, '2021-09-03 07:59:44', NULL),
(580, 'Clear', 'Clear', NULL, '2021-09-03 07:59:44', NULL),
(581, 'Supplier Choice', 'Supplier Choice', NULL, '2021-09-03 07:59:44', NULL),
(582, 'Supplier', 'Supplier', NULL, '2021-09-03 07:59:44', NULL),
(583, 'Cost Per Piece', 'Cost Per Piece', NULL, '2021-09-03 07:59:44', NULL),
(584, 'Pieces Per Pack', 'Pieces Per Pack', NULL, '2021-09-03 07:59:44', NULL),
(585, 'Pieces Per Carton', 'Pieces Per Carton', NULL, '2021-09-03 07:59:44', NULL),
(586, 'File', 'File', NULL, '2021-09-03 07:59:44', NULL),
(587, 'Submit Data', 'Submit Data', NULL, '2021-09-03 07:59:44', NULL),
(588, 'Info', 'Info', NULL, '2021-09-03 07:59:44', NULL),
(589, 'Create Purchase Order', 'Create Purchase Order', NULL, '2021-09-03 07:59:44', NULL),
(590, 'Purchase Order Info', 'Purchase Order Info', NULL, '2021-09-03 07:59:44', NULL),
(591, 'Import', 'Import', NULL, '2021-09-03 07:59:44', NULL),
(592, 'Domestic', 'Domestic', NULL, '2021-09-03 07:59:44', NULL),
(593, 'Select Supplier Name', 'Select Supplier Name', NULL, '2021-09-03 07:59:44', NULL),
(594, 'Ship Type', 'Ship Type', NULL, '2021-09-03 07:59:44', NULL),
(595, 'Select Ship Type', 'Select Ship Type', NULL, '2021-09-03 07:59:44', NULL),
(596, 'Cargo', 'Cargo', NULL, '2021-09-03 07:59:44', NULL),
(597, 'Select Cargo', 'Select Cargo', NULL, '2021-09-03 07:59:44', NULL),
(598, 'Shipping Mark', 'Shipping Mark', NULL, '2021-09-03 07:59:44', NULL),
(599, 'Products Info', 'Products Info', NULL, '2021-09-03 07:59:44', NULL),
(600, 'Out Of Stock', 'Out Of Stock', NULL, '2021-09-03 07:59:44', NULL),
(601, 'OVER STOCK', 'OVER STOCK', NULL, '2021-09-03 07:59:44', NULL),
(602, 'Load', 'Load', NULL, '2021-09-03 07:59:44', NULL),
(603, 'Enter Product Code', 'Enter Product Code', NULL, '2021-09-03 07:59:44', NULL),
(604, 'Enter Product Name or Code', 'Enter Product Name or Code', NULL, '2021-09-03 07:59:44', NULL),
(605, 'Shipment Info', 'Shipment Info', NULL, '2021-09-03 07:59:44', NULL),
(606, 'Add Shipment', 'Add Shipment', NULL, '2021-09-03 07:59:44', NULL),
(607, 'Payment', 'Payment', NULL, '2021-09-03 07:59:44', NULL),
(608, 'Amount Invoice', 'Amount Invoice', NULL, '2021-09-03 07:59:44', NULL),
(609, 'Paid', 'Paid', NULL, '2021-09-03 07:59:44', NULL),
(610, 'Bank Account', 'Bank Account', NULL, '2021-09-03 07:59:44', NULL),
(611, 'Notes', 'Notes', NULL, '2021-09-03 07:59:44', NULL),
(612, 'Invoice', 'Invoice', NULL, '2021-09-03 07:59:44', NULL),
(613, 'Shipment Details', 'Shipment Details', NULL, '2021-09-03 07:59:44', NULL),
(614, 'Pieces/Carton', 'Pieces/Carton', NULL, '2021-09-03 07:59:44', NULL),
(615, 'Re-Order', 'Re-Order', NULL, '2021-09-03 07:59:44', NULL),
(616, 'Order', 'Order', NULL, '2021-09-03 07:59:44', NULL),
(617, 'Total Pieces', 'Total Pieces', NULL, '2021-09-03 07:59:44', NULL),
(618, 'Order (Packs)', 'Order (Packs)', NULL, '2021-09-03 07:59:44', NULL),
(619, 'Shipped', 'Shipped', NULL, '2021-09-03 07:59:44', NULL),
(620, 'Number Of Cartons', 'Number Of Cartons', NULL, '2021-09-03 07:59:44', NULL),
(621, 'Estimated Arrival Date', 'Estimated Arrival Date', NULL, '2021-09-03 07:59:44', NULL),
(622, 'From', 'From', NULL, '2021-09-03 07:59:44', NULL),
(623, 'To', 'To', NULL, '2021-09-03 07:59:44', NULL),
(624, 'Cargo Information', 'Cargo Information', NULL, '2021-09-03 07:59:44', NULL),
(625, 'Shipping Type', 'Shipping Type', NULL, '2021-09-03 07:59:44', NULL),
(626, 'Shipping Ref', 'Shipping Ref', NULL, '2021-09-03 07:59:44', NULL),
(627, 'Last Mile', 'Last Mile', NULL, '2021-09-03 07:59:44', NULL),
(628, 'Domestic Shipper', 'Domestic Shipper', NULL, '2021-09-03 07:59:44', NULL),
(629, 'All Domestic Shipper', 'All Domestic Shipper', NULL, '2021-09-03 07:59:44', NULL),
(630, 'Domestic Tracking', 'Domestic Tracking', NULL, '2021-09-03 07:59:44', NULL),
(631, 'Supply Info', 'Supply Info', NULL, '2021-09-03 07:59:44', NULL),
(632, 'Edit Purchase Order', 'Edit Purchase Order', NULL, '2021-09-03 07:59:44', NULL),
(633, 'Select Shipping Mark', 'Select Shipping Mark', NULL, '2021-09-03 07:59:44', NULL),
(634, 'Arrive', 'Arrive', NULL, '2021-09-03 07:59:44', NULL),
(635, 'Select', 'Select', NULL, '2021-09-03 07:59:44', NULL),
(636, 'Details', 'Details', NULL, '2021-09-03 07:59:44', NULL),
(637, 'Author', 'Author', NULL, '2021-09-03 07:59:44', NULL),
(638, 'Export', 'Export', NULL, '2021-09-03 07:59:44', NULL),
(639, 'Order(Packs)', 'Order(Packs)', NULL, '2021-09-03 07:59:44', NULL),
(640, 'Order(Pieces)', 'Order(Pieces)', NULL, '2021-09-03 07:59:44', NULL),
(641, 'Select Price', 'Select Price', NULL, '2021-09-03 07:59:44', NULL),
(642, 'Create', 'Create', NULL, '2021-09-03 07:59:44', NULL),
(643, 'China Cargo', 'China Cargo', NULL, '2021-09-03 07:59:44', NULL),
(644, 'China Warehouse Addresses', 'China Warehouse Addresses', NULL, '2021-09-03 07:59:44', NULL),
(645, 'Location', 'Location', NULL, '2021-09-03 07:59:44', NULL),
(646, 'Purchase Order Detail : ', 'Purchase Order Detail : ', NULL, '2021-09-03 07:59:44', NULL),
(647, 'Created Date', 'Created Date', NULL, '2021-09-03 07:59:44', NULL),
(648, 'Author Name', 'Author Name', NULL, '2021-09-03 07:59:44', NULL),
(649, 'Cargo References', 'Cargo References', NULL, '2021-09-03 07:59:44', NULL),
(650, 'Payment Info', 'Payment Info', NULL, '2021-09-03 07:59:44', NULL),
(651, 'Datetime', 'Datetime', NULL, '2021-09-03 07:59:44', NULL),
(652, 'User Name', 'User Name', NULL, '2021-09-03 07:59:44', NULL),
(653, 'Product Stock Report', 'Product Stock Report', NULL, '2021-09-03 07:59:44', NULL),
(654, 'Product Stock', 'Product Stock', NULL, '2021-09-03 07:59:44', NULL),
(655, 'Added', 'Added', NULL, '2021-09-03 07:59:44', NULL),
(656, 'Removed', 'Removed', NULL, '2021-09-03 07:59:44', NULL),
(657, 'Net Change', 'Net Change', NULL, '2021-09-03 07:59:44', NULL),
(658, 'Shipping Cost', 'Shipping Cost', NULL, '2021-09-03 07:59:44', NULL),
(659, 'Weight From', 'Weight From', NULL, '2021-09-03 07:59:44', NULL),
(660, 'Weight To', 'Weight To', NULL, '2021-09-03 07:59:44', NULL),
(661, 'Add Permission', 'Add Permission', NULL, '2021-09-03 07:59:44', NULL),
(662, 'Update Permission', 'Update Permission', NULL, '2021-09-03 07:59:44', NULL),
(663, 'products', 'Products', NULL, '2021-09-03 07:59:44', NULL),
(664, 'sync_selected', 'Sync selected', NULL, '2021-09-03 07:59:44', NULL),
(665, 'sync_product', 'Sync product', NULL, '2021-09-03 07:59:44', NULL),
(666, 'select_shop', 'Select shop', NULL, '2021-09-03 07:59:44', NULL),
(667, 'all', 'All', NULL, '2021-09-03 07:59:44', NULL),
(668, 'select_inventory_status', 'Select inventory status', NULL, '2021-09-03 07:59:44', NULL),
(669, 'no_inventory', 'No inventory', NULL, '2021-09-03 07:59:44', NULL),
(670, 'has_inventory', 'Has inventory', NULL, '2021-09-03 07:59:44', NULL),
(671, 'detail', 'Detail', NULL, '2021-09-03 07:59:44', NULL),
(672, 'update_product', 'Update product', NULL, '2021-09-03 07:59:44', NULL),
(673, 'add_inventory', 'Add inventory', NULL, '2021-09-03 07:59:44', NULL),
(674, 'inventory', 'Inventory', NULL, '2021-09-03 07:59:44', NULL),
(675, 'close', 'Close', NULL, '2021-09-03 07:59:44', NULL),
(676, 'Processing...', 'Processing...', '-', '2021-09-03 07:59:44', '2021-09-03 08:06:16'),
(677, 'Ordered Products', 'Ordered Products', NULL, '2021-09-03 07:59:44', NULL),
(678, 'Customer Shipping Address', 'Customer Shipping Address', NULL, '2021-09-03 07:59:44', NULL),
(679, 'Inventories', 'Inventories', NULL, '2021-09-03 07:59:44', NULL),
(680, 'Create Category', 'Create Category', NULL, '2021-09-03 07:59:44', NULL),
(681, 'Create Sub-Category', 'Create Sub-Category', NULL, '2021-09-03 07:59:44', NULL),
(682, 'Create Channel', 'Create Channel', NULL, '2021-09-03 07:59:44', NULL),
(683, 'Company Logo', 'Company Logo', NULL, '2021-09-03 07:59:44', NULL),
(684, 'Create Exchange Rate', 'Create Exchange Rate', NULL, '2021-09-03 07:59:44', NULL),
(685, 'Create Product Tag', 'Create Product Tag', NULL, '2021-09-03 07:59:44', NULL),
(686, 'Create Ship Type', 'Create Ship Type', NULL, '2021-09-03 07:59:44', NULL),
(687, 'Create Shop', 'Create Shop', NULL, '2021-09-03 07:59:44', NULL),
(688, 'Add Shop', 'Add Shop', NULL, '2021-09-03 07:59:44', NULL),
(689, 'Update Shop', 'Update Shop', NULL, '2021-09-03 07:59:44', NULL),
(690, 'Create Supplier', 'Create Supplier', NULL, '2021-09-03 07:59:44', NULL),
(691, 'Add Supplier', 'Add Supplier', NULL, '2021-09-03 07:59:44', NULL),
(692, 'Update Supplier', 'Update Supplier', NULL, '2021-09-03 07:59:44', NULL),
(693, 'Shopee Products', 'Shopee Products', NULL, '2021-09-03 07:59:44', NULL),
(694, 'product', 'Product', NULL, '2021-09-04 21:35:39', NULL),
(695, 'price', 'Price', NULL, '2021-09-04 21:35:39', NULL),
(696, 'quantity', 'Quantity', NULL, '2021-09-04 21:35:39', NULL),
(697, 'cancel', 'Cancel', NULL, '2021-09-04 21:35:39', NULL),
(698, 'Generate Qr Code', 'Generate Qr Code', NULL, '2021-09-04 21:35:39', NULL),
(699, 'Manage Seller', 'Manage Seller', NULL, '2021-09-04 21:35:39', NULL),
(700, 'Forgot Password', 'Forgot Password', NULL, '2021-09-04 21:35:39', NULL),
(701, 'WooCommerce', 'WooCommerce', NULL, '2021-09-04 21:35:39', NULL),
(702, 'Number Of Cartons', 'Number Of Cartons', NULL, '2021-09-04 21:35:39', NULL),
(703, 'products', 'Products', NULL, '2021-09-04 21:35:39', NULL),
(704, 'all', 'All', NULL, '2021-09-04 21:35:39', NULL),
(705, 'detail', 'Detail', NULL, '2021-09-04 21:35:39', NULL),
(706, 'close', 'Close', NULL, '2021-09-04 21:35:39', NULL),
(707, 'Your String', 'Your String', NULL, '2021-09-05 19:25:04', NULL),
(708, 'Shipping Date : ', 'Shipping Date : ', NULL, '2021-09-05 19:25:04', NULL),
(709, 'product_was_linked_successfully', 'Product was linked successfully', NULL, '2021-09-05 19:25:04', NULL),
(710, 'link_this_product', 'Link this product', NULL, '2021-09-05 19:25:04', NULL),
(711, 'product', 'Product', NULL, '2021-09-05 19:25:04', NULL),
(712, 'price', 'Price', NULL, '2021-09-05 19:25:04', NULL),
(713, 'quantity', 'Quantity', NULL, '2021-09-05 19:25:04', NULL),
(714, 'cancel', 'Cancel', NULL, '2021-09-05 19:25:04', NULL),
(715, 'Generate Qr Code', 'Generate Qr Code', NULL, '2021-09-05 19:25:04', NULL),
(716, 'Manage Seller', 'Manage Seller', NULL, '2021-09-05 19:25:04', NULL),
(717, 'Forgot Password', 'Forgot Password', NULL, '2021-09-05 19:25:04', NULL),
(718, 'WooCommerce', 'WooCommerce', NULL, '2021-09-05 19:25:04', NULL),
(719, 'Number Of Cartons', 'Number Of Cartons', NULL, '2021-09-05 19:25:04', NULL),
(720, 'products', 'Products', NULL, '2021-09-05 19:25:04', NULL),
(721, 'all', 'All', NULL, '2021-09-05 19:25:04', NULL),
(722, 'detail', 'Detail', NULL, '2021-09-05 19:25:04', NULL),
(723, 'close', 'Close', NULL, '2021-09-05 19:25:04', NULL),
(724, 'linked_catalog', 'Linked catalog', NULL, '2021-09-05 19:25:04', NULL),
(725, 'no_linked_product', 'No linked product', NULL, '2021-09-05 19:25:04', NULL),
(726, 'product_details', 'Product details', NULL, '2021-09-05 19:25:04', NULL),
(727, 'product', 'Product', NULL, '2021-09-09 05:45:51', NULL),
(728, 'price', 'Price', NULL, '2021-09-09 05:45:51', NULL),
(729, 'quantity', 'Quantity', NULL, '2021-09-09 05:45:51', NULL),
(730, 'cancel', 'Cancel', NULL, '2021-09-09 05:45:51', NULL),
(731, 'Generate Qr Code', 'Generate Qr Code', NULL, '2021-09-09 05:45:51', NULL),
(732, 'Manage Seller', 'Manage Seller', NULL, '2021-09-09 05:45:51', NULL),
(733, 'Forgot Password', 'Forgot Password', NULL, '2021-09-09 05:45:51', NULL),
(734, 'WooCommerce', 'WooCommerce', NULL, '2021-09-09 05:45:51', NULL),
(735, 'Number Of Cartons', 'Number Of Cartons', NULL, '2021-09-09 05:45:51', NULL),
(736, 'products', 'Products', NULL, '2021-09-09 05:45:51', NULL),
(737, 'all', 'All', NULL, '2021-09-09 05:45:51', NULL),
(738, 'detail', 'Detail', NULL, '2021-09-09 05:45:51', NULL),
(739, 'close', 'Close', NULL, '2021-09-09 05:45:51', NULL),
(740, 'edit_link', 'Edit link', NULL, '2021-09-09 05:47:00', NULL),
(741, 'variable_product_name_can_not_be_updated_from_the_child', 'Variable product name can not be updated from the child', NULL, '2021-09-09 05:47:00', NULL),
(742, 'qty_or_Price_does_not_allow_to_change_from_parent_product', 'Qty or Price does not allow to change from parent product', NULL, '2021-09-09 05:47:00', NULL),
(743, 'product', 'Product', NULL, '2021-09-09 05:47:00', NULL),
(744, 'price', 'Price', NULL, '2021-09-09 05:47:00', NULL),
(745, 'quantity', 'Quantity', NULL, '2021-09-09 05:47:00', NULL),
(746, 'cancel', 'Cancel', NULL, '2021-09-09 05:47:00', NULL),
(747, 'Generate Qr Code', 'Generate Qr Code', NULL, '2021-09-09 05:47:00', NULL),
(748, 'Manage Seller', 'Manage Seller', NULL, '2021-09-09 05:47:00', NULL),
(749, 'Forgot Password', 'Forgot Password', NULL, '2021-09-09 05:47:01', NULL),
(750, 'WooCommerce', 'WooCommerce', NULL, '2021-09-09 05:47:01', NULL),
(751, 'Number Of Cartons', 'Number Of Cartons', NULL, '2021-09-09 05:47:01', NULL),
(752, 'products', 'Products', NULL, '2021-09-09 05:47:01', NULL),
(753, 'all', 'All', NULL, '2021-09-09 05:47:01', NULL),
(754, 'detail', 'Detail', NULL, '2021-09-09 05:47:01', NULL),
(755, 'close', 'Close', NULL, '2021-09-09 05:47:01', NULL),
(756, 'shopee_products', 'Shopee products', NULL, '2021-09-09 05:47:01', NULL),
(757, 'details', 'Details', NULL, '2021-09-09 05:47:01', NULL),
(758, 'action', 'Action', NULL, '2021-09-09 05:47:01', NULL),
(759, 'edit_linked_catalog', 'Edit linked catalog', NULL, '2021-09-09 05:47:01', NULL),
(760, 'product', 'Product', NULL, '2021-09-09 06:19:00', NULL),
(761, 'price', 'Price', NULL, '2021-09-09 06:19:00', NULL),
(762, 'quantity', 'Quantity', NULL, '2021-09-09 06:19:00', NULL),
(763, 'cancel', 'Cancel', NULL, '2021-09-09 06:19:00', NULL),
(764, 'Generate Qr Code', 'Generate Qr Code', NULL, '2021-09-09 06:19:00', NULL),
(765, 'Manage Seller', 'Manage Seller', NULL, '2021-09-09 06:19:00', NULL),
(766, 'Forgot Password', 'Forgot Password', NULL, '2021-09-09 06:19:00', NULL),
(767, 'WooCommerce', 'WooCommerce', NULL, '2021-09-09 06:19:00', NULL),
(768, 'Number Of Cartons', 'Number Of Cartons', NULL, '2021-09-09 06:19:01', NULL),
(769, 'products', 'Products', NULL, '2021-09-09 06:19:01', NULL),
(770, 'all', 'All', NULL, '2021-09-09 06:19:01', NULL),
(771, 'detail', 'Detail', NULL, '2021-09-09 06:19:01', NULL),
(772, 'close', 'Close', NULL, '2021-09-09 06:19:01', NULL),
(773, 'product', 'Product', NULL, '2021-09-09 18:52:43', NULL),
(774, 'price', 'Price', NULL, '2021-09-09 18:52:43', NULL),
(775, 'quantity', 'Quantity', NULL, '2021-09-09 18:52:43', NULL),
(776, 'cancel', 'Cancel', NULL, '2021-09-09 18:52:43', NULL),
(777, 'Generate Qr Code', 'Generate Qr Code', NULL, '2021-09-09 18:52:43', NULL),
(778, 'Manage Seller', 'Manage Seller', NULL, '2021-09-09 18:52:43', NULL),
(779, 'Forgot Password', 'Forgot Password', NULL, '2021-09-09 18:52:43', NULL),
(780, 'WooCommerce', 'WooCommerce', NULL, '2021-09-09 18:52:43', NULL),
(781, 'Number Of Cartons', 'Number Of Cartons', NULL, '2021-09-09 18:52:44', NULL),
(782, 'products', 'Products', NULL, '2021-09-09 18:52:44', NULL),
(783, 'all', 'All', NULL, '2021-09-09 18:52:44', NULL),
(784, 'detail', 'Detail', NULL, '2021-09-09 18:52:44', NULL),
(785, 'close', 'Close', NULL, '2021-09-09 18:52:44', NULL),
(786, 'success', 'Success', NULL, '2021-09-09 23:10:54', NULL),
(787, 'product', 'Product', NULL, '2021-09-09 23:10:54', NULL),
(788, 'price', 'Price', NULL, '2021-09-09 23:10:54', NULL),
(789, 'quantity', 'Quantity', NULL, '2021-09-09 23:10:54', NULL),
(790, 'cancel', 'Cancel', NULL, '2021-09-09 23:10:54', NULL),
(791, 'Generate Qr Code', 'Generate Qr Code', NULL, '2021-09-09 23:10:54', NULL),
(792, 'orders', 'Orders', NULL, '2021-09-09 23:10:54', NULL),
(793, 'dodo', 'Dodo', NULL, '2021-09-09 23:10:54', NULL),
(794, 'website', 'Website', NULL, '2021-09-09 23:10:54', NULL),
(795, 'marketplace', 'Marketplace', NULL, '2021-09-09 23:10:54', NULL),
(796, 'products', 'Products', NULL, '2021-09-09 23:10:54', NULL),
(797, 'WooCommerce', 'WooCommerce', NULL, '2021-09-09 23:10:54', NULL),
(798, 'shopee', 'Shopee', NULL, '2021-09-09 23:10:54', NULL),
(799, 'lazada', 'Lazada', NULL, '2021-09-09 23:10:54', NULL),
(800, 'Manage Seller', 'Manage Seller', NULL, '2021-09-09 23:10:54', NULL),
(801, 'lazada_products', 'Lazada products', NULL, '2021-09-09 23:10:54', NULL),
(802, 'all', 'All', NULL, '2021-09-09 23:10:54', NULL),
(803, 'details', 'Details', NULL, '2021-09-09 23:10:54', NULL),
(804, 'action', 'Action', NULL, '2021-09-09 23:10:54', NULL),
(805, 'Forgot Password', 'Forgot Password', NULL, '2021-09-09 23:10:54', NULL),
(806, 'dodo_orders', 'Dodo orders', NULL, '2021-09-09 23:10:54', NULL),
(807, 'processing', 'Processing', NULL, '2021-09-09 23:10:54', NULL),
(808, 'dropshipper_orders', 'Dropshipper orders', NULL, '2021-09-09 23:10:54', NULL),
(809, 'Shopee', 'Shopee', NULL, '2021-09-09 23:10:54', NULL),
(810, 'Lazada', 'Lazada', NULL, '2021-09-09 23:10:54', NULL),
(811, 'Number Of Cartons', 'Number Of Cartons', NULL, '2021-09-09 23:10:54', NULL),
(812, 'WooCommerce Products', 'WooCommerce Products', NULL, '2021-09-09 23:10:54', NULL),
(813, 'detail', 'Detail', NULL, '2021-09-09 23:10:54', NULL),
(814, 'close', 'Close', NULL, '2021-09-09 23:10:54', NULL),
(815, 'product', 'Product', NULL, '2021-09-11 22:38:07', NULL),
(816, 'price', 'Price', NULL, '2021-09-11 22:38:07', NULL),
(817, 'quantity', 'Quantity', NULL, '2021-09-11 22:38:07', NULL),
(818, 'cancel', 'Cancel', NULL, '2021-09-11 22:38:07', NULL),
(819, 'Generate Qr Code', 'Generate Qr Code', NULL, '2021-09-11 22:38:07', NULL),
(820, 'orders', 'Orders', NULL, '2021-09-11 22:38:07', NULL),
(821, 'website', 'Website', NULL, '2021-09-11 22:38:07', NULL),
(822, 'products', 'Products', NULL, '2021-09-11 22:38:07', NULL),
(823, 'WooCommerce', 'WooCommerce', NULL, '2021-09-11 22:38:07', NULL),
(824, 'Manage Seller', 'Manage Seller', NULL, '2021-09-11 22:38:07', NULL),
(825, 'all', 'All', NULL, '2021-09-11 22:38:07', NULL),
(826, 'details', 'Details', NULL, '2021-09-11 22:38:07', NULL),
(827, 'action', 'Action', NULL, '2021-09-11 22:38:07', NULL),
(828, 'Forgot Password', 'Forgot Password', NULL, '2021-09-11 22:38:07', NULL),
(829, 'processing', 'Processing', NULL, '2021-09-11 22:38:07', NULL),
(830, 'Shopee', 'Shopee', NULL, '2021-09-11 22:38:07', NULL),
(831, 'Lazada', 'Lazada', NULL, '2021-09-11 22:38:07', NULL),
(832, 'Number Of Cartons', 'Number Of Cartons', NULL, '2021-09-11 22:38:07', NULL),
(833, 'detail', 'Detail', NULL, '2021-09-11 22:38:07', NULL),
(834, 'close', 'Close', NULL, '2021-09-11 22:38:07', NULL),
(835, 'product', 'Product', NULL, '2021-09-15 06:31:06', NULL),
(836, 'price', 'Price', NULL, '2021-09-15 06:31:06', NULL),
(837, 'quantity', 'Quantity', NULL, '2021-09-15 06:31:06', NULL),
(838, 'cancel', 'Cancel', NULL, '2021-09-15 06:31:06', NULL),
(839, 'Generate Qr Code', 'Generate Qr Code', NULL, '2021-09-15 06:31:06', NULL),
(840, 'orders', 'Orders', NULL, '2021-09-15 06:31:06', NULL),
(841, 'website', 'Website', NULL, '2021-09-15 06:31:06', NULL),
(842, 'products', 'Products', NULL, '2021-09-15 06:31:06', NULL),
(843, 'WooCommerce', 'WooCommerce', NULL, '2021-09-15 06:31:06', NULL),
(844, 'Manage Seller', 'Manage Seller', NULL, '2021-09-15 06:31:06', NULL),
(845, 'all', 'All', NULL, '2021-09-15 06:31:06', NULL),
(846, 'details', 'Details', NULL, '2021-09-15 06:31:06', NULL),
(847, 'action', 'Action', NULL, '2021-09-15 06:31:06', NULL),
(848, 'Forgot Password', 'Forgot Password', NULL, '2021-09-15 06:31:06', NULL),
(849, 'processing', 'Processing', NULL, '2021-09-15 06:31:06', NULL),
(850, 'Shopee', 'Shopee', NULL, '2021-09-15 06:31:06', NULL),
(851, 'Lazada', 'Lazada', NULL, '2021-09-15 06:31:06', NULL),
(852, 'Number Of Cartons', 'Number Of Cartons', NULL, '2021-09-15 06:31:06', NULL),
(853, 'detail', 'Detail', NULL, '2021-09-15 06:31:06', NULL),
(854, 'close', 'Close', NULL, '2021-09-15 06:31:06', NULL),
(855, 'product', 'Product', NULL, '2021-09-15 06:31:06', NULL),
(856, 'price', 'Price', NULL, '2021-09-15 06:31:06', NULL),
(857, 'quantity', 'Quantity', NULL, '2021-09-15 06:31:06', NULL),
(858, 'cancel', 'Cancel', NULL, '2021-09-15 06:31:06', NULL),
(859, 'Generate Qr Code', 'Generate Qr Code', NULL, '2021-09-15 06:31:06', NULL),
(860, 'orders', 'Orders', NULL, '2021-09-15 06:31:06', NULL),
(861, 'website', 'Website', NULL, '2021-09-15 06:31:06', NULL),
(862, 'products', 'Products', NULL, '2021-09-15 06:31:06', NULL),
(863, 'WooCommerce', 'WooCommerce', NULL, '2021-09-15 06:31:06', NULL),
(864, 'Manage Seller', 'Manage Seller', NULL, '2021-09-15 06:31:06', NULL);
INSERT INTO `translations` (`id`, `key`, `lang_en`, `lang_bn`, `created_at`, `updated_at`) VALUES
(865, 'all', 'All', NULL, '2021-09-15 06:31:06', NULL),
(866, 'details', 'Details', NULL, '2021-09-15 06:31:06', NULL),
(867, 'action', 'Action', NULL, '2021-09-15 06:31:06', NULL),
(868, 'Forgot Password', 'Forgot Password', NULL, '2021-09-15 06:31:06', NULL),
(869, 'processing', 'Processing', NULL, '2021-09-15 06:31:06', NULL),
(870, 'Shopee', 'Shopee', NULL, '2021-09-15 06:31:06', NULL),
(871, 'Lazada', 'Lazada', NULL, '2021-09-15 06:31:06', NULL),
(872, 'Number Of Cartons', 'Number Of Cartons', NULL, '2021-09-15 06:31:06', NULL),
(873, 'detail', 'Detail', NULL, '2021-09-15 06:31:06', NULL),
(874, 'close', 'Close', NULL, '2021-09-15 06:31:06', NULL),
(875, 'Total Amount', 'Total Amount', NULL, '2021-09-15 06:31:06', NULL),
(876, 'New Custom Shipment successfully updated', 'New Custom Shipment successfully updated', NULL, '2021-09-15 06:31:06', NULL),
(877, 'Assign Shop', 'Assign Shop', NULL, '2021-09-15 06:31:06', NULL),
(878, 'Sorry, shop cannot be assigned', 'Sorry, shop cannot be assigned', NULL, '2021-09-15 06:31:06', NULL),
(879, 'Shops assigned successfully', 'Shops assigned successfully', NULL, '2021-09-15 06:31:06', NULL),
(880, 'Data successfully updated', 'Data successfully updated', NULL, '2021-09-15 06:31:06', NULL),
(881, 'data_updated_successfully', 'Data updated successfully', NULL, '2021-09-15 06:31:06', NULL),
(882, 'product_deleted_successfully', 'Product deleted successfully', NULL, '2021-09-15 06:31:06', NULL),
(883, 'type', 'Type', NULL, '2021-09-15 06:31:06', NULL),
(884, 'site_name', 'Site name', NULL, '2021-09-15 06:31:06', NULL),
(885, 'status', 'Status', NULL, '2021-09-15 06:31:06', NULL),
(886, 'SKU', 'SKU', NULL, '2021-09-15 06:31:06', NULL),
(887, 'quantity', 'Quantity', NULL, '2021-09-15 06:31:06', NULL),
(888, 'price', 'Price', NULL, '2021-09-15 06:31:06', NULL),
(889, 'products_are_syncing', 'Products are syncing', NULL, '2021-09-15 06:31:06', NULL),
(890, 'shop', 'Shop', NULL, '2021-09-15 06:31:06', NULL),
(891, 'sync_record_total', 'Sync record total', NULL, '2021-09-15 06:31:06', NULL),
(892, 'Contact Phone', 'Contact Phone', NULL, '2021-09-15 06:31:06', NULL),
(893, 'Total Orders', 'Total Orders', NULL, '2021-09-15 06:31:06', NULL),
(894, 'Last Date of Order', 'Last Date of Order', NULL, '2021-09-15 06:31:06', NULL),
(895, 'product', 'Product', NULL, '2021-09-15 06:31:06', NULL),
(896, 'cancel', 'Cancel', NULL, '2021-09-15 06:31:06', NULL),
(897, 'Generate Qr Code', 'Generate Qr Code', NULL, '2021-09-15 06:31:06', NULL),
(898, 'orders', 'Orders', NULL, '2021-09-15 06:31:06', NULL),
(899, 'website', 'Website', NULL, '2021-09-15 06:31:06', NULL),
(900, 'products', 'Products', NULL, '2021-09-15 06:31:06', NULL),
(901, 'WooCommerce', 'WooCommerce', NULL, '2021-09-15 06:31:06', NULL),
(902, 'Manage Seller', 'Manage Seller', NULL, '2021-09-15 06:31:06', NULL),
(903, 'all', 'All', NULL, '2021-09-15 06:31:06', NULL),
(904, 'details', 'Details', NULL, '2021-09-15 06:31:06', NULL),
(905, 'action', 'Action', NULL, '2021-09-15 06:31:06', NULL),
(906, 'Forgot Password', 'Forgot Password', NULL, '2021-09-15 06:31:06', NULL),
(907, 'processing', 'Processing', NULL, '2021-09-15 06:31:06', NULL),
(908, 'Shopee', 'Shopee', NULL, '2021-09-15 06:31:06', NULL),
(909, 'Lazada', 'Lazada', NULL, '2021-09-15 06:31:06', NULL),
(910, ' Add New Shipment', ' Add New Shipment', NULL, '2021-09-15 06:31:06', NULL),
(911, 'Wanting for Stock', 'Wanting for Stock', NULL, '2021-09-15 06:31:06', NULL),
(912, 'Ready To ship', 'Ready To ship', NULL, '2021-09-15 06:31:06', NULL),
(913, 'Cancelled', 'Cancelled', NULL, '2021-09-15 06:31:06', NULL),
(914, 'Ship on', 'Ship on', NULL, '2021-09-15 06:31:06', NULL),
(915, 'Shipped By', 'Shipped By', NULL, '2021-09-15 06:31:06', NULL),
(916, 'Cust. Name', ' Name', NULL, '2021-09-15 06:31:06', NULL),
(917, 'Total Items', 'Total Items', NULL, '2021-09-15 06:31:06', NULL),
(918, ' New Custom Shipment', ' New Custom Shipment', NULL, '2021-09-15 06:31:06', NULL),
(919, 'Custom Shipment', 'Custom Shipment', NULL, '2021-09-15 06:31:06', NULL),
(920, 'Ordered', 'Ordered', NULL, '2021-09-15 06:31:06', NULL),
(921, 'Remaining', 'Remaining', NULL, '2021-09-15 06:31:06', NULL),
(922, 'New Shipment', 'New Shipment', NULL, '2021-09-15 06:31:06', NULL),
(923, 'Create Print Level', 'Create Print Level', NULL, '2021-09-15 06:31:06', NULL),
(924, 'Pending Stock Shipments', 'Pending Stock Shipments', NULL, '2021-09-15 06:31:06', NULL),
(925, 'Number Of Cartons', 'Number Of Cartons', NULL, '2021-09-15 06:31:06', NULL),
(926, 'detail', 'Detail', NULL, '2021-09-15 06:31:06', NULL),
(927, 'load_data', 'Load data', NULL, '2021-09-15 06:31:06', NULL),
(928, 'cannot_be_updated_from_the_child', 'Cannot be updated from the child', NULL, '2021-09-15 06:31:06', NULL),
(929, 'qty_and_Price_does_not_allow_to_change_from_parent_product', 'Qty and Price does not allow to change from parent product', NULL, '2021-09-15 06:31:06', NULL),
(930, 'delete_product', 'Delete product', NULL, '2021-09-15 06:31:06', NULL),
(931, 'are_you_sure_to_delete_this_product', 'Are you sure to delete this product', NULL, '2021-09-15 06:31:06', NULL),
(932, 'no', 'No', NULL, '2021-09-15 06:31:06', NULL),
(933, 'close', 'Close', NULL, '2021-09-15 06:31:06', NULL),
(934, 'yes', 'Yes', NULL, '2021-09-15 06:31:06', NULL),
(935, 'delete', 'Delete', NULL, '2021-09-15 06:31:06', NULL),
(936, 'syncing', 'Syncing', NULL, '2021-09-15 06:31:06', NULL),
(937, 'product', 'Product', NULL, '2021-09-15 07:24:12', NULL),
(938, 'price', 'Price', NULL, '2021-09-15 07:24:12', NULL),
(939, 'quantity', 'Quantity', NULL, '2021-09-15 07:24:12', NULL),
(940, 'cancel', 'Cancel', NULL, '2021-09-15 07:24:12', NULL),
(941, 'Generate Qr Code', 'Generate Qr Code', NULL, '2021-09-15 07:24:12', NULL),
(942, 'orders', 'Orders', NULL, '2021-09-15 07:24:12', NULL),
(943, 'website', 'Website', NULL, '2021-09-15 07:24:12', NULL),
(944, 'products', 'Products', NULL, '2021-09-15 07:24:12', NULL),
(945, 'WooCommerce', 'WooCommerce', NULL, '2021-09-15 07:24:12', NULL),
(946, 'Manage Seller', 'Manage Seller', NULL, '2021-09-15 07:24:12', NULL),
(947, 'all', 'All', NULL, '2021-09-15 07:24:12', NULL),
(948, 'details', 'Details', NULL, '2021-09-15 07:24:12', NULL),
(949, 'action', 'Action', NULL, '2021-09-15 07:24:12', NULL),
(950, 'Forgot Password', 'Forgot Password', NULL, '2021-09-15 07:24:12', NULL),
(951, 'processing', 'Processing', NULL, '2021-09-15 07:24:12', NULL),
(952, 'Shopee', 'Shopee', NULL, '2021-09-15 07:24:12', NULL),
(953, 'Lazada', 'Lazada', NULL, '2021-09-15 07:24:12', NULL),
(954, 'Number Of Cartons', 'Number Of Cartons', NULL, '2021-09-15 07:24:12', NULL),
(955, 'detail', 'Detail', NULL, '2021-09-15 07:24:12', NULL),
(956, 'close', 'Close', NULL, '2021-09-15 07:24:12', NULL),
(957, 'type', 'Type', NULL, '2021-09-18 04:55:55', NULL),
(958, 'status', 'Status', NULL, '2021-09-18 04:55:55', NULL),
(959, 'quantity', 'Quantity', NULL, '2021-09-18 04:55:55', NULL),
(960, 'price', 'Price', NULL, '2021-09-18 04:55:55', NULL),
(961, 'shop', 'Shop', NULL, '2021-09-18 04:55:55', NULL),
(962, 'product', 'Product', NULL, '2021-09-18 04:55:55', NULL),
(963, 'cancel', 'Cancel', NULL, '2021-09-18 04:55:55', NULL),
(964, 'Generate Qr Code', 'Generate Qr Code', NULL, '2021-09-18 04:55:55', NULL),
(965, 'orders', 'Orders', NULL, '2021-09-18 04:55:55', NULL),
(966, 'website', 'Website', NULL, '2021-09-18 04:55:55', NULL),
(967, 'products', 'Products', NULL, '2021-09-18 04:55:55', NULL),
(968, 'WooCommerce', 'WooCommerce', NULL, '2021-09-18 04:55:55', NULL),
(969, 'Manage Seller', 'Manage Seller', NULL, '2021-09-18 04:55:55', NULL),
(970, 'all', 'All', NULL, '2021-09-18 04:55:55', NULL),
(971, 'details', 'Details', NULL, '2021-09-18 04:55:55', NULL),
(972, 'action', 'Action', NULL, '2021-09-18 04:55:55', NULL),
(973, 'Forgot Password', 'Forgot Password', NULL, '2021-09-18 04:55:55', NULL),
(974, 'processing', 'Processing', NULL, '2021-09-18 04:55:55', NULL),
(975, 'Shopee', 'Shopee', NULL, '2021-09-18 04:55:55', NULL),
(976, 'Lazada', 'Lazada', NULL, '2021-09-18 04:55:55', NULL),
(977, 'Ready To ship', 'Ready To ship', NULL, '2021-09-18 04:55:55', NULL),
(978, 'Number Of Cartons', 'Number Of Cartons', NULL, '2021-09-18 04:55:55', NULL),
(979, 'detail', 'Detail', NULL, '2021-09-18 04:55:55', NULL),
(980, 'no', 'No', NULL, '2021-09-18 04:55:55', NULL),
(981, 'close', 'Close', NULL, '2021-09-18 04:55:55', NULL),
(982, 'yes', 'Yes', NULL, '2021-09-18 04:55:55', NULL),
(983, 'delete', 'Delete', NULL, '2021-09-18 04:55:55', NULL),
(984, 'type', 'Type', NULL, '2021-09-20 08:44:04', NULL),
(985, 'status', 'Status', NULL, '2021-09-20 08:44:04', NULL),
(986, 'quantity', 'Quantity', NULL, '2021-09-20 08:44:04', NULL),
(987, 'price', 'Price', NULL, '2021-09-20 08:44:04', NULL),
(988, 'shop', 'Shop', NULL, '2021-09-20 08:44:04', NULL),
(989, 'product', 'Product', NULL, '2021-09-20 08:44:04', NULL),
(990, 'cancel', 'Cancel', NULL, '2021-09-20 08:44:04', NULL),
(991, 'Generate Qr Code', 'Generate Qr Code', NULL, '2021-09-20 08:44:04', NULL),
(992, 'orders', 'Orders', NULL, '2021-09-20 08:44:04', NULL),
(993, 'website', 'Website', NULL, '2021-09-20 08:44:04', NULL),
(994, 'products', 'Products', NULL, '2021-09-20 08:44:04', NULL),
(995, 'WooCommerce', 'WooCommerce', NULL, '2021-09-20 08:44:04', NULL),
(996, 'Manage Seller', 'Manage Seller', NULL, '2021-09-20 08:44:04', NULL),
(997, 'all', 'All', NULL, '2021-09-20 08:44:04', NULL),
(998, 'details', 'Details', NULL, '2021-09-20 08:44:04', NULL),
(999, 'action', 'Action', NULL, '2021-09-20 08:44:04', NULL),
(1000, 'Forgot Password', 'Forgot Password', NULL, '2021-09-20 08:44:04', NULL),
(1001, 'processing', 'Processing', NULL, '2021-09-20 08:44:04', NULL),
(1002, 'Shopee', 'Shopee', NULL, '2021-09-20 08:44:04', NULL),
(1003, 'Lazada', 'Lazada', NULL, '2021-09-20 08:44:04', NULL),
(1004, 'Ready To ship', 'Ready To ship', NULL, '2021-09-20 08:44:04', NULL),
(1005, 'Number Of Cartons', 'Number Of Cartons', NULL, '2021-09-20 08:44:04', NULL),
(1006, 'detail', 'Detail', NULL, '2021-09-20 08:44:04', NULL),
(1007, 'no', 'No', NULL, '2021-09-20 08:44:04', NULL),
(1008, 'close', 'Close', NULL, '2021-09-20 08:44:04', NULL),
(1009, 'yes', 'Yes', NULL, '2021-09-20 08:44:04', NULL),
(1010, 'delete', 'Delete', NULL, '2021-09-20 08:44:04', NULL),
(1011, 'type', 'Type', NULL, '2021-09-20 08:46:01', NULL),
(1012, 'status', 'Status', NULL, '2021-09-20 08:46:01', NULL),
(1013, 'quantity', 'Quantity', NULL, '2021-09-20 08:46:01', NULL),
(1014, 'price', 'Price', NULL, '2021-09-20 08:46:01', NULL),
(1015, 'shop', 'Shop', NULL, '2021-09-20 08:46:01', NULL),
(1016, 'product', 'Product', NULL, '2021-09-20 08:46:01', NULL),
(1017, 'cancel', 'Cancel', NULL, '2021-09-20 08:46:01', NULL),
(1018, 'Generate Qr Code', 'Generate Qr Code', NULL, '2021-09-20 08:46:01', NULL),
(1019, 'orders', 'Orders', NULL, '2021-09-20 08:46:01', NULL),
(1020, 'website', 'Website', NULL, '2021-09-20 08:46:01', NULL),
(1021, 'products', 'Products', NULL, '2021-09-20 08:46:01', NULL),
(1022, 'WooCommerce', 'WooCommerce', NULL, '2021-09-20 08:46:01', NULL),
(1023, 'Manage Seller', 'Manage Seller', NULL, '2021-09-20 08:46:01', NULL),
(1024, 'all', 'All', NULL, '2021-09-20 08:46:01', NULL),
(1025, 'details', 'Details', NULL, '2021-09-20 08:46:01', NULL),
(1026, 'action', 'Action', NULL, '2021-09-20 08:46:01', NULL),
(1027, 'Forgot Password', 'Forgot Password', NULL, '2021-09-20 08:46:01', NULL),
(1028, 'processing', 'Processing', NULL, '2021-09-20 08:46:01', NULL),
(1029, 'Shopee', 'Shopee', NULL, '2021-09-20 08:46:01', NULL),
(1030, 'Lazada', 'Lazada', NULL, '2021-09-20 08:46:01', NULL),
(1031, 'Ready To ship', 'Ready To ship', NULL, '2021-09-20 08:46:01', NULL),
(1032, 'Number Of Cartons', 'Number Of Cartons', NULL, '2021-09-20 08:46:01', NULL),
(1033, 'detail', 'Detail', NULL, '2021-09-20 08:46:01', NULL),
(1034, 'no', 'No', NULL, '2021-09-20 08:46:01', NULL),
(1035, 'close', 'Close', NULL, '2021-09-20 08:46:01', NULL),
(1036, 'yes', 'Yes', NULL, '2021-09-20 08:46:01', NULL),
(1037, 'delete', 'Delete', NULL, '2021-09-20 08:46:01', NULL),
(1038, 'Arrange Shipment', 'Arrange Shipment', NULL, '2021-09-27 06:32:47', NULL),
(1039, 'Print Label', 'Print Label', NULL, '2021-09-27 06:32:47', NULL),
(1040, 'Pick Confirm', 'Pick Confirm', NULL, '2021-09-27 06:32:47', NULL),
(1041, 'Mark as Shipped', 'Mark as Shipped', NULL, '2021-09-27 06:32:47', NULL),
(1042, 'Ready To ship', 'Ready To ship', NULL, '2021-09-27 06:32:47', NULL),
(1043, 'type', 'Type', NULL, '2021-09-27 06:32:47', NULL),
(1044, 'status', 'Status', NULL, '2021-09-27 06:32:47', NULL),
(1045, 'quantity', 'Quantity', NULL, '2021-09-27 06:32:47', NULL),
(1046, 'price', 'Price', NULL, '2021-09-27 06:32:47', NULL),
(1047, 'shop', 'Shop', NULL, '2021-09-27 06:32:47', NULL),
(1048, 'product', 'Product', NULL, '2021-09-27 06:32:47', NULL),
(1049, 'cancel', 'Cancel', NULL, '2021-09-27 06:32:47', NULL),
(1050, 'Generate Qr Code', 'Generate Qr Code', NULL, '2021-09-27 06:32:47', NULL),
(1051, 'orders', 'Orders', NULL, '2021-09-27 06:32:47', NULL),
(1052, 'website', 'Website', NULL, '2021-09-27 06:32:47', NULL),
(1053, 'products', 'Products', NULL, '2021-09-27 06:32:47', NULL),
(1054, 'WooCommerce', 'WooCommerce', NULL, '2021-09-27 06:32:47', NULL),
(1055, 'Manage Seller', 'Manage Seller', NULL, '2021-09-27 06:32:47', NULL),
(1056, 'all', 'All', NULL, '2021-09-27 06:32:47', NULL),
(1057, 'details', 'Details', NULL, '2021-09-27 06:32:47', NULL),
(1058, 'action', 'Action', NULL, '2021-09-27 06:32:47', NULL),
(1059, 'Forgot Password', 'Forgot Password', NULL, '2021-09-27 06:32:47', NULL),
(1060, 'processing', 'Processing', NULL, '2021-09-27 06:32:47', NULL),
(1061, 'Shopee', 'Shopee', NULL, '2021-09-27 06:32:47', NULL),
(1062, 'Lazada', 'Lazada', NULL, '2021-09-27 06:32:47', NULL),
(1063, ' Custom Shipments', ' Custom Shipments', NULL, '2021-09-27 06:32:47', NULL),
(1064, ' Edit Custom Shipment', ' Edit Custom Shipment', NULL, '2021-09-27 06:32:47', NULL),
(1065, ' View shipped Details', ' View shipped Details', NULL, '2021-09-27 06:32:47', NULL),
(1066, 'Are your Sure Your want to delete the shipment?', 'Are your Sure Your want to delete the shipment?', NULL, '2021-09-27 06:32:47', NULL),
(1067, 'Are your Sure Your want to confirm Shipment Status?', 'Are your Sure Your want to confirm Shipment Status?', NULL, '2021-09-27 06:32:47', NULL),
(1068, 'Shipment Status has chnaged to Shipped', 'Shipment Status has chnaged to Shipped', NULL, '2021-09-27 06:32:47', NULL),
(1069, 'Wait For Stock', 'Wait For Stock', NULL, '2021-09-27 06:32:47', NULL),
(1070, 'No added Products Yet', 'No added Products Yet', NULL, '2021-09-27 06:32:47', NULL),
(1071, 'code', 'Code', NULL, '2021-09-27 06:32:47', NULL),
(1072, 'Shipment Qty', 'Shipment Qty', NULL, '2021-09-27 06:32:47', NULL),
(1073, 'Shipment ID', 'Shipment ID', NULL, '2021-09-27 06:32:47', NULL),
(1074, 'Shipment Products Details', 'Shipment Products Details', NULL, '2021-09-27 06:32:47', NULL),
(1075, 'Print', 'Print', NULL, '2021-09-27 06:32:47', NULL),
(1076, 'You made successfully batch processes', 'You made successfully batch processes', NULL, '2021-09-27 06:32:47', NULL),
(1077, 'New Shipment Qty', 'New Shipment Qty', NULL, '2021-09-27 06:32:47', NULL),
(1078, 'Date/Time', 'Date/Time', NULL, '2021-09-27 06:32:47', NULL),
(1079, 'Number Of Cartons', 'Number Of Cartons', NULL, '2021-09-27 06:32:47', NULL),
(1080, 'Ready To ship (Printed)', 'Ready To ship (Printed)', NULL, '2021-09-27 06:32:47', NULL),
(1081, 'Create Print Label', 'Create Print Label', NULL, '2021-09-27 06:32:47', NULL),
(1082, 'Create Pick Confirmed', 'Create Pick Confirmed', NULL, '2021-09-27 06:32:47', NULL),
(1083, 'Confirm Pick', 'Confirm Pick', NULL, '2021-09-27 06:32:47', NULL),
(1084, 'Hold', 'Hold', NULL, '2021-09-27 06:32:47', NULL),
(1085, 'Pending', 'Pending', NULL, '2021-09-27 06:32:47', NULL),
(1086, 'Completed', 'Completed', NULL, '2021-09-27 06:32:47', NULL),
(1087, 'select_product_type', 'Select product type', NULL, '2021-09-27 06:32:47', NULL),
(1088, 'exclude_variable', 'Exclude variable', NULL, '2021-09-27 06:32:47', NULL),
(1089, 'detail', 'Detail', NULL, '2021-09-27 06:32:47', NULL),
(1090, 'no', 'No', NULL, '2021-09-27 06:32:47', NULL),
(1091, 'close', 'Close', NULL, '2021-09-27 06:32:47', NULL),
(1092, 'yes', 'Yes', NULL, '2021-09-27 06:32:47', NULL),
(1093, 'delete', 'Delete', NULL, '2021-09-27 06:32:47', NULL),
(1094, 'Shipments', 'Shipments', NULL, '2021-09-27 06:32:47', NULL),
(1095, 'City', 'City', NULL, '2021-09-27 06:32:47', NULL),
(1096, 'Enter -1 for All', 'Enter -1 for All', NULL, '2021-09-27 06:32:47', NULL),
(1097, 'type', 'Type', NULL, '2021-09-27 06:34:29', NULL),
(1098, 'status', 'Status', NULL, '2021-09-27 06:34:29', NULL),
(1099, 'quantity', 'Quantity', NULL, '2021-09-27 06:34:29', NULL),
(1100, 'price', 'Price', NULL, '2021-09-27 06:34:29', NULL),
(1101, 'shop', 'Shop', NULL, '2021-09-27 06:34:29', NULL),
(1102, 'product', 'Product', NULL, '2021-09-27 06:34:29', NULL),
(1103, 'cancel', 'Cancel', NULL, '2021-09-27 06:34:29', NULL),
(1104, 'Generate Qr Code', 'Generate Qr Code', NULL, '2021-09-27 06:34:29', NULL),
(1105, 'orders', 'Orders', NULL, '2021-09-27 06:34:29', NULL),
(1106, 'website', 'Website', NULL, '2021-09-27 06:34:29', NULL),
(1107, 'products', 'Products', NULL, '2021-09-27 06:34:29', NULL),
(1108, 'WooCommerce', 'WooCommerce', NULL, '2021-09-27 06:34:29', NULL),
(1109, 'Manage Seller', 'Manage Seller', NULL, '2021-09-27 06:34:29', NULL),
(1110, 'all', 'All', NULL, '2021-09-27 06:34:29', NULL),
(1111, 'details', 'Details', NULL, '2021-09-27 06:34:29', NULL),
(1112, 'action', 'Action', NULL, '2021-09-27 06:34:29', NULL),
(1113, 'Forgot Password', 'Forgot Password', NULL, '2021-09-27 06:34:29', NULL),
(1114, 'processing', 'Processing', NULL, '2021-09-27 06:34:29', NULL),
(1115, 'Shopee', 'Shopee', NULL, '2021-09-27 06:34:29', NULL),
(1116, 'Lazada', 'Lazada', NULL, '2021-09-27 06:34:29', NULL),
(1117, 'Ready To ship', 'Ready To ship', NULL, '2021-09-27 06:34:29', NULL),
(1118, 'Number Of Cartons', 'Number Of Cartons', NULL, '2021-09-27 06:34:30', NULL),
(1119, 'detail', 'Detail', NULL, '2021-09-27 06:34:30', NULL),
(1120, 'no', 'No', NULL, '2021-09-27 06:34:30', NULL),
(1121, 'close', 'Close', NULL, '2021-09-27 06:34:30', NULL),
(1122, 'yes', 'Yes', NULL, '2021-09-27 06:34:30', NULL),
(1123, 'delete', 'Delete', NULL, '2021-09-27 06:34:30', NULL),
(1124, 'type', 'Type', NULL, '2021-09-27 06:40:09', NULL),
(1125, 'status', 'Status', NULL, '2021-09-27 06:40:09', NULL),
(1126, 'quantity', 'Quantity', NULL, '2021-09-27 06:40:09', NULL),
(1127, 'price', 'Price', NULL, '2021-09-27 06:40:09', NULL),
(1128, 'shop', 'Shop', NULL, '2021-09-27 06:40:09', NULL),
(1129, 'product', 'Product', NULL, '2021-09-27 06:40:09', NULL),
(1130, 'cancel', 'Cancel', NULL, '2021-09-27 06:40:09', NULL),
(1131, 'Generate Qr Code', 'Generate Qr Code', NULL, '2021-09-27 06:40:09', NULL),
(1132, 'orders', 'Orders', NULL, '2021-09-27 06:40:09', NULL),
(1133, 'website', 'Website', NULL, '2021-09-27 06:40:09', NULL),
(1134, 'products', 'Products', NULL, '2021-09-27 06:40:09', NULL),
(1135, 'WooCommerce', 'WooCommerce', NULL, '2021-09-27 06:40:09', NULL),
(1136, 'Manage Seller', 'Manage Seller', NULL, '2021-09-27 06:40:09', NULL),
(1137, 'all', 'All', NULL, '2021-09-27 06:40:09', NULL),
(1138, 'details', 'Details', NULL, '2021-09-27 06:40:09', NULL),
(1139, 'action', 'Action', NULL, '2021-09-27 06:40:09', NULL),
(1140, 'Forgot Password', 'Forgot Password', NULL, '2021-09-27 06:40:09', NULL),
(1141, 'processing', 'Processing', NULL, '2021-09-27 06:40:09', NULL),
(1142, 'Shopee', 'Shopee', NULL, '2021-09-27 06:40:09', NULL),
(1143, 'Lazada', 'Lazada', NULL, '2021-09-27 06:40:09', NULL),
(1144, 'Ready To ship', 'Ready To ship', NULL, '2021-09-27 06:40:09', NULL),
(1145, 'Number Of Cartons', 'Number Of Cartons', NULL, '2021-09-27 06:40:09', NULL),
(1146, 'detail', 'Detail', NULL, '2021-09-27 06:40:09', NULL),
(1147, 'no', 'No', NULL, '2021-09-27 06:40:09', NULL),
(1148, 'close', 'Close', NULL, '2021-09-27 06:40:09', NULL),
(1149, 'yes', 'Yes', NULL, '2021-09-27 06:40:09', NULL),
(1150, 'delete', 'Delete', NULL, '2021-09-27 06:40:09', NULL),
(1151, 'Ready To ship', 'Ready To ship', NULL, '2021-09-27 06:42:39', NULL),
(1152, 'type', 'Type', NULL, '2021-09-27 06:42:39', NULL),
(1153, 'status', 'Status', NULL, '2021-09-27 06:42:39', NULL),
(1154, 'quantity', 'Quantity', NULL, '2021-09-27 06:42:39', NULL),
(1155, 'price', 'Price', NULL, '2021-09-27 06:42:39', NULL),
(1156, 'shop', 'Shop', NULL, '2021-09-27 06:42:39', NULL),
(1157, 'product', 'Product', NULL, '2021-09-27 06:42:39', NULL),
(1158, 'cancel', 'Cancel', NULL, '2021-09-27 06:42:39', NULL),
(1159, 'Generate Qr Code', 'Generate Qr Code', NULL, '2021-09-27 06:42:39', NULL),
(1160, 'orders', 'Orders', NULL, '2021-09-27 06:42:39', NULL),
(1161, 'website', 'Website', NULL, '2021-09-27 06:42:39', NULL),
(1162, 'products', 'Products', NULL, '2021-09-27 06:42:39', NULL),
(1163, 'WooCommerce', 'WooCommerce', NULL, '2021-09-27 06:42:39', NULL),
(1164, 'Manage Seller', 'Manage Seller', NULL, '2021-09-27 06:42:39', NULL),
(1165, 'all', 'All', NULL, '2021-09-27 06:42:39', NULL),
(1166, 'details', 'Details', NULL, '2021-09-27 06:42:39', NULL),
(1167, 'action', 'Action', NULL, '2021-09-27 06:42:39', NULL),
(1168, 'Forgot Password', 'Forgot Password', NULL, '2021-09-27 06:42:39', NULL),
(1169, 'processing', 'Processing', NULL, '2021-09-27 06:42:39', NULL),
(1170, 'Shopee', 'Shopee', NULL, '2021-09-27 06:42:39', NULL),
(1171, 'Lazada', 'Lazada', NULL, '2021-09-27 06:42:39', NULL),
(1172, 'Number Of Cartons', 'Number Of Cartons', NULL, '2021-09-27 06:42:39', NULL),
(1173, 'detail', 'Detail', NULL, '2021-09-27 06:42:39', NULL),
(1174, 'no', 'No', NULL, '2021-09-27 06:42:39', NULL),
(1175, 'close', 'Close', NULL, '2021-09-27 06:42:39', NULL),
(1176, 'yes', 'Yes', NULL, '2021-09-27 06:42:39', NULL),
(1177, 'delete', 'Delete', NULL, '2021-09-27 06:42:39', NULL),
(1178, 'type', 'Type', NULL, '2021-09-27 06:43:42', NULL),
(1179, 'status', 'Status', NULL, '2021-09-27 06:43:42', NULL),
(1180, 'quantity', 'Quantity', NULL, '2021-09-27 06:43:42', NULL),
(1181, 'price', 'Price', NULL, '2021-09-27 06:43:42', NULL),
(1182, 'shop', 'Shop', NULL, '2021-09-27 06:43:42', NULL),
(1183, 'product', 'Product', NULL, '2021-09-27 06:43:42', NULL),
(1184, 'cancel', 'Cancel', NULL, '2021-09-27 06:43:42', NULL),
(1185, 'Generate Qr Code', 'Generate Qr Code', NULL, '2021-09-27 06:43:42', NULL),
(1186, 'orders', 'Orders', NULL, '2021-09-27 06:43:42', NULL),
(1187, 'website', 'Website', NULL, '2021-09-27 06:43:42', NULL),
(1188, 'products', 'Products', NULL, '2021-09-27 06:43:42', NULL),
(1189, 'WooCommerce', 'WooCommerce', NULL, '2021-09-27 06:43:42', NULL),
(1190, 'Manage Seller', 'Manage Seller', NULL, '2021-09-27 06:43:42', NULL),
(1191, 'all', 'All', NULL, '2021-09-27 06:43:42', NULL),
(1192, 'details', 'Details', NULL, '2021-09-27 06:43:42', NULL),
(1193, 'action', 'Action', NULL, '2021-09-27 06:43:42', NULL),
(1194, 'Forgot Password', 'Forgot Password', NULL, '2021-09-27 06:43:42', NULL),
(1195, 'processing', 'Processing', NULL, '2021-09-27 06:43:42', NULL),
(1196, 'Shopee', 'Shopee', NULL, '2021-09-27 06:43:42', NULL),
(1197, 'Lazada', 'Lazada', NULL, '2021-09-27 06:43:42', NULL),
(1198, 'Ready To ship', 'Ready To ship', NULL, '2021-09-27 06:43:42', NULL),
(1199, 'Number Of Cartons', 'Number Of Cartons', NULL, '2021-09-27 06:43:42', NULL),
(1200, 'detail', 'Detail', NULL, '2021-09-27 06:43:42', NULL),
(1201, 'no', 'No', NULL, '2021-09-27 06:43:42', NULL),
(1202, 'close', 'Close', NULL, '2021-09-27 06:43:42', NULL),
(1203, 'yes', 'Yes', NULL, '2021-09-27 06:43:42', NULL),
(1204, 'delete', 'Delete', NULL, '2021-09-27 06:43:42', NULL),
(1205, 'Ready To ship', 'Ready To ship', NULL, '2021-09-27 06:47:21', NULL),
(1206, 'type', 'Type', NULL, '2021-09-27 06:47:21', NULL),
(1207, 'status', 'Status', NULL, '2021-09-27 06:47:21', NULL),
(1208, 'quantity', 'Quantity', NULL, '2021-09-27 06:47:21', NULL),
(1209, 'price', 'Price', NULL, '2021-09-27 06:47:21', NULL),
(1210, 'shop', 'Shop', NULL, '2021-09-27 06:47:21', NULL),
(1211, 'product', 'Product', NULL, '2021-09-27 06:47:21', NULL),
(1212, 'cancel', 'Cancel', NULL, '2021-09-27 06:47:21', NULL),
(1213, 'Generate Qr Code', 'Generate Qr Code', NULL, '2021-09-27 06:47:21', NULL),
(1214, 'orders', 'Orders', NULL, '2021-09-27 06:47:21', NULL),
(1215, 'website', 'Website', NULL, '2021-09-27 06:47:21', NULL),
(1216, 'products', 'Products', NULL, '2021-09-27 06:47:21', NULL),
(1217, 'WooCommerce', 'WooCommerce', NULL, '2021-09-27 06:47:21', NULL),
(1218, 'Manage Seller', 'Manage Seller', NULL, '2021-09-27 06:47:21', NULL),
(1219, 'all', 'All', NULL, '2021-09-27 06:47:21', NULL),
(1220, 'details', 'Details', NULL, '2021-09-27 06:47:21', NULL),
(1221, 'action', 'Action', NULL, '2021-09-27 06:47:21', NULL),
(1222, 'Forgot Password', 'Forgot Password', NULL, '2021-09-27 06:47:21', NULL),
(1223, 'processing', 'Processing', NULL, '2021-09-27 06:47:21', NULL),
(1224, 'Shopee', 'Shopee', NULL, '2021-09-27 06:47:21', NULL),
(1225, 'Lazada', 'Lazada', NULL, '2021-09-27 06:47:21', NULL),
(1226, 'Number Of Cartons', 'Number Of Cartons', NULL, '2021-09-27 06:47:22', NULL),
(1227, 'detail', 'Detail', NULL, '2021-09-27 06:47:22', NULL),
(1228, 'no', 'No', NULL, '2021-09-27 06:47:22', NULL),
(1229, 'close', 'Close', NULL, '2021-09-27 06:47:22', NULL),
(1230, 'yes', 'Yes', NULL, '2021-09-27 06:47:22', NULL),
(1231, 'delete', 'Delete', NULL, '2021-09-27 06:47:22', NULL),
(1232, 'type', 'Type', NULL, '2021-09-27 06:47:33', NULL),
(1233, 'status', 'Status', NULL, '2021-09-27 06:47:33', NULL),
(1234, 'quantity', 'Quantity', NULL, '2021-09-27 06:47:33', NULL),
(1235, 'price', 'Price', NULL, '2021-09-27 06:47:33', NULL),
(1236, 'shop', 'Shop', NULL, '2021-09-27 06:47:33', NULL),
(1237, 'product', 'Product', NULL, '2021-09-27 06:47:33', NULL),
(1238, 'cancel', 'Cancel', NULL, '2021-09-27 06:47:33', NULL),
(1239, 'Generate Qr Code', 'Generate Qr Code', NULL, '2021-09-27 06:47:33', NULL),
(1240, 'orders', 'Orders', NULL, '2021-09-27 06:47:33', NULL),
(1241, 'website', 'Website', NULL, '2021-09-27 06:47:33', NULL),
(1242, 'products', 'Products', NULL, '2021-09-27 06:47:33', NULL),
(1243, 'WooCommerce', 'WooCommerce', NULL, '2021-09-27 06:47:33', NULL),
(1244, 'Manage Seller', 'Manage Seller', NULL, '2021-09-27 06:47:33', NULL),
(1245, 'all', 'All', NULL, '2021-09-27 06:47:33', NULL),
(1246, 'details', 'Details', NULL, '2021-09-27 06:47:33', NULL),
(1247, 'action', 'Action', NULL, '2021-09-27 06:47:33', NULL),
(1248, 'Forgot Password', 'Forgot Password', NULL, '2021-09-27 06:47:33', NULL),
(1249, 'processing', 'Processing', NULL, '2021-09-27 06:47:34', NULL),
(1250, 'Shopee', 'Shopee', NULL, '2021-09-27 06:47:34', NULL),
(1251, 'Lazada', 'Lazada', NULL, '2021-09-27 06:47:34', NULL),
(1252, 'Ready To ship', 'Ready To ship', NULL, '2021-09-27 06:47:34', NULL),
(1253, 'Number Of Cartons', 'Number Of Cartons', NULL, '2021-09-27 06:47:34', NULL),
(1254, 'detail', 'Detail', NULL, '2021-09-27 06:47:34', NULL),
(1255, 'no', 'No', NULL, '2021-09-27 06:47:34', NULL),
(1256, 'close', 'Close', NULL, '2021-09-27 06:47:34', NULL),
(1257, 'yes', 'Yes', NULL, '2021-09-27 06:47:34', NULL),
(1258, 'delete', 'Delete', NULL, '2021-09-27 06:47:34', NULL),
(1259, 'Ready To ship', 'Ready To ship', NULL, '2021-09-27 06:47:55', NULL),
(1260, 'type', 'Type', NULL, '2021-09-27 06:47:55', NULL),
(1261, 'status', 'Status', NULL, '2021-09-27 06:47:55', NULL),
(1262, 'quantity', 'Quantity', NULL, '2021-09-27 06:47:55', NULL),
(1263, 'price', 'Price', NULL, '2021-09-27 06:47:55', NULL),
(1264, 'shop', 'Shop', NULL, '2021-09-27 06:47:55', NULL),
(1265, 'product', 'Product', NULL, '2021-09-27 06:47:55', NULL),
(1266, 'cancel', 'Cancel', NULL, '2021-09-27 06:47:55', NULL),
(1267, 'Generate Qr Code', 'Generate Qr Code', NULL, '2021-09-27 06:47:55', NULL),
(1268, 'orders', 'Orders', NULL, '2021-09-27 06:47:55', NULL),
(1269, 'website', 'Website', NULL, '2021-09-27 06:47:55', NULL),
(1270, 'products', 'Products', NULL, '2021-09-27 06:47:55', NULL),
(1271, 'WooCommerce', 'WooCommerce', NULL, '2021-09-27 06:47:55', NULL),
(1272, 'Manage Seller', 'Manage Seller', NULL, '2021-09-27 06:47:55', NULL),
(1273, 'all', 'All', NULL, '2021-09-27 06:47:55', NULL),
(1274, 'details', 'Details', NULL, '2021-09-27 06:47:55', NULL),
(1275, 'action', 'Action', NULL, '2021-09-27 06:47:55', NULL),
(1276, 'Forgot Password', 'Forgot Password', NULL, '2021-09-27 06:47:55', NULL),
(1277, 'processing', 'Processing', NULL, '2021-09-27 06:47:55', NULL),
(1278, 'Shopee', 'Shopee', NULL, '2021-09-27 06:47:55', NULL),
(1279, 'Lazada', 'Lazada', NULL, '2021-09-27 06:47:55', NULL),
(1280, 'Number Of Cartons', 'Number Of Cartons', NULL, '2021-09-27 06:47:55', NULL),
(1281, 'detail', 'Detail', NULL, '2021-09-27 06:47:55', NULL),
(1282, 'no', 'No', NULL, '2021-09-27 06:47:55', NULL),
(1283, 'close', 'Close', NULL, '2021-09-27 06:47:55', NULL),
(1284, 'yes', 'Yes', NULL, '2021-09-27 06:47:55', NULL),
(1285, 'delete', 'Delete', NULL, '2021-09-27 06:47:55', NULL),
(1286, 'type', 'Type', NULL, '2021-09-27 06:48:37', NULL),
(1287, 'status', 'Status', NULL, '2021-09-27 06:48:37', NULL),
(1288, 'quantity', 'Quantity', NULL, '2021-09-27 06:48:37', NULL),
(1289, 'price', 'Price', NULL, '2021-09-27 06:48:37', NULL),
(1290, 'shop', 'Shop', NULL, '2021-09-27 06:48:37', NULL),
(1291, 'product', 'Product', NULL, '2021-09-27 06:48:37', NULL),
(1292, 'cancel', 'Cancel', NULL, '2021-09-27 06:48:37', NULL),
(1293, 'Generate Qr Code', 'Generate Qr Code', NULL, '2021-09-27 06:48:37', NULL),
(1294, 'orders', 'Orders', NULL, '2021-09-27 06:48:37', NULL),
(1295, 'website', 'Website', NULL, '2021-09-27 06:48:37', NULL),
(1296, 'products', 'Products', NULL, '2021-09-27 06:48:37', NULL),
(1297, 'WooCommerce', 'WooCommerce', NULL, '2021-09-27 06:48:37', NULL),
(1298, 'Manage Seller', 'Manage Seller', NULL, '2021-09-27 06:48:37', NULL),
(1299, 'all', 'All', NULL, '2021-09-27 06:48:37', NULL),
(1300, 'details', 'Details', NULL, '2021-09-27 06:48:37', NULL),
(1301, 'action', 'Action', NULL, '2021-09-27 06:48:37', NULL),
(1302, 'Forgot Password', 'Forgot Password', NULL, '2021-09-27 06:48:37', NULL),
(1303, 'processing', 'Processing', NULL, '2021-09-27 06:48:37', NULL),
(1304, 'Shopee', 'Shopee', NULL, '2021-09-27 06:48:37', NULL),
(1305, 'Lazada', 'Lazada', NULL, '2021-09-27 06:48:37', NULL),
(1306, 'Ready To ship', 'Ready To ship', NULL, '2021-09-27 06:48:37', NULL),
(1307, 'Number Of Cartons', 'Number Of Cartons', NULL, '2021-09-27 06:48:37', NULL),
(1308, 'detail', 'Detail', NULL, '2021-09-27 06:48:37', NULL),
(1309, 'no', 'No', NULL, '2021-09-27 06:48:37', NULL),
(1310, 'close', 'Close', NULL, '2021-09-27 06:48:37', NULL),
(1311, 'yes', 'Yes', NULL, '2021-09-27 06:48:37', NULL),
(1312, 'delete', 'Delete', NULL, '2021-09-27 06:48:37', NULL),
(1313, 'type', 'Type', NULL, '2021-09-27 06:48:46', NULL),
(1314, 'status', 'Status', NULL, '2021-09-27 06:48:46', NULL),
(1315, 'quantity', 'Quantity', NULL, '2021-09-27 06:48:46', NULL),
(1316, 'price', 'Price', NULL, '2021-09-27 06:48:46', NULL),
(1317, 'shop', 'Shop', NULL, '2021-09-27 06:48:46', NULL),
(1318, 'product', 'Product', NULL, '2021-09-27 06:48:46', NULL),
(1319, 'cancel', 'Cancel', NULL, '2021-09-27 06:48:46', NULL),
(1320, 'Generate Qr Code', 'Generate Qr Code', NULL, '2021-09-27 06:48:46', NULL),
(1321, 'orders', 'Orders', NULL, '2021-09-27 06:48:46', NULL),
(1322, 'website', 'Website', NULL, '2021-09-27 06:48:46', NULL),
(1323, 'products', 'Products', NULL, '2021-09-27 06:48:46', NULL),
(1324, 'WooCommerce', 'WooCommerce', NULL, '2021-09-27 06:48:46', NULL),
(1325, 'Manage Seller', 'Manage Seller', NULL, '2021-09-27 06:48:46', NULL),
(1326, 'all', 'All', NULL, '2021-09-27 06:48:46', NULL),
(1327, 'details', 'Details', NULL, '2021-09-27 06:48:46', NULL),
(1328, 'action', 'Action', NULL, '2021-09-27 06:48:46', NULL),
(1329, 'Forgot Password', 'Forgot Password', NULL, '2021-09-27 06:48:46', NULL),
(1330, 'processing', 'Processing', NULL, '2021-09-27 06:48:46', NULL),
(1331, 'Shopee', 'Shopee', NULL, '2021-09-27 06:48:46', NULL),
(1332, 'Lazada', 'Lazada', NULL, '2021-09-27 06:48:46', NULL),
(1333, 'Ready To ship', 'Ready To ship', NULL, '2021-09-27 06:48:46', NULL),
(1334, 'Number Of Cartons', 'Number Of Cartons', NULL, '2021-09-27 06:48:46', NULL),
(1335, 'detail', 'Detail', NULL, '2021-09-27 06:48:46', NULL),
(1336, 'no', 'No', NULL, '2021-09-27 06:48:46', NULL),
(1337, 'close', 'Close', NULL, '2021-09-27 06:48:46', NULL),
(1338, 'yes', 'Yes', NULL, '2021-09-27 06:48:46', NULL),
(1339, 'delete', 'Delete', NULL, '2021-09-27 06:48:46', NULL),
(1340, 'Ready To ship', 'Ready To ship', NULL, '2021-09-29 05:59:45', NULL),
(1341, 'type', 'Type', NULL, '2021-09-29 05:59:45', NULL),
(1342, 'status', 'Status', NULL, '2021-09-29 05:59:45', NULL),
(1343, 'quantity', 'Quantity', NULL, '2021-09-29 05:59:45', NULL),
(1344, 'price', 'Price', NULL, '2021-09-29 05:59:45', NULL),
(1345, 'shop', 'Shop', NULL, '2021-09-29 05:59:45', NULL),
(1346, 'product', 'Product', NULL, '2021-09-29 05:59:45', NULL),
(1347, 'cancel', 'Cancel', NULL, '2021-09-29 05:59:45', NULL),
(1348, 'Generate Qr Code', 'Generate Qr Code', NULL, '2021-09-29 05:59:45', NULL),
(1349, 'orders', 'Orders', NULL, '2021-09-29 05:59:45', NULL),
(1350, 'website', 'Website', NULL, '2021-09-29 05:59:45', NULL),
(1351, 'products', 'Products', NULL, '2021-09-29 05:59:45', NULL),
(1352, 'WooCommerce', 'WooCommerce', NULL, '2021-09-29 05:59:45', NULL),
(1353, 'Manage Seller', 'Manage Seller', NULL, '2021-09-29 05:59:45', NULL),
(1354, 'all', 'All', NULL, '2021-09-29 05:59:45', NULL),
(1355, 'details', 'Details', NULL, '2021-09-29 05:59:45', NULL),
(1356, 'action', 'Action', NULL, '2021-09-29 05:59:45', NULL),
(1357, 'Forgot Password', 'Forgot Password', NULL, '2021-09-29 05:59:45', NULL),
(1358, 'processing', 'Processing', NULL, '2021-09-29 05:59:45', NULL),
(1359, 'Shopee', 'Shopee', NULL, '2021-09-29 05:59:45', NULL),
(1360, 'Lazada', 'Lazada', NULL, '2021-09-29 05:59:45', NULL),
(1361, 'Number Of Cartons', 'Number Of Cartons', NULL, '2021-09-29 05:59:45', NULL),
(1362, 'detail', 'Detail', NULL, '2021-09-29 05:59:45', NULL),
(1363, 'no', 'No', NULL, '2021-09-29 05:59:45', NULL),
(1364, 'close', 'Close', NULL, '2021-09-29 05:59:45', NULL),
(1365, 'yes', 'Yes', NULL, '2021-09-29 05:59:45', NULL),
(1366, 'delete', 'Delete', NULL, '2021-09-29 05:59:45', NULL),
(1367, 'Ready To ship', 'Ready To ship', NULL, '2021-10-01 23:26:10', NULL),
(1368, 'No Shipment Found', 'No Shipment Found', NULL, '2021-10-01 23:26:10', NULL),
(1369, 'type', 'Type', NULL, '2021-10-01 23:26:10', NULL),
(1370, 'status', 'Status', NULL, '2021-10-01 23:26:10', NULL),
(1371, 'quantity', 'Quantity', NULL, '2021-10-01 23:26:10', NULL),
(1372, 'price', 'Price', NULL, '2021-10-01 23:26:10', NULL),
(1373, 'shop', 'Shop', NULL, '2021-10-01 23:26:10', NULL),
(1374, 'product', 'Product', NULL, '2021-10-01 23:26:10', NULL),
(1375, 'cancel', 'Cancel', NULL, '2021-10-01 23:26:10', NULL),
(1376, 'Generate Qr Code', 'Generate Qr Code', NULL, '2021-10-01 23:26:10', NULL),
(1377, 'orders', 'Orders', NULL, '2021-10-01 23:26:10', NULL),
(1378, 'website', 'Website', NULL, '2021-10-01 23:26:10', NULL),
(1379, 'products', 'Products', NULL, '2021-10-01 23:26:10', NULL),
(1380, 'WooCommerce', 'WooCommerce', NULL, '2021-10-01 23:26:10', NULL),
(1381, 'Manage Seller', 'Manage Seller', NULL, '2021-10-01 23:26:10', NULL),
(1382, 'all', 'All', NULL, '2021-10-01 23:26:10', NULL),
(1383, 'details', 'Details', NULL, '2021-10-01 23:26:10', NULL),
(1384, 'action', 'Action', NULL, '2021-10-01 23:26:10', NULL),
(1385, 'Forgot Password', 'Forgot Password', NULL, '2021-10-01 23:26:10', NULL),
(1386, 'processing', 'Processing', NULL, '2021-10-01 23:26:10', NULL),
(1387, 'Shopee', 'Shopee', NULL, '2021-10-01 23:26:10', NULL),
(1388, 'Lazada', 'Lazada', NULL, '2021-10-01 23:26:10', NULL),
(1389, 'Number Of Cartons', 'Number Of Cartons', NULL, '2021-10-01 23:26:10', NULL),
(1390, 'Create Pick Confirm', 'Create Pick Confirm', NULL, '2021-10-01 23:26:10', NULL),
(1391, 'You can select an Option from here?', 'You can select an Option from here?', NULL, '2021-10-01 23:26:10', NULL),
(1392, ' Print Label', ' Print Label', NULL, '2021-10-01 23:26:10', NULL),
(1393, ' Pick Confirm', ' Pick Confirm', NULL, '2021-10-01 23:26:10', NULL),
(1394, ' Mark as Shipped', ' Mark as Shipped', NULL, '2021-10-01 23:26:10', NULL),
(1395, 'Are you sure you want to cancel this?', 'Are you sure you want to cancel this?', NULL, '2021-10-01 23:26:10', NULL),
(1396, 'detail', 'Detail', NULL, '2021-10-01 23:26:10', NULL),
(1397, 'no', 'No', NULL, '2021-10-01 23:26:10', NULL),
(1398, 'close', 'Close', NULL, '2021-10-01 23:26:10', NULL),
(1399, 'yes', 'Yes', NULL, '2021-10-01 23:26:10', NULL),
(1400, 'delete', 'Delete', NULL, '2021-10-01 23:26:10', NULL),
(1401, 'Ready To ship', 'Ready To ship', NULL, '2021-10-01 23:59:42', NULL),
(1402, 'type', 'Type', NULL, '2021-10-01 23:59:42', NULL),
(1403, 'status', 'Status', NULL, '2021-10-01 23:59:42', NULL),
(1404, 'quantity', 'Quantity', NULL, '2021-10-01 23:59:42', NULL),
(1405, 'price', 'Price', NULL, '2021-10-01 23:59:42', NULL),
(1406, 'shop', 'Shop', NULL, '2021-10-01 23:59:42', NULL),
(1407, 'product', 'Product', NULL, '2021-10-01 23:59:42', NULL),
(1408, 'cancel', 'Cancel', NULL, '2021-10-01 23:59:42', NULL),
(1409, 'Generate Qr Code', 'Generate Qr Code', NULL, '2021-10-01 23:59:42', NULL),
(1410, 'orders', 'Orders', NULL, '2021-10-01 23:59:42', NULL),
(1411, 'website', 'Website', NULL, '2021-10-01 23:59:42', NULL),
(1412, 'products', 'Products', NULL, '2021-10-01 23:59:42', NULL),
(1413, 'WooCommerce', 'WooCommerce', NULL, '2021-10-01 23:59:42', NULL),
(1414, 'Manage Seller', 'Manage Seller', NULL, '2021-10-01 23:59:42', NULL),
(1415, 'all', 'All', NULL, '2021-10-01 23:59:42', NULL),
(1416, 'details', 'Details', NULL, '2021-10-01 23:59:42', NULL),
(1417, 'action', 'Action', NULL, '2021-10-01 23:59:42', NULL),
(1418, 'Forgot Password', 'Forgot Password', NULL, '2021-10-01 23:59:42', NULL),
(1419, 'processing', 'Processing', NULL, '2021-10-01 23:59:42', NULL),
(1420, 'Shopee', 'Shopee', NULL, '2021-10-01 23:59:42', NULL),
(1421, 'Lazada', 'Lazada', NULL, '2021-10-01 23:59:42', NULL),
(1422, 'Number Of Cartons', 'Number Of Cartons', NULL, '2021-10-01 23:59:42', NULL),
(1423, 'Dodo Shipments', 'Dodo Shipments', NULL, '2021-10-01 23:59:42', NULL),
(1424, 'Total', 'Total', NULL, '2021-10-01 23:59:42', NULL),
(1425, 'Dropships Shipments', 'Dropships Shipments', NULL, '2021-10-01 23:59:42', NULL),
(1426, 'Shopee Shipments', 'Shopee Shipments', NULL, '2021-10-01 23:59:42', NULL),
(1427, 'Lazada Shipments', 'Lazada Shipments', NULL, '2021-10-01 23:59:42', NULL),
(1428, 'Woo Shipments', 'Woo Shipments', NULL, '2021-10-01 23:59:42', NULL),
(1429, 'detail', 'Detail', NULL, '2021-10-01 23:59:42', NULL),
(1430, 'no', 'No', NULL, '2021-10-01 23:59:42', NULL),
(1431, 'close', 'Close', NULL, '2021-10-01 23:59:42', NULL),
(1432, 'yes', 'Yes', NULL, '2021-10-01 23:59:42', NULL),
(1433, 'delete', 'Delete', NULL, '2021-10-01 23:59:42', NULL),
(1434, 'Ready To ship', 'Ready To ship', NULL, '2021-10-19 12:16:48', NULL),
(1435, 'type', 'Type', NULL, '2021-10-19 12:16:48', NULL),
(1436, 'status', 'Status', NULL, '2021-10-19 12:16:48', NULL),
(1437, 'quantity', 'Quantity', NULL, '2021-10-19 12:16:48', NULL),
(1438, 'price', 'Price', NULL, '2021-10-19 12:16:48', NULL),
(1439, 'shop', 'Shop', NULL, '2021-10-19 12:16:48', NULL),
(1440, 'product', 'Product', NULL, '2021-10-19 12:16:49', NULL),
(1441, 'cancel', 'Cancel', NULL, '2021-10-19 12:16:49', NULL),
(1442, 'Generate Qr Code', 'Generate Qr Code', NULL, '2021-10-19 12:16:49', NULL),
(1443, 'orders', 'Orders', NULL, '2021-10-19 12:16:49', NULL),
(1444, 'website', 'Website', NULL, '2021-10-19 12:16:49', NULL),
(1445, 'products', 'Products', NULL, '2021-10-19 12:16:49', NULL),
(1446, 'WooCommerce', 'WooCommerce', NULL, '2021-10-19 12:16:49', NULL),
(1447, 'Manage Seller', 'Manage Seller', NULL, '2021-10-19 12:16:49', NULL),
(1448, 'all', 'All', NULL, '2021-10-19 12:16:49', NULL),
(1449, 'details', 'Details', NULL, '2021-10-19 12:16:49', NULL),
(1450, 'action', 'Action', NULL, '2021-10-19 12:16:49', NULL),
(1451, 'Forgot Password', 'Forgot Password', NULL, '2021-10-19 12:16:49', NULL),
(1452, 'processing', 'Processing', NULL, '2021-10-19 12:16:49', NULL),
(1453, 'Shopee', 'Shopee', NULL, '2021-10-19 12:16:49', NULL),
(1454, 'Lazada', 'Lazada', NULL, '2021-10-19 12:16:49', NULL),
(1455, 'Lowest Sell Price', 'Lowest Sell Price', NULL, '2021-10-19 12:16:49', NULL),
(1456, 'Number Of Cartons', 'Number Of Cartons', NULL, '2021-10-19 12:16:50', NULL),
(1457, 'detail', 'Detail', NULL, '2021-10-19 12:16:50', NULL),
(1458, 'no', 'No', NULL, '2021-10-19 12:16:50', NULL),
(1459, 'close', 'Close', NULL, '2021-10-19 12:16:50', NULL),
(1460, 'yes', 'Yes', NULL, '2021-10-19 12:16:50', NULL),
(1461, 'delete', 'Delete', NULL, '2021-10-19 12:16:50', NULL),
(1462, 'Ready To ship', 'Ready To ship', NULL, '2021-10-20 15:40:42', NULL),
(1463, 'type', 'Type', NULL, '2021-10-20 15:40:42', NULL),
(1464, 'status', 'Status', NULL, '2021-10-20 15:40:42', NULL),
(1465, 'quantity', 'Quantity', NULL, '2021-10-20 15:40:42', NULL),
(1466, 'price', 'Price', NULL, '2021-10-20 15:40:42', NULL),
(1467, 'shop', 'Shop', NULL, '2021-10-20 15:40:42', NULL),
(1468, 'product', 'Product', NULL, '2021-10-20 15:40:42', NULL),
(1469, 'cancel', 'Cancel', NULL, '2021-10-20 15:40:42', NULL),
(1470, 'Generate Qr Code', 'Generate Qr Code', NULL, '2021-10-20 15:40:43', NULL),
(1471, 'orders', 'Orders', NULL, '2021-10-20 15:40:43', NULL),
(1472, 'website', 'Website', NULL, '2021-10-20 15:40:43', NULL),
(1473, 'products', 'Products', NULL, '2021-10-20 15:40:43', NULL),
(1474, 'WooCommerce', 'WooCommerce', NULL, '2021-10-20 15:40:43', NULL),
(1475, 'Manage Seller', 'Manage Seller', NULL, '2021-10-20 15:40:43', NULL),
(1476, 'all', 'All', NULL, '2021-10-20 15:40:43', NULL),
(1477, 'details', 'Details', NULL, '2021-10-20 15:40:43', NULL),
(1478, 'action', 'Action', NULL, '2021-10-20 15:40:43', NULL),
(1479, 'Forgot Password', 'Forgot Password', NULL, '2021-10-20 15:40:43', NULL),
(1480, 'processing', 'Processing', NULL, '2021-10-20 15:40:43', NULL),
(1481, 'Shopee', 'Shopee', NULL, '2021-10-20 15:40:43', NULL),
(1482, 'Lazada', 'Lazada', NULL, '2021-10-20 15:40:43', NULL),
(1483, 'Select By', 'Select By', NULL, '2021-10-20 15:40:43', NULL),
(1484, 'Manual', 'Manual', NULL, '2021-10-20 15:40:43', NULL),
(1485, 'By %', 'By %', NULL, '2021-10-20 15:40:43', NULL),
(1486, 'Profit ({is_type})', 'Profit ({is type})', NULL, '2021-10-20 15:40:43', NULL),
(1487, 'Number Of Cartons', 'Number Of Cartons', NULL, '2021-10-20 15:40:43', NULL),
(1488, 'detail', 'Detail', NULL, '2021-10-20 15:40:43', NULL),
(1489, 'no', 'No', NULL, '2021-10-20 15:40:43', NULL),
(1490, 'close', 'Close', NULL, '2021-10-20 15:40:43', NULL),
(1491, 'yes', 'Yes', NULL, '2021-10-20 15:40:43', NULL),
(1492, 'delete', 'Delete', NULL, '2021-10-20 15:40:43', NULL),
(1493, 'Facebook account has been authorized successfully!', 'Facebook account has been authorized successfully!', NULL, '2021-10-20 17:26:46', NULL),
(1494, 'Facebook page has been deleted successfully!', 'Facebook page has been deleted successfully!', NULL, '2021-10-20 17:26:46', NULL),
(1495, 'Something went wrong!', 'Something went wrong!', NULL, '2021-10-20 17:26:46', NULL),
(1496, 'Auto-replies has been saved successfully!', 'Auto-replies has been saved successfully!', NULL, '2021-10-20 17:26:46', NULL),
(1497, 'Ready To ship', 'Ready To ship', NULL, '2021-10-20 17:26:47', NULL),
(1498, 'No Order Found', 'No Order Found', NULL, '2021-10-20 17:26:47', NULL),
(1499, 'type', 'Type', NULL, '2021-10-20 17:26:47', NULL),
(1500, 'status', 'Status', NULL, '2021-10-20 17:26:47', NULL),
(1501, 'quantity', 'Quantity', NULL, '2021-10-20 17:26:47', NULL),
(1502, 'price', 'Price', NULL, '2021-10-20 17:26:47', NULL),
(1503, 'shop', 'Shop', NULL, '2021-10-20 17:26:47', NULL),
(1504, 'Role', 'Role', NULL, '2021-10-20 17:26:47', NULL),
(1505, 'product', 'Product', NULL, '2021-10-20 17:26:47', NULL),
(1506, 'cancel', 'Cancel', NULL, '2021-10-20 17:26:47', NULL),
(1507, 'Authorize Facebook', 'Authorize Facebook', NULL, '2021-10-20 17:26:47', NULL),
(1508, 'List Of Pages', 'List Of Pages', NULL, '2021-10-20 17:26:47', NULL),
(1509, 'Autoreply Configuration', 'Autoreply Configuration', NULL, '2021-10-20 17:26:47', NULL),
(1510, 'Generate Qr Code', 'Generate Qr Code', NULL, '2021-10-20 17:26:47', NULL),
(1511, 'orders', 'Orders', NULL, '2021-10-20 17:26:47', NULL),
(1512, 'website', 'Website', NULL, '2021-10-20 17:26:47', NULL),
(1513, 'products', 'Products', NULL, '2021-10-20 17:26:47', NULL),
(1514, 'WooCommerce', 'WooCommerce', NULL, '2021-10-20 17:26:47', NULL),
(1515, 'Manage Seller', 'Manage Seller', NULL, '2021-10-20 17:26:47', NULL),
(1516, 'all', 'All', NULL, '2021-10-20 17:26:47', NULL),
(1517, 'details', 'Details', NULL, '2021-10-20 17:26:47', NULL),
(1518, 'action', 'Action', NULL, '2021-10-20 17:26:47', NULL),
(1519, 'Forgot Password', 'Forgot Password', NULL, '2021-10-20 17:26:47', NULL),
(1520, 'processing', 'Processing', NULL, '2021-10-20 17:26:47', NULL),
(1521, 'Shopee', 'Shopee', NULL, '2021-10-20 17:26:47', NULL),
(1522, 'Lazada', 'Lazada', NULL, '2021-10-20 17:26:47', NULL),
(1523, 'Create New Dropshipper Order', 'Create New Dropshipper Order', NULL, '2021-10-20 17:26:47', NULL),
(1524, 'Dropshipper not found. Please create dropshipper first.', '', NULL, '2021-10-20 17:26:47', NULL),
(1525, 'Profit', 'Profit', NULL, '2021-10-20 17:26:48', NULL),
(1526, 'Mark Up', 'Mark Up', NULL, '2021-10-20 17:26:48', NULL),
(1527, 'Number Of Cartons', 'Number Of Cartons', NULL, '2021-10-20 17:26:48', NULL),
(1528, 'Select any from these status for update?', 'Select any from these status for update?', NULL, '2021-10-20 17:26:48', NULL),
(1529, 'Ordered Product Details', 'Ordered Product Details', NULL, '2021-10-20 17:26:48', NULL),
(1530, 'detail', 'Detail', NULL, '2021-10-20 17:26:48', NULL),
(1531, 'no', 'No', NULL, '2021-10-20 17:26:48', NULL),
(1532, 'close', 'Close', NULL, '2021-10-20 17:26:48', NULL),
(1533, 'yes', 'Yes', NULL, '2021-10-20 17:26:48', NULL),
(1534, 'delete', 'Delete', NULL, '2021-10-20 17:26:48', NULL),
(1535, 'Ready To ship', 'Ready To ship', NULL, '2024-05-30 18:11:36', NULL),
(1536, 'type', 'Type', NULL, '2024-05-30 18:11:36', NULL),
(1537, 'status', 'Status', NULL, '2024-05-30 18:11:36', NULL),
(1538, 'quantity', 'Quantity', NULL, '2024-05-30 18:11:36', NULL),
(1539, 'price', 'Price', NULL, '2024-05-30 18:11:36', NULL),
(1540, 'shop', 'Shop', NULL, '2024-05-30 18:11:36', NULL),
(1541, 'mobile_number', 'Mobile number', NULL, '2024-05-30 18:11:36', NULL),
(1542, 'password', 'Password', NULL, '2024-05-30 18:11:36', NULL),
(1543, 'remember_me', 'Remember me', NULL, '2024-05-30 18:11:36', NULL),
(1544, 'forgot_password', 'Forgot password', NULL, '2024-05-30 18:11:36', NULL),
(1545, 'sign_in', 'Sign in', NULL, '2024-05-30 18:11:36', NULL),
(1546, 'Do_not_have_an_account', 'Do not have an account', NULL, '2024-05-30 18:11:36', NULL),
(1547, 'register', 'Register', NULL, '2024-05-30 18:11:36', NULL),
(1548, 'Fathers/Husband Name', 'Fathers/Husband Name', NULL, '2024-05-30 18:11:36', NULL),
(1549, 'Date of Birth', 'Date of Birth', NULL, '2024-05-30 18:11:36', NULL),
(1550, 'phone', 'Phone', NULL, '2024-05-30 18:11:36', NULL),
(1551, 'NID Number', 'NID Number', NULL, '2024-05-30 18:11:36', NULL),
(1552, 'District Name', 'District Name', NULL, '2024-05-30 18:11:36', NULL),
(1553, 'Thana Name', 'Thana Name', NULL, '2024-05-30 18:11:36', NULL),
(1554, 'Post Office Name', 'Post Office Name', NULL, '2024-05-30 18:11:36', NULL),
(1555, 'Postcode', 'Postcode', NULL, '2024-05-30 18:11:36', NULL),
(1556, 'Owner Type', 'Owner Type', NULL, '2024-05-30 18:11:36', NULL),
(1557, 'Not Shipped', 'Not Shipped', NULL, '2024-05-30 18:11:36', NULL),
(1558, 'Incoming Orders', 'Incoming Orders', NULL, '2024-05-30 18:11:36', NULL),
(1559, 'product', 'Product', NULL, '2024-05-30 18:11:36', NULL),
(1560, 'cancel', 'Cancel', NULL, '2024-05-30 18:11:36', NULL),
(1561, 'Generate Qr Code', 'Generate Qr Code', NULL, '2024-05-30 18:11:36', NULL),
(1562, 'orders', 'Orders', NULL, '2024-05-30 18:11:36', NULL),
(1563, 'website', 'Website', NULL, '2024-05-30 18:11:36', NULL),
(1564, 'products', 'Products', NULL, '2024-05-30 18:11:36', NULL),
(1565, 'WooCommerce', 'WooCommerce', NULL, '2024-05-30 18:11:36', NULL),
(1566, 'Manage Seller', 'Manage Seller', NULL, '2024-05-30 18:11:36', NULL),
(1567, 'product_description', 'Product description', NULL, '2024-05-30 18:11:36', NULL),
(1568, 'Product Images', 'Product Images', NULL, '2024-05-30 18:11:36', NULL),
(1569, 'all', 'All', NULL, '2024-05-30 18:11:36', NULL),
(1570, 'details', 'Details', NULL, '2024-05-30 18:11:36', NULL),
(1571, 'action', 'Action', NULL, '2024-05-30 18:11:36', NULL),
(1572, 'Forgot Password', 'Forgot Password', NULL, '2024-05-30 18:11:36', NULL),
(1573, 'processing', 'Processing', NULL, '2024-05-30 18:11:36', NULL),
(1574, 'Shopee', 'Shopee', NULL, '2024-05-30 18:11:36', NULL),
(1575, 'Lazada', 'Lazada', NULL, '2024-05-30 18:11:36', NULL),
(1576, 'Update Order Status', 'Update Order Status', NULL, '2024-05-30 18:11:36', NULL),
(1577, ' Update Order Status To', ' Update Order Status To', NULL, '2024-05-30 18:11:36', NULL),
(1578, 'Number Of Cartons', 'Number Of Cartons', NULL, '2024-05-30 18:11:36', NULL),
(1579, 'PO Qty', 'PO Qty', NULL, '2024-05-30 18:11:36', NULL),
(1580, 'Stock In', 'Stock In', NULL, '2024-05-30 18:11:36', NULL),
(1581, 'Stock Out', 'Stock Out', NULL, '2024-05-30 18:11:36', NULL),
(1582, 'Report Status', 'Report Status', NULL, '2024-05-30 18:11:36', NULL),
(1583, 'Normal Price', 'Normal Price', NULL, '2024-05-30 18:11:36', NULL),
(1584, 'Mark as Wirehouse Shipped', 'Mark as Wirehouse Shipped', NULL, '2024-05-30 18:11:36', NULL),
(1585, 'detail', 'Detail', NULL, '2024-05-30 18:11:36', NULL),
(1586, 'no', 'No', NULL, '2024-05-30 18:11:36', NULL),
(1587, 'close', 'Close', NULL, '2024-05-30 18:11:36', NULL),
(1588, 'yes', 'Yes', NULL, '2024-05-30 18:11:36', NULL),
(1589, 'delete', 'Delete', NULL, '2024-05-30 18:11:36', NULL),
(1590, 'Shipment Products', 'Shipment Products', NULL, '2024-05-30 18:11:36', NULL),
(1591, 'View Shipment', 'View Shipment', NULL, '2024-05-30 18:11:36', NULL),
(1592, 'UPDATE ORDER STATUS', 'UPDATE ORDER STATUS', NULL, '2024-05-30 18:11:36', NULL),
(1593, 'You updated successfully', 'You updated successfully', NULL, '2024-05-30 18:11:36', NULL),
(1594, 'Variations', 'Variations', NULL, '2024-05-30 18:11:36', NULL),
(1595, 'Variation Name', 'Variation Name', NULL, '2024-05-30 18:11:36', NULL),
(1596, 'Variation SKU', 'Variation SKU', NULL, '2024-05-30 18:11:36', NULL),
(1597, 'Variation Price', 'Variation Price', NULL, '2024-05-30 18:11:36', NULL),
(1598, 'Variation Original Price', 'Variation Original Price', NULL, '2024-05-30 18:11:36', NULL),
(1599, 'Reserved Stock', 'Reserved Stock', NULL, '2024-05-30 18:11:36', NULL),
(1600, 'Ready To ship', 'Ready To ship', NULL, '2024-05-31 18:40:08', NULL),
(1601, 'type', 'Type', NULL, '2024-05-31 18:40:08', NULL);
INSERT INTO `translations` (`id`, `key`, `lang_en`, `lang_bn`, `created_at`, `updated_at`) VALUES
(1602, 'status', 'Status', NULL, '2024-05-31 18:40:08', NULL),
(1603, 'quantity', 'Quantity', NULL, '2024-05-31 18:40:08', NULL),
(1604, 'price', 'Price', NULL, '2024-05-31 18:40:08', NULL),
(1605, 'shop', 'Shop', NULL, '2024-05-31 18:40:08', NULL),
(1606, 'password', 'Password', NULL, '2024-05-31 18:40:08', NULL),
(1607, 'register', 'Register', NULL, '2024-05-31 18:40:08', NULL),
(1608, 'Village/Street', 'Village/Street', NULL, '2024-05-31 18:40:08', NULL),
(1609, 'Nationality', 'Nationality', NULL, '2024-05-31 18:40:08', NULL),
(1610, 'Sex', 'Sex', NULL, '2024-05-31 18:40:08', NULL),
(1611, 'product', 'Product', NULL, '2024-05-31 18:40:08', NULL),
(1612, 'cancel', 'Cancel', NULL, '2024-05-31 18:40:08', NULL),
(1613, 'Generate Qr Code', 'Generate Qr Code', NULL, '2024-05-31 18:40:08', NULL),
(1614, 'orders', 'Orders', NULL, '2024-05-31 18:40:08', NULL),
(1615, 'website', 'Website', NULL, '2024-05-31 18:40:08', NULL),
(1616, 'products', 'Products', NULL, '2024-05-31 18:40:08', NULL),
(1617, 'WooCommerce', 'WooCommerce', NULL, '2024-05-31 18:40:08', NULL),
(1618, 'Manage Seller', 'Manage Seller', NULL, '2024-05-31 18:40:08', NULL),
(1619, 'all', 'All', NULL, '2024-05-31 18:40:08', NULL),
(1620, 'details', 'Details', NULL, '2024-05-31 18:40:08', NULL),
(1621, 'action', 'Action', NULL, '2024-05-31 18:40:08', NULL),
(1622, 'Forgot Password', 'Forgot Password', NULL, '2024-05-31 18:40:08', NULL),
(1623, 'processing', 'Processing', NULL, '2024-05-31 18:40:08', NULL),
(1624, 'Shopee', 'Shopee', NULL, '2024-05-31 18:40:08', NULL),
(1625, 'Lazada', 'Lazada', NULL, '2024-05-31 18:40:08', NULL),
(1626, 'Number Of Cartons', 'Number Of Cartons', NULL, '2024-05-31 18:40:08', NULL),
(1627, 'detail', 'Detail', NULL, '2024-05-31 18:40:08', NULL),
(1628, 'no', 'No', NULL, '2024-05-31 18:40:08', NULL),
(1629, 'close', 'Close', NULL, '2024-05-31 18:40:08', NULL),
(1630, 'yes', 'Yes', NULL, '2024-05-31 18:40:08', NULL),
(1631, 'delete', 'Delete', NULL, '2024-05-31 18:40:08', NULL),
(1632, 'UPDATE ORDER STATUS', 'UPDATE ORDER STATUS', NULL, '2024-05-31 18:40:08', NULL),
(1633, 'Ready To ship', 'Ready To ship', NULL, '2024-06-02 11:27:18', NULL),
(1634, 'type', 'Type', NULL, '2024-06-02 11:27:18', NULL),
(1635, 'status', 'Status', NULL, '2024-06-02 11:27:18', NULL),
(1636, 'quantity', 'Quantity', NULL, '2024-06-02 11:27:18', NULL),
(1637, 'price', 'Price', NULL, '2024-06-02 11:27:18', NULL),
(1638, 'shop', 'Shop', NULL, '2024-06-02 11:27:18', NULL),
(1639, 'password', 'Password', NULL, '2024-06-02 11:27:18', NULL),
(1640, 'register', 'Register', NULL, '2024-06-02 11:27:18', NULL),
(1641, 'Dath Of Birth', 'Dath Of Birth', NULL, '2024-06-02 11:27:18', NULL),
(1642, 'product', 'Product', NULL, '2024-06-02 11:27:18', NULL),
(1643, 'cancel', 'Cancel', NULL, '2024-06-02 11:27:18', NULL),
(1644, 'Generate Qr Code', 'Generate Qr Code', NULL, '2024-06-02 11:27:18', NULL),
(1645, 'orders', 'Orders', NULL, '2024-06-02 11:27:18', NULL),
(1646, 'website', 'Website', NULL, '2024-06-02 11:27:18', NULL),
(1647, 'products', 'Products', NULL, '2024-06-02 11:27:18', NULL),
(1648, 'WooCommerce', 'WooCommerce', NULL, '2024-06-02 11:27:18', NULL),
(1649, 'Manage Seller', 'Manage Seller', NULL, '2024-06-02 11:27:18', NULL),
(1650, 'all', 'All', NULL, '2024-06-02 11:27:18', NULL),
(1651, 'details', 'Details', NULL, '2024-06-02 11:27:18', NULL),
(1652, 'action', 'Action', NULL, '2024-06-02 11:27:19', NULL),
(1653, 'Forgot Password', 'Forgot Password', NULL, '2024-06-02 11:27:19', NULL),
(1654, 'processing', 'Processing', NULL, '2024-06-02 11:27:19', NULL),
(1655, 'Shopee', 'Shopee', NULL, '2024-06-02 11:27:19', NULL),
(1656, 'Lazada', 'Lazada', NULL, '2024-06-02 11:27:19', NULL),
(1657, 'Select Brand', 'Select Brand', NULL, '2024-06-02 11:27:19', NULL),
(1658, 'Select Model', 'Select Model', NULL, '2024-06-02 11:27:19', NULL),
(1659, 'Type Of Body', 'Type Of Body', NULL, '2024-06-02 11:27:19', NULL),
(1660, 'Class Of Body', 'Class Of Body', NULL, '2024-06-02 11:27:19', NULL),
(1661, 'Chassis No.', '', NULL, '2024-06-02 11:27:19', NULL),
(1662, 'Engine No.', '', NULL, '2024-06-02 11:27:19', NULL),
(1663, 'Color', 'Color', NULL, '2024-06-02 11:27:19', NULL),
(1664, 'No. of Cylender', ' of Cylender', NULL, '2024-06-02 11:27:19', NULL),
(1665, 'Cubic Capacity', 'Cubic Capacity', NULL, '2024-06-02 11:27:19', NULL),
(1666, 'Horse Power', 'Horse Power', NULL, '2024-06-02 11:27:19', NULL),
(1667, 'Fuel Used', 'Fuel Used', NULL, '2024-06-02 11:27:19', NULL),
(1668, 'Year of Manufacture', 'Year of Manufacture', NULL, '2024-06-02 11:27:19', NULL),
(1669, 'Unladen Weight', 'Unladen Weight', NULL, '2024-06-02 11:27:19', NULL),
(1670, 'Number Of Cartons', 'Number Of Cartons', NULL, '2024-06-02 11:27:19', NULL),
(1671, 'detail', 'Detail', NULL, '2024-06-02 11:27:19', NULL),
(1672, 'no', 'No', NULL, '2024-06-02 11:27:19', NULL),
(1673, 'close', 'Close', NULL, '2024-06-02 11:27:19', NULL),
(1674, 'yes', 'Yes', NULL, '2024-06-02 11:27:19', NULL),
(1675, 'delete', 'Delete', NULL, '2024-06-02 11:27:19', NULL),
(1676, 'UPDATE ORDER STATUS', 'UPDATE ORDER STATUS', NULL, '2024-06-02 11:27:19', NULL),
(1677, 'Create Brand', 'Create Brand', NULL, '2024-06-02 11:27:19', NULL),
(1678, 'Add Brand', 'Add Brand', NULL, '2024-06-02 11:27:19', NULL),
(1679, 'Update Brand', 'Update Brand', NULL, '2024-06-02 11:27:19', NULL),
(1680, 'Create Model', 'Create Model', NULL, '2024-06-02 11:27:19', NULL),
(1681, 'Add Model', 'Add Model', NULL, '2024-06-02 11:27:19', NULL),
(1682, 'Update Model', 'Update Model', NULL, '2024-06-02 11:27:19', NULL),
(1683, 'Ready To ship', 'Ready To ship', NULL, '2024-06-02 11:27:30', NULL),
(1684, 'type', 'Type', NULL, '2024-06-02 11:27:30', NULL),
(1685, 'status', 'Status', NULL, '2024-06-02 11:27:30', NULL),
(1686, 'quantity', 'Quantity', NULL, '2024-06-02 11:27:30', NULL),
(1687, 'price', 'Price', NULL, '2024-06-02 11:27:30', NULL),
(1688, 'shop', 'Shop', NULL, '2024-06-02 11:27:30', NULL),
(1689, 'password', 'Password', NULL, '2024-06-02 11:27:30', NULL),
(1690, 'register', 'Register', NULL, '2024-06-02 11:27:30', NULL),
(1691, 'product', 'Product', NULL, '2024-06-02 11:27:30', NULL),
(1692, 'cancel', 'Cancel', NULL, '2024-06-02 11:27:30', NULL),
(1693, 'Generate Qr Code', 'Generate Qr Code', NULL, '2024-06-02 11:27:30', NULL),
(1694, 'orders', 'Orders', NULL, '2024-06-02 11:27:30', NULL),
(1695, 'website', 'Website', NULL, '2024-06-02 11:27:30', NULL),
(1696, 'products', 'Products', NULL, '2024-06-02 11:27:30', NULL),
(1697, 'WooCommerce', 'WooCommerce', NULL, '2024-06-02 11:27:30', NULL),
(1698, 'Manage Seller', 'Manage Seller', NULL, '2024-06-02 11:27:30', NULL),
(1699, 'all', 'All', NULL, '2024-06-02 11:27:30', NULL),
(1700, 'details', 'Details', NULL, '2024-06-02 11:27:31', NULL),
(1701, 'action', 'Action', NULL, '2024-06-02 11:27:31', NULL),
(1702, 'Forgot Password', 'Forgot Password', NULL, '2024-06-02 11:27:31', NULL),
(1703, 'processing', 'Processing', NULL, '2024-06-02 11:27:31', NULL),
(1704, 'Shopee', 'Shopee', NULL, '2024-06-02 11:27:31', NULL),
(1705, 'Lazada', 'Lazada', NULL, '2024-06-02 11:27:31', NULL),
(1706, 'Number Of Cartons', 'Number Of Cartons', NULL, '2024-06-02 11:27:31', NULL),
(1707, 'detail', 'Detail', NULL, '2024-06-02 11:27:31', NULL),
(1708, 'no', 'No', NULL, '2024-06-02 11:27:31', NULL),
(1709, 'close', 'Close', NULL, '2024-06-02 11:27:31', NULL),
(1710, 'yes', 'Yes', NULL, '2024-06-02 11:27:31', NULL),
(1711, 'delete', 'Delete', NULL, '2024-06-02 11:27:31', NULL),
(1712, 'UPDATE ORDER STATUS', 'UPDATE ORDER STATUS', NULL, '2024-06-02 11:27:31', NULL),
(1713, 'Ready To ship', 'Ready To ship', NULL, '2024-06-19 04:51:19', NULL),
(1714, 'Model', 'Model', NULL, '2024-06-19 04:51:19', NULL),
(1715, 'Size of Tyres', 'Size of Tyres', NULL, '2024-06-19 04:51:19', NULL),
(1716, 'Wheel Base', 'Wheel Base', NULL, '2024-06-19 04:51:19', NULL),
(1717, 'password', 'Password', NULL, '2024-06-19 04:51:19', NULL),
(1718, 'register', 'Register', NULL, '2024-06-19 04:51:19', NULL),
(1719, 'Total Installment', 'Total Installment', NULL, '2024-06-19 04:51:19', NULL),
(1720, 'Amount Per Installment', 'Amount Per Installment', NULL, '2024-06-19 04:51:19', NULL),
(1721, 'product', 'Product', NULL, '2024-06-19 04:51:19', NULL),
(1722, 'price', 'Price', NULL, '2024-06-19 04:51:19', NULL),
(1723, 'quantity', 'Quantity', NULL, '2024-06-19 04:51:19', NULL),
(1724, 'cancel', 'Cancel', NULL, '2024-06-19 04:51:19', NULL),
(1725, 'Facebook Settings', 'Facebook Settings', NULL, '2024-06-19 04:51:19', NULL),
(1726, 'Generate Qr Code', 'Generate Qr Code', NULL, '2024-06-19 04:51:19', NULL),
(1727, 'Manage Seller', 'Manage Seller', NULL, '2024-06-19 04:51:19', NULL),
(1728, 'Forgot Password', 'Forgot Password', NULL, '2024-06-19 04:51:19', NULL),
(1729, 'processing', 'Processing', NULL, '2024-06-19 04:51:19', NULL),
(1730, 'WooCommerce', 'WooCommerce', NULL, '2024-06-19 04:51:19', NULL),
(1731, 'Chassis No', 'Chassis No', NULL, '2024-06-19 04:51:19', NULL),
(1732, 'Engine No', 'Engine No', NULL, '2024-06-19 04:51:19', NULL),
(1733, 'Thana', 'Thana', NULL, '2024-06-19 04:51:19', NULL),
(1734, 'Postoffice', 'Postoffice', NULL, '2024-06-19 04:51:19', NULL),
(1735, 'Sales', 'Sales', NULL, '2024-06-19 04:51:19', NULL),
(1736, 'Sales Data', 'Sales Data', NULL, '2024-06-19 04:51:19', NULL),
(1737, 'Create Sale', 'Create Sale', NULL, '2024-06-19 04:51:19', NULL),
(1738, 'Create New Sale', 'Create New Sale', NULL, '2024-06-19 04:51:19', NULL),
(1739, 'Sale Info', 'Sale Info', NULL, '2024-06-19 04:51:19', NULL),
(1740, 'Owner Details', 'Owner Details', NULL, '2024-06-19 04:51:19', NULL),
(1741, 'Search by name first', 'Search by name first', NULL, '2024-06-19 04:51:19', NULL),
(1742, 'Customer', 'Customer', NULL, '2024-06-19 04:51:19', NULL),
(1743, 'Customer 1', 'Customer 1', NULL, '2024-06-19 04:51:19', NULL),
(1744, 'Customer 2', 'Customer 2', NULL, '2024-06-19 04:51:19', NULL),
(1745, 'Payment Details', 'Payment Details', NULL, '2024-06-19 04:51:19', NULL),
(1746, 'Payment Type', 'Payment Type', NULL, '2024-06-19 04:51:19', NULL),
(1747, 'Payment Method', 'Payment Method', NULL, '2024-06-19 04:51:19', NULL),
(1748, 'Bank Name', 'Bank Name', NULL, '2024-06-19 04:51:19', NULL),
(1749, 'Cheque No', 'Cheque No', NULL, '2024-06-19 04:51:19', NULL),
(1750, 'Mobile Banking', 'Mobile Banking', NULL, '2024-06-19 04:51:19', NULL),
(1751, 'Mobile No', 'Mobile No', NULL, '2024-06-19 04:51:19', NULL),
(1752, 'Post Office', 'Post Office', NULL, '2024-06-19 04:51:19', NULL),
(1753, 'Create Product', 'Create Product', NULL, '2024-06-19 04:51:19', NULL),
(1754, 'Number Of Cartons', 'Number Of Cartons', NULL, '2024-06-19 04:51:19', NULL),
(1755, 'Create Feature', 'Create Feature', NULL, '2024-06-19 04:51:19', NULL),
(1756, 'Add Feature', 'Add Feature', NULL, '2024-06-19 04:51:19', NULL),
(1757, 'Update Feature', 'Update Feature', NULL, '2024-06-19 04:51:19', NULL),
(1758, 'Ready To ship', 'Ready To ship', NULL, '2024-06-25 09:31:48', NULL),
(1759, 'password', 'Password', NULL, '2024-06-25 09:31:48', NULL),
(1760, 'register', 'Register', NULL, '2024-06-25 09:31:48', NULL),
(1761, 'Mobile Wallet Name', 'Mobile Wallet Name', NULL, '2024-06-25 09:31:48', NULL),
(1762, 'Account No', 'Account No', NULL, '2024-06-25 09:31:48', NULL),
(1763, 'Expenses', 'Expenses', NULL, '2024-06-25 09:31:48', NULL),
(1764, 'Create Expense', 'Create Expense', NULL, '2024-06-25 09:31:48', NULL),
(1765, 'Add Expense', 'Add Expense', NULL, '2024-06-25 09:31:48', NULL),
(1766, 'Update Expense', 'Update Expense', NULL, '2024-06-25 09:31:48', NULL),
(1767, 'Transactions', 'Transactions', NULL, '2024-06-25 09:31:48', NULL),
(1768, 'Receive Payments', 'Receive Payments', NULL, '2024-06-25 09:31:48', NULL),
(1769, 'Payments', 'Payments', NULL, '2024-06-25 09:31:48', NULL),
(1770, 'Generate Qr Code', 'Generate Qr Code', NULL, '2024-06-25 09:31:48', NULL),
(1771, 'Manage Seller', 'Manage Seller', NULL, '2024-06-25 09:31:48', NULL),
(1772, 'Forgot Password', 'Forgot Password', NULL, '2024-06-25 09:31:48', NULL),
(1773, 'processing', 'Processing', NULL, '2024-06-25 09:31:48', NULL),
(1774, 'WooCommerce', 'WooCommerce', NULL, '2024-06-25 09:31:48', NULL),
(1775, 'Phone', 'Phone', NULL, '2024-06-25 09:31:48', NULL),
(1776, 'Add Employee', 'Add Employee', NULL, '2024-06-25 09:31:48', NULL),
(1777, 'Employee Name', 'Employee Name', NULL, '2024-06-25 09:31:48', NULL),
(1778, 'Update Employee', 'Update Employee', NULL, '2024-06-25 09:31:48', NULL),
(1779, 'Lender Name', 'Lender Name', NULL, '2024-06-25 09:31:48', NULL),
(1780, 'Create Lender', 'Create Lender', NULL, '2024-06-25 09:31:48', NULL),
(1781, 'Add Lender', 'Add Lender', NULL, '2024-06-25 09:31:48', NULL),
(1782, 'Update Lender', 'Update Lender', NULL, '2024-06-25 09:31:48', NULL),
(1783, 'Print Invoice', 'Print Invoice', NULL, '2024-06-25 09:31:48', NULL),
(1784, 'Copy Customer Link', 'Copy Customer Link', NULL, '2024-06-25 09:31:48', NULL),
(1785, 'Sale Status', 'Sale Status', NULL, '2024-06-25 09:31:48', NULL),
(1786, 'Payment Date', 'Payment Date', NULL, '2024-06-25 09:31:48', NULL),
(1787, 'Select Lender Name', 'Select Lender Name', NULL, '2024-06-25 09:31:48', NULL),
(1788, 'Select Employee Name', 'Select Employee Name', NULL, '2024-06-25 09:31:48', NULL),
(1789, 'Create Payment', 'Create Payment', NULL, '2024-06-25 09:31:48', NULL),
(1790, 'Edit Payment', 'Edit Payment', NULL, '2024-06-25 09:31:48', NULL),
(1791, 'Cash', 'Cash', NULL, '2024-06-25 09:31:48', NULL),
(1792, 'Cheque', 'Cheque', NULL, '2024-06-25 09:31:48', NULL),
(1793, 'Pay To', 'Pay To', NULL, '2024-06-25 09:31:48', NULL),
(1794, 'Brand', 'Brand', NULL, '2024-06-25 09:31:48', NULL),
(1795, 'Edit Product', 'Edit Product', NULL, '2024-06-25 09:31:48', NULL),
(1796, 'Enter Engine No or Code', 'Enter Engine No or Code', NULL, '2024-06-25 09:31:49', NULL),
(1797, 'Order (Pieces)', 'Order (Pieces)', NULL, '2024-06-25 09:31:49', NULL),
(1798, 'Number Of Cartons', 'Number Of Cartons', NULL, '2024-06-25 09:31:49', NULL),
(1799, 'Select Customer Name', 'Select Customer Name', NULL, '2024-06-25 09:31:49', NULL),
(1800, 'Create Receive Payment', 'Create Receive Payment', NULL, '2024-06-25 09:31:49', NULL),
(1801, 'Edit Receive Payment', 'Edit Receive Payment', NULL, '2024-06-25 09:31:49', NULL),
(1802, 'Ready To ship', 'Ready To ship', NULL, '2024-06-25 16:58:40', NULL),
(1803, 'password', 'Password', NULL, '2024-06-25 16:58:40', NULL),
(1804, 'register', 'Register', NULL, '2024-06-25 16:58:40', NULL),
(1805, 'Generate Qr Code', 'Generate Qr Code', NULL, '2024-06-25 16:58:40', NULL),
(1806, 'Manage Seller', 'Manage Seller', NULL, '2024-06-25 16:58:40', NULL),
(1807, 'Forgot Password', 'Forgot Password', NULL, '2024-06-25 16:58:40', NULL),
(1808, 'processing', 'Processing', NULL, '2024-06-25 16:58:40', NULL),
(1809, 'WooCommerce', 'WooCommerce', NULL, '2024-06-25 16:58:40', NULL),
(1810, 'Phone', 'Phone', NULL, '2024-06-25 16:58:40', NULL),
(1811, 'IFS Part', 'IFS Part', NULL, '2024-06-25 16:58:40', NULL),
(1812, 'SS PART', 'SS PART', NULL, '2024-06-25 16:58:40', NULL),
(1813, 'Parts Type', 'Parts Type', NULL, '2024-06-25 16:58:40', NULL),
(1814, 'Cost Price', 'Cost Price', NULL, '2024-06-25 16:58:40', NULL),
(1815, 'Number Of Cartons', 'Number Of Cartons', NULL, '2024-06-25 16:58:40', NULL),
(1816, 'Create Part Type', 'Create Part Type', NULL, '2024-06-25 16:58:40', NULL),
(1817, 'Add Part Type', 'Add Part Type', NULL, '2024-06-25 16:58:40', NULL),
(1818, 'Update Part Type', 'Update Part Type', NULL, '2024-06-25 16:58:40', NULL),
(1819, 'Ready To ship', 'Ready To ship', NULL, '2024-06-26 10:01:17', NULL),
(1820, 'password', 'Password', NULL, '2024-06-26 10:01:17', NULL),
(1821, 'register', 'Register', NULL, '2024-06-26 10:01:17', NULL),
(1822, 'Generate Qr Code', 'Generate Qr Code', NULL, '2024-06-26 10:01:17', NULL),
(1823, 'Manage Seller', 'Manage Seller', NULL, '2024-06-26 10:01:17', NULL),
(1824, 'Forgot Password', 'Forgot Password', NULL, '2024-06-26 10:01:17', NULL),
(1825, 'processing', 'Processing', NULL, '2024-06-26 10:01:17', NULL),
(1826, 'WooCommerce', 'WooCommerce', NULL, '2024-06-26 10:01:17', NULL),
(1827, 'Part No', 'Part No', NULL, '2024-06-26 10:01:17', NULL),
(1828, 'Phone', 'Phone', NULL, '2024-06-26 10:01:17', NULL),
(1829, 'Enter Part No or Code', 'Enter Part No or Code', NULL, '2024-06-26 10:01:17', NULL),
(1830, 'Number Of Cartons', 'Number Of Cartons', NULL, '2024-06-26 10:01:17', NULL),
(1831, 'Ready To ship', 'Ready To ship', NULL, '2024-06-30 17:56:57', NULL),
(1832, 'password', 'Password', NULL, '2024-06-30 17:56:57', NULL),
(1833, 'register', 'Register', NULL, '2024-06-30 17:56:57', NULL),
(1834, 'Generate Qr Code', 'Generate Qr Code', NULL, '2024-06-30 17:56:57', NULL),
(1835, 'Daily Summary', 'Daily Summary', NULL, '2024-06-30 17:56:57', NULL),
(1836, 'Sales Report', 'Sales Report', NULL, '2024-06-30 17:56:57', NULL),
(1837, 'Customer Report', 'Customer Report', NULL, '2024-06-30 17:56:57', NULL),
(1838, 'Supplier Report', 'Supplier Report', NULL, '2024-06-30 17:56:57', NULL),
(1839, 'Expense Report', 'Expense Report', NULL, '2024-06-30 17:56:57', NULL),
(1840, 'Salary Report', 'Salary Report', NULL, '2024-06-30 17:56:57', NULL),
(1841, 'Loan Report', 'Loan Report', NULL, '2024-06-30 17:56:57', NULL),
(1842, 'Bank Statement Report', 'Bank Statement Report', NULL, '2024-06-30 17:56:57', NULL),
(1843, 'Manage Seller', 'Manage Seller', NULL, '2024-06-30 17:56:57', NULL),
(1844, 'Forgot Password', 'Forgot Password', NULL, '2024-06-30 17:56:57', NULL),
(1845, 'processing', 'Processing', NULL, '2024-06-30 17:56:57', NULL),
(1846, 'WooCommerce', 'WooCommerce', NULL, '2024-06-30 17:56:57', NULL),
(1847, 'Phone', 'Phone', NULL, '2024-06-30 17:56:57', NULL),
(1848, 'DLR Price', 'DLR Price', NULL, '2024-06-30 17:56:58', NULL),
(1849, 'Number Of Cartons', 'Number Of Cartons', NULL, '2024-06-30 17:56:58', NULL),
(1850, 'Create New Purchase', 'Create New Purchase', NULL, '2024-06-30 17:56:58', NULL),
(1851, 'Purchase Info', 'Purchase Info', NULL, '2024-06-30 17:56:58', NULL),
(1852, 'Purchase Date', 'Purchase Date', NULL, '2024-06-30 17:56:58', NULL),
(1853, 'Amount To Be Paid', 'Amount To Be Paid', NULL, '2024-06-30 17:56:58', NULL),
(1854, 'Edit Purchases', 'Edit Purchases', NULL, '2024-06-30 17:56:58', NULL),
(1855, 'Purchases Info', 'Purchases Info', NULL, '2024-06-30 17:56:58', NULL),
(1856, 'Select supplier Name', 'Select supplier Name', NULL, '2024-06-30 17:56:58', NULL),
(1857, 'Summary', 'Summary', NULL, '2024-06-30 17:56:58', NULL),
(1858, 'Buyer Name', 'Buyer Name', NULL, '2024-06-30 17:56:58', NULL),
(1859, 'Ready To ship', 'Ready To ship', NULL, '2024-07-01 11:05:10', NULL),
(1860, 'password', 'Password', NULL, '2024-07-01 11:05:10', NULL),
(1861, 'register', 'Register', NULL, '2024-07-01 11:05:10', NULL),
(1862, 'Phone', 'Phone', NULL, '2024-07-01 11:05:10', NULL),
(1863, 'Generate Qr Code', 'Generate Qr Code', NULL, '2024-07-01 11:05:10', NULL),
(1864, 'Manage Seller', 'Manage Seller', NULL, '2024-07-01 11:05:10', NULL),
(1865, 'Forgot Password', 'Forgot Password', NULL, '2024-07-01 11:05:10', NULL),
(1866, 'processing', 'Processing', NULL, '2024-07-01 11:05:10', NULL),
(1867, 'WooCommerce', 'WooCommerce', NULL, '2024-07-01 11:05:10', NULL),
(1868, 'Number Of Cartons', 'Number Of Cartons', NULL, '2024-07-01 11:05:10', NULL),
(1869, 'Select supplier Name', 'Select supplier Name', NULL, '2024-07-01 11:05:10', NULL),
(1870, 'Create Service', 'Create Service', NULL, '2024-07-01 11:05:10', NULL),
(1871, 'Create New Service', 'Create New Service', NULL, '2024-07-01 11:05:10', NULL),
(1872, 'Customer Details', 'Customer Details', NULL, '2024-07-01 11:05:10', NULL),
(1873, 'Customer Type', 'Customer Type', NULL, '2024-07-01 11:05:10', NULL),
(1874, 'Select RAM', 'Select RAM', NULL, '2024-07-01 11:05:10', NULL),
(1875, 'Services', 'Services', NULL, '2024-07-01 11:05:10', NULL),
(1876, 'New Service', 'New Service', NULL, '2024-07-01 11:05:10', NULL),
(1877, 'Service Status', 'Service Status', NULL, '2024-07-01 11:05:10', NULL),
(1878, 'Ready To ship', 'Ready To ship', NULL, '2024-07-03 07:12:10', NULL),
(1879, 'password', 'Password', NULL, '2024-07-03 07:12:10', NULL),
(1880, 'register', 'Register', NULL, '2024-07-03 07:12:10', NULL),
(1881, 'Phone', 'Phone', NULL, '2024-07-03 07:12:10', NULL),
(1882, 'Generate Qr Code', 'Generate Qr Code', NULL, '2024-07-03 07:12:10', NULL),
(1883, 'Manage Seller', 'Manage Seller', NULL, '2024-07-03 07:12:10', NULL),
(1884, 'Forgot Password', 'Forgot Password', NULL, '2024-07-03 07:12:10', NULL),
(1885, 'processing', 'Processing', NULL, '2024-07-03 07:12:10', NULL),
(1886, 'WooCommerce', 'WooCommerce', NULL, '2024-07-03 07:12:10', NULL),
(1887, 'No services added', 'No services added', NULL, '2024-07-03 07:12:10', NULL),
(1888, 'Service Man', 'Service Man', NULL, '2024-07-03 07:12:10', NULL),
(1889, 'Are you sure to remove this service', 'Are you sure to remove this service', NULL, '2024-07-03 07:12:10', NULL),
(1890, 'Service Discount Cost', 'Service Discount Cost', NULL, '2024-07-03 07:12:10', NULL),
(1891, 'Number Of Cartons', 'Number Of Cartons', NULL, '2024-07-03 07:12:11', NULL),
(1892, 'Select supplier Name', 'Select supplier Name', NULL, '2024-07-03 07:12:11', NULL),
(1893, 'Ready To ship', 'Ready To ship', NULL, '2024-07-07 13:37:55', NULL),
(1894, 'password', 'Password', NULL, '2024-07-07 13:37:55', NULL),
(1895, 'register', 'Register', NULL, '2024-07-07 13:37:55', NULL),
(1896, 'Phone', 'Phone', NULL, '2024-07-07 13:37:55', NULL),
(1897, 'Generate Qr Code', 'Generate Qr Code', NULL, '2024-07-07 13:37:55', NULL),
(1898, 'Stock Summary', 'Stock Summary', NULL, '2024-07-07 13:37:55', NULL),
(1899, 'Manage Seller', 'Manage Seller', NULL, '2024-07-07 13:37:55', NULL),
(1900, 'Forgot Password', 'Forgot Password', NULL, '2024-07-07 13:37:55', NULL),
(1901, 'processing', 'Processing', NULL, '2024-07-07 13:37:55', NULL),
(1902, 'WooCommerce', 'WooCommerce', NULL, '2024-07-07 13:37:55', NULL),
(1903, 'Part Name', 'Part Name', NULL, '2024-07-07 13:37:55', NULL),
(1904, 'Add Investment', 'Add Investment', NULL, '2024-07-07 13:37:55', NULL),
(1905, 'Select Owner', 'Select Owner', NULL, '2024-07-07 13:37:55', NULL),
(1906, 'Add Owner', 'Add Owner', NULL, '2024-07-07 13:37:55', NULL),
(1907, 'Service Details', 'Service Details', NULL, '2024-07-07 13:37:55', NULL),
(1908, 'Stock Quantity', 'Stock Quantity', NULL, '2024-07-07 13:37:55', NULL),
(1909, 'Number Of Cartons', 'Number Of Cartons', NULL, '2024-07-07 13:37:55', NULL),
(1910, 'Select supplier Name', 'Select supplier Name', NULL, '2024-07-07 13:37:55', NULL),
(1911, 'Ready To ship', 'Ready To ship', NULL, '2024-07-07 13:39:09', NULL),
(1912, 'password', 'Password', NULL, '2024-07-07 13:39:09', NULL),
(1913, 'register', 'Register', NULL, '2024-07-07 13:39:09', NULL),
(1914, 'Phone', 'Phone', NULL, '2024-07-07 13:39:09', NULL),
(1915, 'Manage Owner/Investment', 'Manage Owner/Investment', NULL, '2024-07-07 13:39:09', NULL),
(1916, 'Generate Qr Code', 'Generate Qr Code', NULL, '2024-07-07 13:39:09', NULL),
(1917, 'Manage Seller', 'Manage Seller', NULL, '2024-07-07 13:39:09', NULL),
(1918, 'Forgot Password', 'Forgot Password', NULL, '2024-07-07 13:39:09', NULL),
(1919, 'processing', 'Processing', NULL, '2024-07-07 13:39:09', NULL),
(1920, 'WooCommerce', 'WooCommerce', NULL, '2024-07-07 13:39:09', NULL),
(1921, 'Number Of Cartons', 'Number Of Cartons', NULL, '2024-07-07 13:39:09', NULL),
(1922, 'Select supplier Name', 'Select supplier Name', NULL, '2024-07-07 13:39:09', NULL),
(1923, 'Ready To ship', 'Ready To ship', NULL, '2024-07-07 13:39:47', NULL),
(1924, 'password', 'Password', NULL, '2024-07-07 13:39:48', NULL),
(1925, 'register', 'Register', NULL, '2024-07-07 13:39:48', NULL),
(1926, 'Phone', 'Phone', NULL, '2024-07-07 13:39:48', NULL),
(1927, 'Owners/Investments', 'Owners/Investments', NULL, '2024-07-07 13:39:48', NULL),
(1928, 'Generate Qr Code', 'Generate Qr Code', NULL, '2024-07-07 13:39:48', NULL),
(1929, 'Manage Seller', 'Manage Seller', NULL, '2024-07-07 13:39:48', NULL),
(1930, 'Forgot Password', 'Forgot Password', NULL, '2024-07-07 13:39:48', NULL),
(1931, 'processing', 'Processing', NULL, '2024-07-07 13:39:48', NULL),
(1932, 'WooCommerce', 'WooCommerce', NULL, '2024-07-07 13:39:48', NULL),
(1933, 'Number Of Cartons', 'Number Of Cartons', NULL, '2024-07-07 13:39:48', NULL),
(1934, 'Select supplier Name', 'Select supplier Name', NULL, '2024-07-07 13:39:48', NULL),
(1935, 'Receive', 'Receive', NULL, '2024-08-26 11:32:55', NULL),
(1936, 'Ready To ship', 'Ready To ship', NULL, '2024-08-26 11:32:55', NULL),
(1937, 'password', 'Password', NULL, '2024-08-26 11:32:55', NULL),
(1938, 'register', 'Register', NULL, '2024-08-26 11:32:55', NULL),
(1939, 'Phone', 'Phone', NULL, '2024-08-26 11:32:55', NULL),
(1940, 'Generate Qr Code', 'Generate Qr Code', NULL, '2024-08-26 11:32:55', NULL),
(1941, 'Coupon Summary', 'Coupon Summary', NULL, '2024-08-26 11:32:55', NULL),
(1942, 'Manage Seller', 'Manage Seller', NULL, '2024-08-26 11:32:55', NULL),
(1943, 'Forgot Password', 'Forgot Password', NULL, '2024-08-26 11:32:55', NULL),
(1944, 'processing', 'Processing', NULL, '2024-08-26 11:32:55', NULL),
(1945, 'WooCommerce', 'WooCommerce', NULL, '2024-08-26 11:32:55', NULL),
(1946, 'Select Partner', 'Select Partner', NULL, '2024-08-26 11:32:55', NULL),
(1947, 'Coupon', 'Coupon', NULL, '2024-08-26 11:32:55', NULL),
(1948, 'Add Discount', 'Add Discount', NULL, '2024-08-26 11:32:55', NULL),
(1949, 'Discount', 'Discount', NULL, '2024-08-26 11:32:55', NULL),
(1950, 'Partner Name', 'Partner Name', NULL, '2024-08-26 11:32:56', NULL),
(1951, 'Select Partner Name', 'Select Partner Name', NULL, '2024-08-26 11:32:56', NULL),
(1952, 'Patner Name', 'Patner Name', NULL, '2024-08-26 11:32:56', NULL),
(1953, 'Select Patner Name', 'Select Patner Name', NULL, '2024-08-26 11:32:56', NULL),
(1954, 'Number Of Cartons', 'Number Of Cartons', NULL, '2024-08-26 11:32:56', NULL),
(1955, 'Select supplier Name', 'Select supplier Name', NULL, '2024-08-26 11:32:56', NULL),
(1956, 'Coupon Report', 'Coupon Report', NULL, '2024-08-26 11:32:56', NULL),
(1957, 'Ready To ship', 'Ready To ship', NULL, '2024-09-27 17:34:23', NULL),
(1958, 'password', 'Password', NULL, '2024-09-27 17:34:23', NULL),
(1959, 'register', 'Register', NULL, '2024-09-27 17:34:23', NULL),
(1960, 'Phone', 'Phone', NULL, '2024-09-27 17:34:24', NULL),
(1961, 'Generate Qr Code', 'Generate Qr Code', NULL, '2024-09-27 17:34:24', NULL),
(1962, 'Profit/Loss', 'Profit/Loss', NULL, '2024-09-27 17:34:24', NULL),
(1963, 'Manage Seller', 'Manage Seller', NULL, '2024-09-27 17:34:24', NULL),
(1964, 'Forgot Password', 'Forgot Password', NULL, '2024-09-27 17:34:24', NULL),
(1965, 'processing', 'Processing', NULL, '2024-09-27 17:34:24', NULL),
(1966, 'WooCommerce', 'WooCommerce', NULL, '2024-09-27 17:34:24', NULL),
(1967, 'Payment For', 'Payment For', NULL, '2024-09-27 17:34:24', NULL),
(1968, 'Number Of Cartons', 'Number Of Cartons', NULL, '2024-09-27 17:34:24', NULL),
(1969, 'Select supplier Name', 'Select supplier Name', NULL, '2024-09-27 17:34:24', NULL),
(1970, 'Receive For', 'Receive For', NULL, '2024-09-27 17:34:24', NULL),
(1971, 'Profit/Loss Report', 'Profit/Loss Report', NULL, '2024-09-27 17:34:24', NULL),
(1972, 'Create Size', 'Create Size', NULL, '2024-09-27 17:34:25', NULL),
(1973, 'Add Size', 'Add Size', NULL, '2024-09-27 17:34:25', NULL),
(1974, 'Update Size', 'Update Size', NULL, '2024-09-27 17:34:25', NULL),
(1975, 'Ready To ship', 'Ready To ship', NULL, '2024-09-30 07:36:40', NULL),
(1976, 'password', 'Password', NULL, '2024-09-30 07:36:40', NULL),
(1977, 'register', 'Register', NULL, '2024-09-30 07:36:40', NULL),
(1978, 'Phone', 'Phone', NULL, '2024-09-30 07:36:40', NULL),
(1979, 'Generate Qr Code', 'Generate Qr Code', NULL, '2024-09-30 07:36:40', NULL),
(1980, 'Manage Seller', 'Manage Seller', NULL, '2024-09-30 07:36:40', NULL),
(1981, 'Forgot Password', 'Forgot Password', NULL, '2024-09-30 07:36:40', NULL),
(1982, 'processing', 'Processing', NULL, '2024-09-30 07:36:40', NULL),
(1983, 'WooCommerce', 'WooCommerce', NULL, '2024-09-30 07:36:40', NULL),
(1984, 'Extra Charge', 'Extra Charge', NULL, '2024-09-30 07:36:40', NULL),
(1985, 'Number Of Cartons', 'Number Of Cartons', NULL, '2024-09-30 07:36:41', NULL),
(1986, 'Select supplier Name', 'Select supplier Name', NULL, '2024-09-30 07:36:41', NULL),
(1987, 'Total Due', 'Total Due', NULL, '2024-09-30 07:36:41', NULL),
(1988, 'Ready To ship', 'Ready To ship', NULL, '2024-10-08 08:24:11', NULL),
(1989, 'password', 'Password', NULL, '2024-10-08 08:24:11', NULL),
(1990, 'register', 'Register', NULL, '2024-10-08 08:24:11', NULL),
(1991, 'Phone', 'Phone', NULL, '2024-10-08 08:24:11', NULL),
(1992, 'Generate Qr Code', 'Generate Qr Code', NULL, '2024-10-08 08:24:11', NULL),
(1993, 'Daily Pettycash', 'Daily Pettycash', NULL, '2024-10-08 08:24:11', NULL),
(1994, 'Initial Transaction', 'Initial Transaction', NULL, '2024-10-08 08:24:11', NULL),
(1995, 'Manage Seller', 'Manage Seller', NULL, '2024-10-08 08:24:11', NULL),
(1996, 'Forgot Password', 'Forgot Password', NULL, '2024-10-08 08:24:11', NULL),
(1997, 'processing', 'Processing', NULL, '2024-10-08 08:24:11', NULL),
(1998, 'WooCommerce', 'WooCommerce', NULL, '2024-10-08 08:24:11', NULL),
(1999, 'Number Of Cartons', 'Number Of Cartons', NULL, '2024-10-08 08:24:11', NULL),
(2000, 'Select supplier Name', 'Select supplier Name', NULL, '2024-10-08 08:24:11', NULL),
(2001, 'Pettycash', 'Pettycash', NULL, '2024-10-08 08:24:11', NULL),
(2002, 'Ready To ship', 'Ready To ship', NULL, '2024-11-01 19:34:07', NULL),
(2003, 'Packs/Pack', 'Packs/Pack', NULL, '2024-11-01 19:34:07', NULL),
(2004, 'Raw Material Name', 'Raw Material Name', NULL, '2024-11-01 19:34:07', NULL),
(2005, 'Unit Name', 'Unit Name', NULL, '2024-11-01 19:34:07', NULL),
(2006, 'Stock Type', 'Stock Type', NULL, '2024-11-01 19:34:07', NULL),
(2007, 'password', 'Password', NULL, '2024-11-01 19:34:07', NULL),
(2008, 'register', 'Register', NULL, '2024-11-01 19:34:07', NULL),
(2009, 'Phone', 'Phone', NULL, '2024-11-01 19:34:07', NULL),
(2010, 'Generate Qr Code', 'Generate Qr Code', NULL, '2024-11-01 19:34:07', NULL),
(2011, 'Forgot Password', 'Forgot Password', NULL, '2024-11-01 19:34:07', NULL),
(2012, 'processing', 'Processing', NULL, '2024-11-01 19:34:07', NULL),
(2013, 'WooCommerce', 'WooCommerce', NULL, '2024-11-01 19:34:07', NULL),
(2014, 'Lender', 'Lender', NULL, '2024-11-01 19:34:07', NULL),
(2015, 'Employee', 'Employee', NULL, '2024-11-01 19:34:07', NULL),
(2016, 'Create Purchase', 'Create Purchase', NULL, '2024-11-01 19:34:07', NULL),
(2017, 'No raw_material Added', 'No raw material Added', NULL, '2024-11-01 19:34:07', NULL),
(2018, 'Edit Purchase', 'Edit Purchase', NULL, '2024-11-01 19:34:07', NULL),
(2019, 'supplier', 'Supplier', NULL, '2024-11-01 19:34:07', NULL),
(2020, 'No Raw Material Added', 'No Raw Material Added', NULL, '2024-11-01 19:34:07', NULL),
(2021, 'Production Unit', 'Production Unit', NULL, '2024-11-01 19:34:07', NULL),
(2022, 'Ready To ship', 'Ready To ship', NULL, '2024-11-01 19:38:36', NULL),
(2023, 'password', 'Password', NULL, '2024-11-01 19:38:36', NULL),
(2024, 'register', 'Register', NULL, '2024-11-01 19:38:36', NULL),
(2025, 'Phone', 'Phone', NULL, '2024-11-01 19:38:36', NULL),
(2026, 'Generate Qr Code', 'Generate Qr Code', NULL, '2024-11-01 19:38:36', NULL),
(2027, 'Forgot Password', 'Forgot Password', NULL, '2024-11-01 19:38:36', NULL),
(2028, 'processing', 'Processing', NULL, '2024-11-01 19:38:36', NULL),
(2029, 'WooCommerce', 'WooCommerce', NULL, '2024-11-01 19:38:36', NULL),
(2030, 'supplier', 'Supplier', NULL, '2024-11-01 19:38:36', NULL),
(2031, 'Ready To ship', 'Ready To ship', NULL, '2024-11-05 05:22:45', NULL),
(2032, 'password', 'Password', NULL, '2024-11-05 05:22:45', NULL),
(2033, 'register', 'Register', NULL, '2024-11-05 05:22:45', NULL),
(2034, 'Phone', 'Phone', NULL, '2024-11-05 05:22:45', NULL),
(2035, 'Generate Qr Code', 'Generate Qr Code', NULL, '2024-11-05 05:22:45', NULL),
(2036, 'Forgot Password', 'Forgot Password', NULL, '2024-11-05 05:22:45', NULL),
(2037, 'processing', 'Processing', NULL, '2024-11-05 05:22:45', NULL),
(2038, 'WooCommerce', 'WooCommerce', NULL, '2024-11-05 05:22:45', NULL),
(2039, 'supplier', 'Supplier', NULL, '2024-11-05 05:22:45', NULL),
(2040, 'Unit', 'Unit', NULL, '2024-11-05 05:22:45', NULL),
(2041, 'Ready To ship', 'Ready To ship', NULL, '2024-11-13 06:58:48', NULL),
(2042, 'Phone', 'Phone', NULL, '2024-11-13 06:58:48', NULL),
(2043, 'password', 'Password', NULL, '2024-11-13 06:58:48', NULL),
(2044, 'register', 'Register', NULL, '2024-11-13 06:58:48', NULL),
(2045, 'Generate Qr Code', 'Generate Qr Code', NULL, '2024-11-13 06:58:48', NULL),
(2046, 'Forgot Password', 'Forgot Password', NULL, '2024-11-13 06:58:48', NULL),
(2047, 'processing', 'Processing', NULL, '2024-11-13 06:58:48', NULL),
(2048, 'WooCommerce', 'WooCommerce', NULL, '2024-11-13 06:58:48', NULL),
(2049, 'No production_charges added', 'No production charges added', NULL, '2024-11-13 06:58:48', NULL),
(2050, 'Price/Unit', 'Price/Unit', NULL, '2024-11-13 06:58:48', NULL),
(2051, 'supplier', 'Supplier', NULL, '2024-11-13 06:58:48', NULL),
(2052, 'Current Stock', 'Current Stock', NULL, '2024-11-13 06:58:48', NULL);

-- --------------------------------------------------------

--
-- Table structure for table `users`
--

CREATE TABLE `users` (
  `id` bigint(20) UNSIGNED NOT NULL,
  `production_unit_id` varchar(20) DEFAULT NULL,
  `name` varchar(191) NOT NULL,
  `username` varchar(225) DEFAULT NULL,
  `contactname` varchar(225) DEFAULT NULL,
  `phone` varchar(225) DEFAULT NULL,
  `lineid` varchar(225) DEFAULT NULL,
  `email` varchar(191) NOT NULL,
  `email_verified_at` timestamp NULL DEFAULT NULL,
  `password` varchar(191) NOT NULL,
  `role` enum('superadmin','admin','staff','owner') NOT NULL,
  `customer_id` int(11) DEFAULT NULL,
  `remember_token` varchar(100) DEFAULT NULL,
  `pref_lang` varchar(2) NOT NULL DEFAULT 'en',
  `created_at` timestamp NULL DEFAULT NULL,
  `updated_at` timestamp NULL DEFAULT NULL,
  `is_active` tinyint(1) NOT NULL DEFAULT 1,
  `otp` varchar(100) NOT NULL,
  `logo` varchar(255) DEFAULT NULL,
  `max_limit` int(11) NOT NULL DEFAULT 0,
  `package_start_date` date DEFAULT NULL,
  `package_end_date` date DEFAULT NULL,
  `seller_id` int(11) DEFAULT NULL,
  `address` varchar(255) DEFAULT NULL,
  `assigned_shops` longtext CHARACTER SET utf8mb4 COLLATE utf8mb4_bin DEFAULT NULL
) ENGINE=InnoDB DEFAULT CHARSET=utf8mb4 COLLATE=utf8mb4_unicode_ci;

--
-- Dumping data for table `users`
--

INSERT INTO `users` (`id`, `production_unit_id`, `name`, `username`, `contactname`, `phone`, `lineid`, `email`, `email_verified_at`, `password`, `role`, `customer_id`, `remember_token`, `pref_lang`, `created_at`, `updated_at`, `is_active`, `otp`, `logo`, `max_limit`, `package_start_date`, `package_end_date`, `seller_id`, `address`, `assigned_shops`) VALUES
(1, '1', 'Superadmin', NULL, 'Farhad', '1234567', NULL, 'admin@mail.com', NULL, '$2y$10$fAHi0K9aCidiAfazRVX/eeU3TMXFFHzYqgKVQRgilzdsjyECB.AGG', 'superadmin', NULL, 'S5wIHRaegd9JSdkQ0nQaOKlvAwt1DCvvbOCny55UwoyG145r3KhGTjrVcwaX', 'en', '2021-03-08 15:51:31', '2025-01-20 13:51:59', 1, '', 'uploads/user_logo/1737377519logo-00.png', 0, NULL, NULL, NULL, NULL, NULL),
(61, '1', 'staff 2', NULL, NULL, '01711222333', NULL, 'staff2@gmail.com', NULL, '$2y$10$qjfLT6qxl6LdOg99p7ScEu6a7QNQQkeOH7TLKBH2/fxVBiu5ooTpG', 'staff', NULL, NULL, 'en', '2021-05-16 17:10:18', '2021-06-12 18:07:44', 1, '', NULL, 0, NULL, NULL, 15, 'test', NULL),
(79, '1', 'Md Farhad', NULL, 'Farhad', '12345678', NULL, 'farhad.sust.cse@gmail.com', NULL, '$2y$10$Pys7QW8scYjkyKdy3bdbdenK8KuJmWxktyBxmVKUkSkCRDG3amWPW', 'admin', NULL, '52RroKMxK7cRVzJDEwPz4HklS3AfcfqOsuuLGqJgCz5o5Z0KTxJ1jqEpek5t', 'en', '2024-11-05 18:30:00', '2024-11-07 07:02:04', 1, '', 'uploads/user_logo/1730959324logo (2).png', 0, NULL, NULL, 79, NULL, NULL),
(87, '1', 'asedd', NULL, NULL, '23445566', NULL, 'ase@g.com2', NULL, '$2y$10$uh6kf8H7mEiQsskWmL5KzORLLAiKWfQIzEZF2CQFtfXmsy62m8gUW', 'staff', NULL, NULL, 'en', '2024-11-05 18:00:00', '2024-11-06 07:27:52', 1, '', NULL, 0, NULL, NULL, 79, NULL, NULL);

-- --------------------------------------------------------

--
-- Table structure for table `users_permissions`
--

CREATE TABLE `users_permissions` (
  `user_id` bigint(20) UNSIGNED NOT NULL,
  `permission_id` int(10) UNSIGNED NOT NULL,
  `created_by` int(11) DEFAULT NULL,
  `updated_by` int(11) DEFAULT NULL
) ENGINE=InnoDB DEFAULT CHARSET=utf8mb4 COLLATE=utf8mb4_unicode_ci;

-- --------------------------------------------------------

--
-- Table structure for table `users_roles`
--

CREATE TABLE `users_roles` (
  `user_id` bigint(20) UNSIGNED NOT NULL,
  `role_id` int(10) UNSIGNED NOT NULL,
  `created_by` int(11) DEFAULT NULL,
  `updated_by` int(11) DEFAULT NULL
) ENGINE=InnoDB DEFAULT CHARSET=utf8mb4 COLLATE=utf8mb4_unicode_ci;

--
-- Dumping data for table `users_roles`
--

INSERT INTO `users_roles` (`user_id`, `role_id`, `created_by`, `updated_by`) VALUES
(61, 2, NULL, NULL),
(79, 1, NULL, NULL);

--
-- Indexes for dumped tables
--

--
-- Indexes for table `accounts`
--
ALTER TABLE `accounts`
  ADD PRIMARY KEY (`id`);

--
-- Indexes for table `activity_logs`
--
ALTER TABLE `activity_logs`
  ADD PRIMARY KEY (`id`);

--
-- Indexes for table `banks_or_mobiles`
--
ALTER TABLE `banks_or_mobiles`
  ADD PRIMARY KEY (`id`);

--
-- Indexes for table `categories`
--
ALTER TABLE `categories`
  ADD PRIMARY KEY (`id`);

--
-- Indexes for table `coupons`
--
ALTER TABLE `coupons`
  ADD PRIMARY KEY (`id`);

--
-- Indexes for table `customers`
--
ALTER TABLE `customers`
  ADD PRIMARY KEY (`id`);

--
-- Indexes for table `custom_orders`
--
ALTER TABLE `custom_orders`
  ADD PRIMARY KEY (`id`),
  ADD KEY `custom_orders_seller_id_index` (`seller_id`);

--
-- Indexes for table `custom_order_details`
--
ALTER TABLE `custom_order_details`
  ADD PRIMARY KEY (`id`),
  ADD KEY `custom_order_details_custom_order_id_index` (`custom_order_id`),
  ADD KEY `custom_order_details_shop_id_index` (`shop_id`),
  ADD KEY `custom_order_details_seller_id_index` (`seller_id`);

--
-- Indexes for table `custom_order_product_images`
--
ALTER TABLE `custom_order_product_images`
  ADD PRIMARY KEY (`id`);

--
-- Indexes for table `daily_production_costs`
--
ALTER TABLE `daily_production_costs`
  ADD PRIMARY KEY (`id`);

--
-- Indexes for table `delivery_challans`
--
ALTER TABLE `delivery_challans`
  ADD PRIMARY KEY (`id`);

--
-- Indexes for table `delivery_challan_details`
--
ALTER TABLE `delivery_challan_details`
  ADD PRIMARY KEY (`id`);

--
-- Indexes for table `districts`
--
ALTER TABLE `districts`
  ADD PRIMARY KEY (`id`);

--
-- Indexes for table `employees`
--
ALTER TABLE `employees`
  ADD PRIMARY KEY (`id`);

--
-- Indexes for table `exchange_rate`
--
ALTER TABLE `exchange_rate`
  ADD PRIMARY KEY (`id`);

--
-- Indexes for table `expenses`
--
ALTER TABLE `expenses`
  ADD PRIMARY KEY (`id`);

--
-- Indexes for table `expense_details`
--
ALTER TABLE `expense_details`
  ADD PRIMARY KEY (`id`);

--
-- Indexes for table `failed_jobs`
--
ALTER TABLE `failed_jobs`
  ADD PRIMARY KEY (`id`),
  ADD UNIQUE KEY `failed_jobs_uuid_unique` (`uuid`);

--
-- Indexes for table `features`
--
ALTER TABLE `features`
  ADD PRIMARY KEY (`id`);

--
-- Indexes for table `initial_transactions`
--
ALTER TABLE `initial_transactions`
  ADD PRIMARY KEY (`id`);

--
-- Indexes for table `investments`
--
ALTER TABLE `investments`
  ADD PRIMARY KEY (`id`);

--
-- Indexes for table `lenders`
--
ALTER TABLE `lenders`
  ADD PRIMARY KEY (`id`);

--
-- Indexes for table `migrations`
--
ALTER TABLE `migrations`
  ADD PRIMARY KEY (`id`);

--
-- Indexes for table `models`
--
ALTER TABLE `models`
  ADD PRIMARY KEY (`id`);

--
-- Indexes for table `modules`
--
ALTER TABLE `modules`
  ADD PRIMARY KEY (`id`);

--
-- Indexes for table `module_links`
--
ALTER TABLE `module_links`
  ADD PRIMARY KEY (`id`);

--
-- Indexes for table `oauth_access_tokens`
--
ALTER TABLE `oauth_access_tokens`
  ADD PRIMARY KEY (`id`),
  ADD KEY `oauth_access_tokens_user_id_index` (`user_id`);

--
-- Indexes for table `oauth_auth_codes`
--
ALTER TABLE `oauth_auth_codes`
  ADD PRIMARY KEY (`id`),
  ADD KEY `oauth_auth_codes_user_id_index` (`user_id`);

--
-- Indexes for table `oauth_clients`
--
ALTER TABLE `oauth_clients`
  ADD PRIMARY KEY (`id`),
  ADD KEY `oauth_clients_user_id_index` (`user_id`);

--
-- Indexes for table `oauth_personal_access_clients`
--
ALTER TABLE `oauth_personal_access_clients`
  ADD PRIMARY KEY (`id`);

--
-- Indexes for table `oauth_refresh_tokens`
--
ALTER TABLE `oauth_refresh_tokens`
  ADD PRIMARY KEY (`id`),
  ADD KEY `oauth_refresh_tokens_access_token_id_index` (`access_token_id`);

--
-- Indexes for table `orders`
--
ALTER TABLE `orders`
  ADD PRIMARY KEY (`id`),
  ADD KEY `shipper_id` (`shipper_id`),
  ADD KEY `user` (`shop_id`);

--
-- Indexes for table `order_managements`
--
ALTER TABLE `order_managements`
  ADD PRIMARY KEY (`id`);

--
-- Indexes for table `order_management_details`
--
ALTER TABLE `order_management_details`
  ADD PRIMARY KEY (`id`);

--
-- Indexes for table `packages`
--
ALTER TABLE `packages`
  ADD PRIMARY KEY (`id`);

--
-- Indexes for table `partners`
--
ALTER TABLE `partners`
  ADD PRIMARY KEY (`id`);

--
-- Indexes for table `password_resets`
--
ALTER TABLE `password_resets`
  ADD KEY `password_resets_email_index` (`email`);

--
-- Indexes for table `payments`
--
ALTER TABLE `payments`
  ADD PRIMARY KEY (`id`);

--
-- Indexes for table `payments_manual`
--
ALTER TABLE `payments_manual`
  ADD PRIMARY KEY (`id`);

--
-- Indexes for table `payment_methods`
--
ALTER TABLE `payment_methods`
  ADD PRIMARY KEY (`id`);

--
-- Indexes for table `permissions`
--
ALTER TABLE `permissions`
  ADD PRIMARY KEY (`id`);

--
-- Indexes for table `production_charges`
--
ALTER TABLE `production_charges`
  ADD PRIMARY KEY (`id`);

--
-- Indexes for table `production_units`
--
ALTER TABLE `production_units`
  ADD PRIMARY KEY (`id`);

--
-- Indexes for table `products`
--
ALTER TABLE `products`
  ADD PRIMARY KEY (`id`);

--
-- Indexes for table `product_has_tags`
--
ALTER TABLE `product_has_tags`
  ADD PRIMARY KEY (`id`);

--
-- Indexes for table `product_main_stocks`
--
ALTER TABLE `product_main_stocks`
  ADD PRIMARY KEY (`id`);

--
-- Indexes for table `product_prices`
--
ALTER TABLE `product_prices`
  ADD PRIMARY KEY (`id`);

--
-- Indexes for table `product_reorders`
--
ALTER TABLE `product_reorders`
  ADD PRIMARY KEY (`id`);

--
-- Indexes for table `product_tags`
--
ALTER TABLE `product_tags`
  ADD PRIMARY KEY (`id`);

--
-- Indexes for table `purchases`
--
ALTER TABLE `purchases`
  ADD PRIMARY KEY (`id`);

--
-- Indexes for table `purchase_details`
--
ALTER TABLE `purchase_details`
  ADD PRIMARY KEY (`id`);

--
-- Indexes for table `purchase_extra_charges`
--
ALTER TABLE `purchase_extra_charges`
  ADD PRIMARY KEY (`id`);

--
-- Indexes for table `raw_materials`
--
ALTER TABLE `raw_materials`
  ADD PRIMARY KEY (`id`);

--
-- Indexes for table `receive_payments`
--
ALTER TABLE `receive_payments`
  ADD PRIMARY KEY (`id`);

--
-- Indexes for table `rm_stock_logs`
--
ALTER TABLE `rm_stock_logs`
  ADD PRIMARY KEY (`id`);

--
-- Indexes for table `roles`
--
ALTER TABLE `roles`
  ADD PRIMARY KEY (`id`);

--
-- Indexes for table `roles_permissions`
--
ALTER TABLE `roles_permissions`
  ADD PRIMARY KEY (`role_id`) USING BTREE;

--
-- Indexes for table `services`
--
ALTER TABLE `services`
  ADD PRIMARY KEY (`id`);

--
-- Indexes for table `service_details`
--
ALTER TABLE `service_details`
  ADD PRIMARY KEY (`id`);

--
-- Indexes for table `shipments`
--
ALTER TABLE `shipments`
  ADD PRIMARY KEY (`id`);

--
-- Indexes for table `shipment_products`
--
ALTER TABLE `shipment_products`
  ADD PRIMARY KEY (`id`);

--
-- Indexes for table `shippers`
--
ALTER TABLE `shippers`
  ADD PRIMARY KEY (`id`);

--
-- Indexes for table `shipping_costs`
--
ALTER TABLE `shipping_costs`
  ADD PRIMARY KEY (`id`);

--
-- Indexes for table `ship_types`
--
ALTER TABLE `ship_types`
  ADD PRIMARY KEY (`id`);

--
-- Indexes for table `shops`
--
ALTER TABLE `shops`
  ADD PRIMARY KEY (`id`);

--
-- Indexes for table `sister_concerns`
--
ALTER TABLE `sister_concerns`
  ADD PRIMARY KEY (`id`);

--
-- Indexes for table `sizes`
--
ALTER TABLE `sizes`
  ADD PRIMARY KEY (`id`);

--
-- Indexes for table `stock_ins`
--
ALTER TABLE `stock_ins`
  ADD PRIMARY KEY (`id`);

--
-- Indexes for table `stock_logs`
--
ALTER TABLE `stock_logs`
  ADD PRIMARY KEY (`id`);

--
-- Indexes for table `stock_product_deffect_images`
--
ALTER TABLE `stock_product_deffect_images`
  ADD PRIMARY KEY (`id`);

--
-- Indexes for table `suppliers`
--
ALTER TABLE `suppliers`
  ADD PRIMARY KEY (`id`);

--
-- Indexes for table `supplier_contacts`
--
ALTER TABLE `supplier_contacts`
  ADD PRIMARY KEY (`id`);

--
-- Indexes for table `tax_rate_settings`
--
ALTER TABLE `tax_rate_settings`
  ADD PRIMARY KEY (`id`);

--
-- Indexes for table `tracking_logs`
--
ALTER TABLE `tracking_logs`
  ADD PRIMARY KEY (`id`);

--
-- Indexes for table `translations`
--
ALTER TABLE `translations`
  ADD PRIMARY KEY (`id`),
  ADD KEY `translations_key_index` (`key`);

--
-- Indexes for table `users`
--
ALTER TABLE `users`
  ADD PRIMARY KEY (`id`),
  ADD UNIQUE KEY `users_email_unique` (`email`);

--
-- Indexes for table `users_permissions`
--
ALTER TABLE `users_permissions`
  ADD PRIMARY KEY (`user_id`,`permission_id`),
  ADD KEY `users_permissions_permission_id_foreign` (`permission_id`);

--
-- Indexes for table `users_roles`
--
ALTER TABLE `users_roles`
  ADD PRIMARY KEY (`user_id`,`role_id`),
  ADD KEY `users_roles_role_id_foreign` (`role_id`),
  ADD KEY `users_roles_user_id_foreign` (`user_id`);

--
-- AUTO_INCREMENT for dumped tables
--

--
-- AUTO_INCREMENT for table `accounts`
--
ALTER TABLE `accounts`
  MODIFY `id` bigint(20) UNSIGNED NOT NULL AUTO_INCREMENT, AUTO_INCREMENT=16;

--
-- AUTO_INCREMENT for table `activity_logs`
--
ALTER TABLE `activity_logs`
  MODIFY `id` bigint(20) UNSIGNED NOT NULL AUTO_INCREMENT, AUTO_INCREMENT=42;

--
-- AUTO_INCREMENT for table `banks_or_mobiles`
--
ALTER TABLE `banks_or_mobiles`
  MODIFY `id` bigint(20) UNSIGNED NOT NULL AUTO_INCREMENT, AUTO_INCREMENT=21;

--
-- AUTO_INCREMENT for table `categories`
--
ALTER TABLE `categories`
  MODIFY `id` int(11) NOT NULL AUTO_INCREMENT, AUTO_INCREMENT=10;

--
-- AUTO_INCREMENT for table `coupons`
--
ALTER TABLE `coupons`
  MODIFY `id` int(11) NOT NULL AUTO_INCREMENT, AUTO_INCREMENT=77;

--
-- AUTO_INCREMENT for table `customers`
--
ALTER TABLE `customers`
  MODIFY `id` int(11) NOT NULL AUTO_INCREMENT, AUTO_INCREMENT=7;

--
-- AUTO_INCREMENT for table `custom_orders`
--
ALTER TABLE `custom_orders`
  MODIFY `id` bigint(20) UNSIGNED NOT NULL AUTO_INCREMENT;

--
-- AUTO_INCREMENT for table `custom_order_details`
--
ALTER TABLE `custom_order_details`
  MODIFY `id` bigint(20) UNSIGNED NOT NULL AUTO_INCREMENT;

--
-- AUTO_INCREMENT for table `custom_order_product_images`
--
ALTER TABLE `custom_order_product_images`
  MODIFY `id` bigint(20) UNSIGNED NOT NULL AUTO_INCREMENT, AUTO_INCREMENT=4;

--
-- AUTO_INCREMENT for table `daily_production_costs`
--
ALTER TABLE `daily_production_costs`
  MODIFY `id` int(11) NOT NULL AUTO_INCREMENT, AUTO_INCREMENT=15;

--
-- AUTO_INCREMENT for table `delivery_challans`
--
ALTER TABLE `delivery_challans`
  MODIFY `id` int(11) NOT NULL AUTO_INCREMENT, AUTO_INCREMENT=15;

--
-- AUTO_INCREMENT for table `delivery_challan_details`
--
ALTER TABLE `delivery_challan_details`
  MODIFY `id` int(11) NOT NULL AUTO_INCREMENT, AUTO_INCREMENT=26;

--
-- AUTO_INCREMENT for table `districts`
--
ALTER TABLE `districts`
  MODIFY `id` int(10) UNSIGNED NOT NULL AUTO_INCREMENT;

--
-- AUTO_INCREMENT for table `employees`
--
ALTER TABLE `employees`
  MODIFY `id` int(11) NOT NULL AUTO_INCREMENT;

--
-- AUTO_INCREMENT for table `exchange_rate`
--
ALTER TABLE `exchange_rate`
  MODIFY `id` bigint(20) NOT NULL AUTO_INCREMENT, AUTO_INCREMENT=3;

--
-- AUTO_INCREMENT for table `expenses`
--
ALTER TABLE `expenses`
  MODIFY `id` bigint(20) NOT NULL AUTO_INCREMENT;

--
-- AUTO_INCREMENT for table `expense_details`
--
ALTER TABLE `expense_details`
  MODIFY `id` bigint(20) NOT NULL AUTO_INCREMENT;

--
-- AUTO_INCREMENT for table `failed_jobs`
--
ALTER TABLE `failed_jobs`
  MODIFY `id` bigint(20) UNSIGNED NOT NULL AUTO_INCREMENT;

--
-- AUTO_INCREMENT for table `features`
--
ALTER TABLE `features`
  MODIFY `id` int(11) NOT NULL AUTO_INCREMENT;

--
-- AUTO_INCREMENT for table `initial_transactions`
--
ALTER TABLE `initial_transactions`
  MODIFY `id` int(11) NOT NULL AUTO_INCREMENT, AUTO_INCREMENT=10;

--
-- AUTO_INCREMENT for table `investments`
--
ALTER TABLE `investments`
  MODIFY `id` int(11) NOT NULL AUTO_INCREMENT;

--
-- AUTO_INCREMENT for table `lenders`
--
ALTER TABLE `lenders`
  MODIFY `id` int(11) NOT NULL AUTO_INCREMENT;

--
-- AUTO_INCREMENT for table `migrations`
--
ALTER TABLE `migrations`
  MODIFY `id` int(10) UNSIGNED NOT NULL AUTO_INCREMENT, AUTO_INCREMENT=76;

--
-- AUTO_INCREMENT for table `models`
--
ALTER TABLE `models`
  MODIFY `id` int(11) NOT NULL AUTO_INCREMENT;

--
-- AUTO_INCREMENT for table `oauth_personal_access_clients`
--
ALTER TABLE `oauth_personal_access_clients`
  MODIFY `id` bigint(20) UNSIGNED NOT NULL AUTO_INCREMENT, AUTO_INCREMENT=3;

--
-- AUTO_INCREMENT for table `orders`
--
ALTER TABLE `orders`
  MODIFY `id` int(10) UNSIGNED NOT NULL AUTO_INCREMENT;

--
-- AUTO_INCREMENT for table `order_managements`
--
ALTER TABLE `order_managements`
  MODIFY `id` int(11) NOT NULL AUTO_INCREMENT, AUTO_INCREMENT=11;

--
-- AUTO_INCREMENT for table `order_management_details`
--
ALTER TABLE `order_management_details`
  MODIFY `id` int(11) NOT NULL AUTO_INCREMENT, AUTO_INCREMENT=15;

--
-- AUTO_INCREMENT for table `packages`
--
ALTER TABLE `packages`
  MODIFY `id` int(11) NOT NULL AUTO_INCREMENT, AUTO_INCREMENT=4;

--
-- AUTO_INCREMENT for table `partners`
--
ALTER TABLE `partners`
  MODIFY `id` int(11) NOT NULL AUTO_INCREMENT;

--
-- AUTO_INCREMENT for table `payments`
--
ALTER TABLE `payments`
  MODIFY `id` int(11) NOT NULL AUTO_INCREMENT;

--
-- AUTO_INCREMENT for table `payments_manual`
--
ALTER TABLE `payments_manual`
  MODIFY `id` int(11) NOT NULL AUTO_INCREMENT;

--
-- AUTO_INCREMENT for table `payment_methods`
--
ALTER TABLE `payment_methods`
  MODIFY `id` int(11) NOT NULL AUTO_INCREMENT, AUTO_INCREMENT=4;

--
-- AUTO_INCREMENT for table `permissions`
--
ALTER TABLE `permissions`
  MODIFY `id` int(10) UNSIGNED NOT NULL AUTO_INCREMENT, AUTO_INCREMENT=2574;

--
-- AUTO_INCREMENT for table `production_charges`
--
ALTER TABLE `production_charges`
  MODIFY `id` int(11) NOT NULL AUTO_INCREMENT;

--
-- AUTO_INCREMENT for table `production_units`
--
ALTER TABLE `production_units`
  MODIFY `id` int(11) NOT NULL AUTO_INCREMENT, AUTO_INCREMENT=2;

--
-- AUTO_INCREMENT for table `products`
--
ALTER TABLE `products`
  MODIFY `id` int(11) NOT NULL AUTO_INCREMENT, AUTO_INCREMENT=12;

--
-- AUTO_INCREMENT for table `product_has_tags`
--
ALTER TABLE `product_has_tags`
  MODIFY `id` int(11) NOT NULL AUTO_INCREMENT;

--
-- AUTO_INCREMENT for table `product_main_stocks`
--
ALTER TABLE `product_main_stocks`
  MODIFY `id` int(11) NOT NULL AUTO_INCREMENT;

--
-- AUTO_INCREMENT for table `product_prices`
--
ALTER TABLE `product_prices`
  MODIFY `id` int(11) NOT NULL AUTO_INCREMENT;

--
-- AUTO_INCREMENT for table `product_reorders`
--
ALTER TABLE `product_reorders`
  MODIFY `id` int(11) NOT NULL AUTO_INCREMENT;

--
-- AUTO_INCREMENT for table `product_tags`
--
ALTER TABLE `product_tags`
  MODIFY `id` bigint(20) UNSIGNED NOT NULL AUTO_INCREMENT, AUTO_INCREMENT=4;

--
-- AUTO_INCREMENT for table `purchases`
--
ALTER TABLE `purchases`
  MODIFY `id` int(11) NOT NULL AUTO_INCREMENT, AUTO_INCREMENT=2;

--
-- AUTO_INCREMENT for table `purchase_details`
--
ALTER TABLE `purchase_details`
  MODIFY `id` int(11) NOT NULL AUTO_INCREMENT, AUTO_INCREMENT=2;

--
-- AUTO_INCREMENT for table `purchase_extra_charges`
--
ALTER TABLE `purchase_extra_charges`
  MODIFY `id` int(11) NOT NULL AUTO_INCREMENT;

--
-- AUTO_INCREMENT for table `raw_materials`
--
ALTER TABLE `raw_materials`
  MODIFY `id` bigint(20) UNSIGNED NOT NULL AUTO_INCREMENT, AUTO_INCREMENT=11;

--
-- AUTO_INCREMENT for table `receive_payments`
--
ALTER TABLE `receive_payments`
  MODIFY `id` int(11) NOT NULL AUTO_INCREMENT, AUTO_INCREMENT=4;

--
-- AUTO_INCREMENT for table `rm_stock_logs`
--
ALTER TABLE `rm_stock_logs`
  MODIFY `id` int(11) NOT NULL AUTO_INCREMENT, AUTO_INCREMENT=2;

--
-- AUTO_INCREMENT for table `roles`
--
ALTER TABLE `roles`
  MODIFY `id` int(10) UNSIGNED NOT NULL AUTO_INCREMENT, AUTO_INCREMENT=8;

--
-- AUTO_INCREMENT for table `services`
--
ALTER TABLE `services`
  MODIFY `id` int(11) NOT NULL AUTO_INCREMENT, AUTO_INCREMENT=9821;

--
-- AUTO_INCREMENT for table `service_details`
--
ALTER TABLE `service_details`
  MODIFY `id` int(11) NOT NULL AUTO_INCREMENT, AUTO_INCREMENT=3;

--
-- AUTO_INCREMENT for table `shipments`
--
ALTER TABLE `shipments`
  MODIFY `id` int(11) NOT NULL AUTO_INCREMENT, AUTO_INCREMENT=201;

--
-- AUTO_INCREMENT for table `shipment_products`
--
ALTER TABLE `shipment_products`
  MODIFY `id` int(11) NOT NULL AUTO_INCREMENT;

--
-- AUTO_INCREMENT for table `shippers`
--
ALTER TABLE `shippers`
  MODIFY `id` int(10) UNSIGNED NOT NULL AUTO_INCREMENT, AUTO_INCREMENT=7;

--
-- AUTO_INCREMENT for table `shipping_costs`
--
ALTER TABLE `shipping_costs`
  MODIFY `id` int(11) NOT NULL AUTO_INCREMENT, AUTO_INCREMENT=61;

--
-- AUTO_INCREMENT for table `ship_types`
--
ALTER TABLE `ship_types`
  MODIFY `id` int(11) NOT NULL AUTO_INCREMENT, AUTO_INCREMENT=7;

--
-- AUTO_INCREMENT for table `shops`
--
ALTER TABLE `shops`
  MODIFY `id` int(11) NOT NULL AUTO_INCREMENT;

--
-- AUTO_INCREMENT for table `sister_concerns`
--
ALTER TABLE `sister_concerns`
  MODIFY `id` int(11) NOT NULL AUTO_INCREMENT;

--
-- AUTO_INCREMENT for table `sizes`
--
ALTER TABLE `sizes`
  MODIFY `id` int(11) NOT NULL AUTO_INCREMENT;

--
-- AUTO_INCREMENT for table `stock_ins`
--
ALTER TABLE `stock_ins`
  MODIFY `id` int(11) NOT NULL AUTO_INCREMENT;

--
-- AUTO_INCREMENT for table `stock_logs`
--
ALTER TABLE `stock_logs`
  MODIFY `id` int(11) NOT NULL AUTO_INCREMENT, AUTO_INCREMENT=19;

--
-- AUTO_INCREMENT for table `stock_product_deffect_images`
--
ALTER TABLE `stock_product_deffect_images`
  MODIFY `id` int(11) NOT NULL AUTO_INCREMENT;

--
-- AUTO_INCREMENT for table `suppliers`
--
ALTER TABLE `suppliers`
  MODIFY `id` int(11) NOT NULL AUTO_INCREMENT, AUTO_INCREMENT=4;

--
-- AUTO_INCREMENT for table `supplier_contacts`
--
ALTER TABLE `supplier_contacts`
  MODIFY `id` int(11) NOT NULL AUTO_INCREMENT;

--
-- AUTO_INCREMENT for table `tax_rate_settings`
--
ALTER TABLE `tax_rate_settings`
  MODIFY `id` int(10) UNSIGNED NOT NULL AUTO_INCREMENT, AUTO_INCREMENT=3;

--
-- AUTO_INCREMENT for table `tracking_logs`
--
ALTER TABLE `tracking_logs`
  MODIFY `id` int(11) NOT NULL AUTO_INCREMENT;

--
-- AUTO_INCREMENT for table `translations`
--
ALTER TABLE `translations`
  MODIFY `id` int(10) UNSIGNED NOT NULL AUTO_INCREMENT, AUTO_INCREMENT=2053;

--
-- AUTO_INCREMENT for table `users`
--
ALTER TABLE `users`
  MODIFY `id` bigint(20) UNSIGNED NOT NULL AUTO_INCREMENT, AUTO_INCREMENT=90;

--
-- Constraints for dumped tables
--

--
-- Constraints for table `orders`
--
ALTER TABLE `orders`
  ADD CONSTRAINT `orders_ibfk_1` FOREIGN KEY (`shipper_id`) REFERENCES `shippers` (`id`);

--
-- Constraints for table `users_permissions`
--
ALTER TABLE `users_permissions`
  ADD CONSTRAINT `users_permissions_permission_id_foreign` FOREIGN KEY (`permission_id`) REFERENCES `permissions` (`id`) ON DELETE CASCADE,
  ADD CONSTRAINT `users_permissions_user_id_foreign` FOREIGN KEY (`user_id`) REFERENCES `users` (`id`) ON DELETE CASCADE;

--
-- Constraints for table `users_roles`
--
ALTER TABLE `users_roles`
  ADD CONSTRAINT `users_roles_role_id_foreign` FOREIGN KEY (`role_id`) REFERENCES `roles` (`id`) ON DELETE CASCADE,
  ADD CONSTRAINT `users_roles_user_id_foreign` FOREIGN KEY (`user_id`) REFERENCES `users` (`id`) ON DELETE CASCADE;
COMMIT;

